{"id":11700,"date":"2013-10-15T18:11:22","date_gmt":"2013-10-15T21:11:22","guid":{"rendered":"http:\/\/rioonwatch.org\/wp-content\/uploads\/2013\/10\/vitor-lins.jpg"},"modified":"2013-10-15T18:11:22","modified_gmt":"2013-10-15T21:11:22","slug":"vitor-lins","status":"inherit","type":"attachment","link":"https:\/\/rioonwatch.org\/?attachment_id=11700","title":{"rendered":"Photo by Vitor Madeira"},"author":17,"featured_media":0,"comment_status":"closed","ping_status":"closed","template":"","meta":{"_monsterinsights_skip_tracking":false,"_monsterinsights_sitenote_active":false,"_monsterinsights_sitenote_note":"","_monsterinsights_sitenote_category":0},"class_list":["post-11700","attachment","type-attachment","status-inherit"],"description":{"rendered":"<p class=\"attachment\"><a href='https:\/\/rioonwatch.org\/wp-content\/uploads\/2013\/10\/vitor-lins.jpg'><img fetchpriority=\"high\" decoding=\"async\" width=\"300\" height=\"200\" src=\"https:\/\/rioonwatch.org\/wp-content\/uploads\/2013\/10\/vitor-lins-300x200.jpg\" class=\"attachment-medium size-medium\" alt=\"\" srcset=\"https:\/\/rioonwatch.org\/wp-content\/uploads\/2013\/10\/vitor-lins-300x200.jpg 300w, https:\/\/rioonwatch.org\/wp-content\/uploads\/2013\/10\/vitor-lins.jpg 800w\" sizes=\"(max-width: 300px) 100vw, 300px\" \/><\/a><\/p>\n<p>Ocupa\u00c3\u00a7\u00c3\u00a3o do complexo do Lins para a instala\u00c3\u00a7\u00c3\u00a3o da UPP,Rio de Janeiro-Brasil em 06_08_2013<\/p>\n"},"caption":{"rendered":"<div class=\"mh-excerpt\"><p>Ocupa\u00c3\u00a7\u00c3\u00a3o do complexo do Lins para a instala\u00c3\u00a7\u00c3\u00a3o da UPP,Rio de Janeiro-Brasil em 06_08_2013<\/p>\n<\/div>"},"alt_text":"","media_type":"image","mime_type":"image\/jpeg","media_details":{"width":800,"height":534,"hwstring_small":"height='85' width='128'","file":"2013\/10\/vitor-lins.jpg","sizes":{"thumbnail":{"file":"vitor-lins-620x264.jpg","width":620,"height":264,"mime_type":"image\/jpeg","source_url":"https:\/\/rioonwatch.org\/wp-content\/uploads\/2013\/10\/vitor-lins-620x264.jpg"},"medium":{"file":"vitor-lins-300x200.jpg","width":300,"height":200,"mime_type":"image\/jpeg","source_url":"https:\/\/rioonwatch.org\/wp-content\/uploads\/2013\/10\/vitor-lins-300x200.jpg"},"slider":{"file":"vitor-lins-800x400.jpg","width":800,"height":400,"mime_type":"image\/jpeg","source_url":"https:\/\/rioonwatch.org\/wp-content\/uploads\/2013\/10\/vitor-lins-800x400.jpg"},"content":{"file":"vitor-lins-620x264.jpg","width":620,"height":264,"mime_type":"image\/jpeg","source_url":"https:\/\/rioonwatch.org\/wp-content\/uploads\/2013\/10\/vitor-lins-620x264.jpg"},"spotlight":{"file":"vitor-lins-580x326.jpg","width":580,"height":326,"mime_type":"image\/jpeg","source_url":"https:\/\/rioonwatch.org\/wp-content\/uploads\/2013\/10\/vitor-lins-580x326.jpg"},"loop":{"file":"vitor-lins-174x131.jpg","width":174,"height":131,"mime_type":"image\/jpeg","source_url":"https:\/\/rioonwatch.org\/wp-content\/uploads\/2013\/10\/vitor-lins-174x131.jpg"},"carousel":{"file":"vitor-lins-174x98.jpg","width":174,"height":98,"mime_type":"image\/jpeg","source_url":"https:\/\/rioonwatch.org\/wp-content\/uploads\/2013\/10\/vitor-lins-174x98.jpg"},"cp_large":{"file":"vitor-lins-300x225.jpg","width":300,"height":225,"mime_type":"image\/jpeg","source_url":"https:\/\/rioonwatch.org\/wp-content\/uploads\/2013\/10\/vitor-lins-300x225.jpg"},"cp_small":{"file":"vitor-lins-70x53.jpg","width":70,"height":53,"mime_type":"image\/jpeg","source_url":"https:\/\/rioonwatch.org\/wp-content\/uploads\/2013\/10\/vitor-lins-70x53.jpg"},"mh-magazine-medium":{"file":"vitor-lins-326x245.jpg","width":326,"height":245,"mime_type":"image\/jpeg","source_url":"https:\/\/rioonwatch.org\/wp-content\/uploads\/2013\/10\/vitor-lins-326x245.jpg"},"full":{"file":"vitor-lins.jpg","width":800,"height":534,"mime_type":"image\/jpeg","source_url":"https:\/\/rioonwatch.org\/wp-content\/uploads\/2013\/10\/vitor-lins.jpg"}},"image_meta":{"aperture":"5.6","credit":"vitor madeira \/ Imagens do povo","camera":"Canon EOS 60D","caption":"Ocupa\u00e7\u00e3o do complexo do Lins para a instala\u00e7\u00e3o da UPP,Rio de Janeiro-Brasil em 06_08_2013","created_timestamp":"1381059688","copyright":"Proibida Utiliza\u00e7\u00e3o desta Imagem sem  pr\u00e9via autoriza\u00e7\u00e3o da Ag\u00eancia Imagens do Povo(contato@imagensdopovo.org.br). O uso indevido desta imagem est\u00e1 sujeito \u00e1s pend\u00eanciasde lei 9.610.","focal_length":"55","iso":"100","shutter_speed":"0.005","title":"","orientation":"1","keywords":[]}},"post":11554,"source_url":"https:\/\/rioonwatch.org\/wp-content\/uploads\/2013\/10\/vitor-lins.jpg","_links":{"self":[{"href":"https:\/\/rioonwatch.org\/index.php?rest_route=\/wp\/v2\/media\/11700","targetHints":{"allow":["GET"]}}],"collection":[{"href":"https:\/\/rioonwatch.org\/index.php?rest_route=\/wp\/v2\/media"}],"about":[{"href":"https:\/\/rioonwatch.org\/index.php?rest_route=\/wp\/v2\/types\/attachment"}],"author":[{"embeddable":true,"href":"https:\/\/rioonwatch.org\/index.php?rest_route=\/wp\/v2\/users\/17"}],"replies":[{"embeddable":true,"href":"https:\/\/rioonwatch.org\/index.php?rest_route=%2Fwp%2Fv2%2Fcomments&post=11700"}]}}

<p class="attachment"><a href='https://rioonwatch.org/wp-content/uploads/2013/10/vitor-lins.jpg'><img fetchpriority="high" decoding="async" width="300" height="200" src="https://rioonwatch.org/wp-content/uploads/2013/10/vitor-lins-300x200.jpg" class="attachment-medium size-medium" alt="" srcset="https://rioonwatch.org/wp-content/uploads/2013/10/vitor-lins-300x200.jpg 300w, https://rioonwatch.org/wp-content/uploads/2013/10/vitor-lins.jpg 800w" sizes="(max-width: 300px) 100vw, 300px" /></a></p>
<p>OcupaÃ§Ã£o do complexo do Lins para a instalaÃ§Ã£o da UPP,Rio de Janeiro-Brasil em 06_08_2013</p>

<div class="mh-excerpt"><p>OcupaÃ§Ã£o do complexo do Lins para a instalaÃ§Ã£o da UPP,Rio de Janeiro-Brasil em 06_08_2013</p>
</div>

Ocupação do complexo do Lins para a instalação da UPP,Rio de Janeiro-Brasil em 06_08_2013

Proibida Utilização desta Imagem sem  prévia autorização da Agência Imagens do Povo(contato@imagensdopovo.org.br). O uso indevido desta imagem está sujeito ás pendênciasde lei 9.610.
