{"id":20142,"date":"2015-02-02T15:12:18","date_gmt":"2015-02-02T18:12:18","guid":{"rendered":"http:\/\/www.rioonwatch.org\/wp-content\/uploads\/2015\/02\/Justica-determina-reintegracao-de-posso-em-condominio-do-Minha-Casa-Minha-Vida-invadido-por-traficantes-em-Guadalupe-no-Rio-de-Janeiro-foto-Tomaz-Silva-Agencia-Brasil_201411140010.jpg"},"modified":"2015-02-02T15:14:25","modified_gmt":"2015-02-02T18:14:25","slug":"justica-determina-reintegracao-de-posso-em-condominio-do-minha-casa-minha-vida-invadido-por-traficantes-em-guadalupe-no-rio-de-janeiro-foto-tomaz-silva-agencia-brasil_201411140010","status":"inherit","type":"attachment","link":"https:\/\/rioonwatch.org\/?attachment_id=20142","title":{"rendered":"Minha Casa Minha Vida condominiums in Guadeloupe, in Rio&#8217;s North Zone. Photo by Tomas Silva \/ Ag\u00eancia Brasil"},"author":51,"featured_media":0,"comment_status":"closed","ping_status":"closed","template":"","meta":{"_monsterinsights_skip_tracking":false,"_monsterinsights_sitenote_active":false,"_monsterinsights_sitenote_note":"","_monsterinsights_sitenote_category":0},"class_list":["post-20142","attachment","type-attachment","status-inherit"],"description":{"rendered":"<p class=\"attachment\"><a href='https:\/\/rioonwatch.org\/wp-content\/uploads\/2015\/02\/Justica-determina-reintegracao-de-posso-em-condominio-do-Minha-Casa-Minha-Vida-invadido-por-traficantes-em-Guadalupe-no-Rio-de-Janeiro-foto-Tomaz-Silva-Agencia-Brasil_201411140010.jpg'><img fetchpriority=\"high\" decoding=\"async\" width=\"300\" height=\"200\" src=\"https:\/\/rioonwatch.org\/wp-content\/uploads\/2015\/02\/Justica-determina-reintegracao-de-posso-em-condominio-do-Minha-Casa-Minha-Vida-invadido-por-traficantes-em-Guadalupe-no-Rio-de-Janeiro-foto-Tomaz-Silva-Agencia-Brasil_201411140010-300x200.jpg\" class=\"attachment-medium size-medium\" alt=\"\" srcset=\"https:\/\/rioonwatch.org\/wp-content\/uploads\/2015\/02\/Justica-determina-reintegracao-de-posso-em-condominio-do-Minha-Casa-Minha-Vida-invadido-por-traficantes-em-Guadalupe-no-Rio-de-Janeiro-foto-Tomaz-Silva-Agencia-Brasil_201411140010-300x200.jpg 300w, https:\/\/rioonwatch.org\/wp-content\/uploads\/2015\/02\/Justica-determina-reintegracao-de-posso-em-condominio-do-Minha-Casa-Minha-Vida-invadido-por-traficantes-em-Guadalupe-no-Rio-de-Janeiro-foto-Tomaz-Silva-Agencia-Brasil_201411140010-1024x681.jpg 1024w, https:\/\/rioonwatch.org\/wp-content\/uploads\/2015\/02\/Justica-determina-reintegracao-de-posso-em-condominio-do-Minha-Casa-Minha-Vida-invadido-por-traficantes-em-Guadalupe-no-Rio-de-Janeiro-foto-Tomaz-Silva-Agencia-Brasil_201411140010.jpg 1100w\" sizes=\"(max-width: 300px) 100vw, 300px\" \/><\/a><\/p>\n<p>Rio de Janeiro- RJ- Brasil- 14\/11\/2014- Condom\u00ednio do Programa Minha Casa, Minha Vida, em Guadalupe, zona norte do Rio, invadido na noite de domingo (9) com ajuda de criminosos armados. A Justi\u00e7a determinou a reintegra\u00e7\u00e3o de posse. (Tomaz Silva\/Ag\u00eancia Brasil)<\/p>\n"},"caption":{"rendered":"<div class=\"mh-excerpt\"><p>Rio de Janeiro- RJ- Brasil- 14\/11\/2014- Condom\u00ednio do Programa Minha Casa, Minha Vida, em Guadalupe, zona norte do Rio, invadido na noite de domingo (9) com ajuda de criminosos armados. A Justi\u00e7a determinou a reintegra\u00e7\u00e3o <a class=\"mh-excerpt-more\" href=\"https:\/\/rioonwatch.org\/?attachment_id=20142\" title=\"Minha Casa Minha Vida condominiums in Guadeloupe, in Rio&#8217;s North Zone. Photo by Tomas Silva \/ Ag\u00eancia Brasil\">[&#8230;]<\/a><\/p>\n<\/div>"},"alt_text":"","media_type":"image","mime_type":"image\/jpeg","media_details":{"width":1100,"height":732,"hwstring_small":"height='85' width='128'","file":"2015\/02\/Justica-determina-reintegracao-de-posso-em-condominio-do-Minha-Casa-Minha-Vida-invadido-por-traficantes-em-Guadalupe-no-Rio-de-Janeiro-foto-Tomaz-Silva-Agencia-Brasil_201411140010.jpg","sizes":{"thumbnail":{"file":"Justica-determina-reintegracao-de-posso-em-condominio-do-Minha-Casa-Minha-Vida-invadido-por-traficantes-em-Guadalupe-no-Rio-de-Janeiro-foto-Tomaz-Silva-Agencia-Brasil_201411140010-620x264.jpg","width":620,"height":264,"mime_type":"image\/jpeg","source_url":"https:\/\/rioonwatch.org\/wp-content\/uploads\/2015\/02\/Justica-determina-reintegracao-de-posso-em-condominio-do-Minha-Casa-Minha-Vida-invadido-por-traficantes-em-Guadalupe-no-Rio-de-Janeiro-foto-Tomaz-Silva-Agencia-Brasil_201411140010-620x264.jpg"},"medium":{"file":"Justica-determina-reintegracao-de-posso-em-condominio-do-Minha-Casa-Minha-Vida-invadido-por-traficantes-em-Guadalupe-no-Rio-de-Janeiro-foto-Tomaz-Silva-Agencia-Brasil_201411140010-300x200.jpg","width":300,"height":200,"mime_type":"image\/jpeg","source_url":"https:\/\/rioonwatch.org\/wp-content\/uploads\/2015\/02\/Justica-determina-reintegracao-de-posso-em-condominio-do-Minha-Casa-Minha-Vida-invadido-por-traficantes-em-Guadalupe-no-Rio-de-Janeiro-foto-Tomaz-Silva-Agencia-Brasil_201411140010-300x200.jpg"},"large":{"file":"Justica-determina-reintegracao-de-posso-em-condominio-do-Minha-Casa-Minha-Vida-invadido-por-traficantes-em-Guadalupe-no-Rio-de-Janeiro-foto-Tomaz-Silva-Agencia-Brasil_201411140010-1024x681.jpg","width":1024,"height":681,"mime_type":"image\/jpeg","source_url":"https:\/\/rioonwatch.org\/wp-content\/uploads\/2015\/02\/Justica-determina-reintegracao-de-posso-em-condominio-do-Minha-Casa-Minha-Vida-invadido-por-traficantes-em-Guadalupe-no-Rio-de-Janeiro-foto-Tomaz-Silva-Agencia-Brasil_201411140010-1024x681.jpg"},"slider":{"file":"Justica-determina-reintegracao-de-posso-em-condominio-do-Minha-Casa-Minha-Vida-invadido-por-traficantes-em-Guadalupe-no-Rio-de-Janeiro-foto-Tomaz-Silva-Agencia-Brasil_201411140010-940x400.jpg","width":940,"height":400,"mime_type":"image\/jpeg","source_url":"https:\/\/rioonwatch.org\/wp-content\/uploads\/2015\/02\/Justica-determina-reintegracao-de-posso-em-condominio-do-Minha-Casa-Minha-Vida-invadido-por-traficantes-em-Guadalupe-no-Rio-de-Janeiro-foto-Tomaz-Silva-Agencia-Brasil_201411140010-940x400.jpg"},"content":{"file":"Justica-determina-reintegracao-de-posso-em-condominio-do-Minha-Casa-Minha-Vida-invadido-por-traficantes-em-Guadalupe-no-Rio-de-Janeiro-foto-Tomaz-Silva-Agencia-Brasil_201411140010-620x264.jpg","width":620,"height":264,"mime_type":"image\/jpeg","source_url":"https:\/\/rioonwatch.org\/wp-content\/uploads\/2015\/02\/Justica-determina-reintegracao-de-posso-em-condominio-do-Minha-Casa-Minha-Vida-invadido-por-traficantes-em-Guadalupe-no-Rio-de-Janeiro-foto-Tomaz-Silva-Agencia-Brasil_201411140010-620x264.jpg"},"spotlight":{"file":"Justica-determina-reintegracao-de-posso-em-condominio-do-Minha-Casa-Minha-Vida-invadido-por-traficantes-em-Guadalupe-no-Rio-de-Janeiro-foto-Tomaz-Silva-Agencia-Brasil_201411140010-580x326.jpg","width":580,"height":326,"mime_type":"image\/jpeg","source_url":"https:\/\/rioonwatch.org\/wp-content\/uploads\/2015\/02\/Justica-determina-reintegracao-de-posso-em-condominio-do-Minha-Casa-Minha-Vida-invadido-por-traficantes-em-Guadalupe-no-Rio-de-Janeiro-foto-Tomaz-Silva-Agencia-Brasil_201411140010-580x326.jpg"},"loop":{"file":"Justica-determina-reintegracao-de-posso-em-condominio-do-Minha-Casa-Minha-Vida-invadido-por-traficantes-em-Guadalupe-no-Rio-de-Janeiro-foto-Tomaz-Silva-Agencia-Brasil_201411140010-174x131.jpg","width":174,"height":131,"mime_type":"image\/jpeg","source_url":"https:\/\/rioonwatch.org\/wp-content\/uploads\/2015\/02\/Justica-determina-reintegracao-de-posso-em-condominio-do-Minha-Casa-Minha-Vida-invadido-por-traficantes-em-Guadalupe-no-Rio-de-Janeiro-foto-Tomaz-Silva-Agencia-Brasil_201411140010-174x131.jpg"},"carousel":{"file":"Justica-determina-reintegracao-de-posso-em-condominio-do-Minha-Casa-Minha-Vida-invadido-por-traficantes-em-Guadalupe-no-Rio-de-Janeiro-foto-Tomaz-Silva-Agencia-Brasil_201411140010-174x98.jpg","width":174,"height":98,"mime_type":"image\/jpeg","source_url":"https:\/\/rioonwatch.org\/wp-content\/uploads\/2015\/02\/Justica-determina-reintegracao-de-posso-em-condominio-do-Minha-Casa-Minha-Vida-invadido-por-traficantes-em-Guadalupe-no-Rio-de-Janeiro-foto-Tomaz-Silva-Agencia-Brasil_201411140010-174x98.jpg"},"cp_large":{"file":"Justica-determina-reintegracao-de-posso-em-condominio-do-Minha-Casa-Minha-Vida-invadido-por-traficantes-em-Guadalupe-no-Rio-de-Janeiro-foto-Tomaz-Silva-Agencia-Brasil_201411140010-300x225.jpg","width":300,"height":225,"mime_type":"image\/jpeg","source_url":"https:\/\/rioonwatch.org\/wp-content\/uploads\/2015\/02\/Justica-determina-reintegracao-de-posso-em-condominio-do-Minha-Casa-Minha-Vida-invadido-por-traficantes-em-Guadalupe-no-Rio-de-Janeiro-foto-Tomaz-Silva-Agencia-Brasil_201411140010-300x225.jpg"},"cp_small":{"file":"Justica-determina-reintegracao-de-posso-em-condominio-do-Minha-Casa-Minha-Vida-invadido-por-traficantes-em-Guadalupe-no-Rio-de-Janeiro-foto-Tomaz-Silva-Agencia-Brasil_201411140010-70x53.jpg","width":70,"height":53,"mime_type":"image\/jpeg","source_url":"https:\/\/rioonwatch.org\/wp-content\/uploads\/2015\/02\/Justica-determina-reintegracao-de-posso-em-condominio-do-Minha-Casa-Minha-Vida-invadido-por-traficantes-em-Guadalupe-no-Rio-de-Janeiro-foto-Tomaz-Silva-Agencia-Brasil_201411140010-70x53.jpg"},"mh-magazine-medium":{"file":"Justica-determina-reintegracao-de-posso-em-condominio-do-Minha-Casa-Minha-Vida-invadido-por-traficantes-em-Guadalupe-no-Rio-de-Janeiro-foto-Tomaz-Silva-Agencia-Brasil_201411140010-326x245.jpg","width":326,"height":245,"mime_type":"image\/jpeg","source_url":"https:\/\/rioonwatch.org\/wp-content\/uploads\/2015\/02\/Justica-determina-reintegracao-de-posso-em-condominio-do-Minha-Casa-Minha-Vida-invadido-por-traficantes-em-Guadalupe-no-Rio-de-Janeiro-foto-Tomaz-Silva-Agencia-Brasil_201411140010-326x245.jpg"},"full":{"file":"Justica-determina-reintegracao-de-posso-em-condominio-do-Minha-Casa-Minha-Vida-invadido-por-traficantes-em-Guadalupe-no-Rio-de-Janeiro-foto-Tomaz-Silva-Agencia-Brasil_201411140010.jpg","width":1100,"height":732,"mime_type":"image\/jpeg","source_url":"https:\/\/rioonwatch.org\/wp-content\/uploads\/2015\/02\/Justica-determina-reintegracao-de-posso-em-condominio-do-Minha-Casa-Minha-Vida-invadido-por-traficantes-em-Guadalupe-no-Rio-de-Janeiro-foto-Tomaz-Silva-Agencia-Brasil_201411140010.jpg"}},"image_meta":{"aperture":"0","credit":"Tomaz Silva\/Ag\u00eancia Brasil","camera":"","caption":"Rio de Janeiro- RJ- Brasil- 14\/11\/2014- Condom\u00ednio do Programa Minha Casa, Minha Vida, em Guadalupe, zona norte do Rio, invadido na noite de domingo (9) com ajuda de criminosos armados. A Justi\u00e7a determinou a reintegra\u00e7\u00e3o de posse. (Tomaz Silva\/Ag\u00eancia Brasil)","created_timestamp":"0","copyright":"","focal_length":"0","iso":"0","shutter_speed":"0","title":"","orientation":"1","keywords":[]}},"post":17110,"source_url":"https:\/\/rioonwatch.org\/wp-content\/uploads\/2015\/02\/Justica-determina-reintegracao-de-posso-em-condominio-do-Minha-Casa-Minha-Vida-invadido-por-traficantes-em-Guadalupe-no-Rio-de-Janeiro-foto-Tomaz-Silva-Agencia-Brasil_201411140010.jpg","_links":{"self":[{"href":"https:\/\/rioonwatch.org\/index.php?rest_route=\/wp\/v2\/media\/20142","targetHints":{"allow":["GET"]}}],"collection":[{"href":"https:\/\/rioonwatch.org\/index.php?rest_route=\/wp\/v2\/media"}],"about":[{"href":"https:\/\/rioonwatch.org\/index.php?rest_route=\/wp\/v2\/types\/attachment"}],"author":[{"embeddable":true,"href":"https:\/\/rioonwatch.org\/index.php?rest_route=\/wp\/v2\/users\/51"}],"replies":[{"embeddable":true,"href":"https:\/\/rioonwatch.org\/index.php?rest_route=%2Fwp%2Fv2%2Fcomments&post=20142"}]}}

Minha Casa Minha Vida condominiums in Guadeloupe, in Rio&#8217;s North Zone. Photo by Tomas Silva / Agência Brasil

<p class="attachment"><a href='https://rioonwatch.org/wp-content/uploads/2015/02/Justica-determina-reintegracao-de-posso-em-condominio-do-Minha-Casa-Minha-Vida-invadido-por-traficantes-em-Guadalupe-no-Rio-de-Janeiro-foto-Tomaz-Silva-Agencia-Brasil_201411140010.jpg'><img fetchpriority="high" decoding="async" width="300" height="200" src="https://rioonwatch.org/wp-content/uploads/2015/02/Justica-determina-reintegracao-de-posso-em-condominio-do-Minha-Casa-Minha-Vida-invadido-por-traficantes-em-Guadalupe-no-Rio-de-Janeiro-foto-Tomaz-Silva-Agencia-Brasil_201411140010-300x200.jpg" class="attachment-medium size-medium" alt="" srcset="https://rioonwatch.org/wp-content/uploads/2015/02/Justica-determina-reintegracao-de-posso-em-condominio-do-Minha-Casa-Minha-Vida-invadido-por-traficantes-em-Guadalupe-no-Rio-de-Janeiro-foto-Tomaz-Silva-Agencia-Brasil_201411140010-300x200.jpg 300w, https://rioonwatch.org/wp-content/uploads/2015/02/Justica-determina-reintegracao-de-posso-em-condominio-do-Minha-Casa-Minha-Vida-invadido-por-traficantes-em-Guadalupe-no-Rio-de-Janeiro-foto-Tomaz-Silva-Agencia-Brasil_201411140010-1024x681.jpg 1024w, https://rioonwatch.org/wp-content/uploads/2015/02/Justica-determina-reintegracao-de-posso-em-condominio-do-Minha-Casa-Minha-Vida-invadido-por-traficantes-em-Guadalupe-no-Rio-de-Janeiro-foto-Tomaz-Silva-Agencia-Brasil_201411140010.jpg 1100w" sizes="(max-width: 300px) 100vw, 300px" /></a></p>
<p>Rio de Janeiro- RJ- Brasil- 14/11/2014- Condomínio do Programa Minha Casa, Minha Vida, em Guadalupe, zona norte do Rio, invadido na noite de domingo (9) com ajuda de criminosos armados. A Justiça determinou a reintegração de posse. (Tomaz Silva/Agência Brasil)</p>

<div class="mh-excerpt"><p>Rio de Janeiro- RJ- Brasil- 14/11/2014- Condomínio do Programa Minha Casa, Minha Vida, em Guadalupe, zona norte do Rio, invadido na noite de domingo (9) com ajuda de criminosos armados. A Justiça determinou a reintegração <a class="mh-excerpt-more" href="https://rioonwatch.org/?attachment_id=20142" title="Minha Casa Minha Vida condominiums in Guadeloupe, in Rio&#8217;s North Zone. Photo by Tomas Silva / Agência Brasil">[&#8230;]</a></p>
</div>

Tomaz Silva/Agência Brasil

Rio de Janeiro- RJ- Brasil- 14/11/2014- Condomínio do Programa Minha Casa, Minha Vida, em Guadalupe, zona norte do Rio, invadido na noite de domingo (9) com ajuda de criminosos armados. A Justiça determinou a reintegração de posse. (Tomaz Silva/Agência Brasil)
