{"id":20270,"date":"2015-02-11T10:22:03","date_gmt":"2015-02-11T13:22:03","guid":{"rendered":"http:\/\/www.rioonwatch.org\/wp-content\/uploads\/2015\/02\/\u00a9-Bruno-Morais_Coletivo-Pandilla_Imagens-do-Povo-9917.jpg"},"modified":"2015-02-11T10:22:03","modified_gmt":"2015-02-11T13:22:03","slug":"bruno-morais_coletivo-pandilla_imagens-do-povo-9917","status":"inherit","type":"attachment","link":"https:\/\/rioonwatch.org\/?attachment_id=20270","title":{"rendered":"\u00a9 Bruno Morais_Coletivo Pandilla_Imagens do Povo-9917"},"author":57,"featured_media":0,"comment_status":"closed","ping_status":"closed","template":"","meta":{"_monsterinsights_skip_tracking":false,"_monsterinsights_sitenote_active":false,"_monsterinsights_sitenote_note":"","_monsterinsights_sitenote_category":0},"class_list":["post-20270","attachment","type-attachment","status-inherit"],"description":{"rendered":"<p class=\"attachment\"><a href='https:\/\/rioonwatch.org\/wp-content\/uploads\/2015\/02\/\u00a9-Bruno-Morais_Coletivo-Pandilla_Imagens-do-Povo-9917.jpg'><img fetchpriority=\"high\" decoding=\"async\" width=\"300\" height=\"199\" src=\"https:\/\/rioonwatch.org\/wp-content\/uploads\/2015\/02\/\u00a9-Bruno-Morais_Coletivo-Pandilla_Imagens-do-Povo-9917-300x199.jpg\" class=\"attachment-medium size-medium\" alt=\"\" srcset=\"https:\/\/rioonwatch.org\/wp-content\/uploads\/2015\/02\/\u00a9-Bruno-Morais_Coletivo-Pandilla_Imagens-do-Povo-9917-300x199.jpg 300w, https:\/\/rioonwatch.org\/wp-content\/uploads\/2015\/02\/\u00a9-Bruno-Morais_Coletivo-Pandilla_Imagens-do-Povo-9917.jpg 1000w\" sizes=\"(max-width: 300px) 100vw, 300px\" \/><\/a><\/p>\n<p>Ol\u00edmpia e sua filha Ana Lu\u00edsa. Ocupa\u00e7\u00e3o Mama \u00c1frica, Niter\u00f3i, Rio de Janeiro.<\/p>\n"},"caption":{"rendered":"<div class=\"mh-excerpt\"><p>Ol\u00edmpia e sua filha Ana Lu\u00edsa. Ocupa\u00e7\u00e3o Mama \u00c1frica, Niter\u00f3i, Rio de Janeiro.<\/p>\n<\/div>"},"alt_text":"","media_type":"image","mime_type":"image\/jpeg","media_details":{"width":1000,"height":664,"hwstring_small":"height='85' width='128'","file":"2015\/02\/\u00a9-Bruno-Morais_Coletivo-Pandilla_Imagens-do-Povo-9917.jpg","sizes":{"thumbnail":{"file":"\u00a9-Bruno-Morais_Coletivo-Pandilla_Imagens-do-Povo-9917-620x264.jpg","width":620,"height":264,"mime_type":"image\/jpeg","source_url":"https:\/\/rioonwatch.org\/wp-content\/uploads\/2015\/02\/\u00a9-Bruno-Morais_Coletivo-Pandilla_Imagens-do-Povo-9917-620x264.jpg"},"medium":{"file":"\u00a9-Bruno-Morais_Coletivo-Pandilla_Imagens-do-Povo-9917-300x199.jpg","width":300,"height":199,"mime_type":"image\/jpeg","source_url":"https:\/\/rioonwatch.org\/wp-content\/uploads\/2015\/02\/\u00a9-Bruno-Morais_Coletivo-Pandilla_Imagens-do-Povo-9917-300x199.jpg"},"slider":{"file":"\u00a9-Bruno-Morais_Coletivo-Pandilla_Imagens-do-Povo-9917-940x400.jpg","width":940,"height":400,"mime_type":"image\/jpeg","source_url":"https:\/\/rioonwatch.org\/wp-content\/uploads\/2015\/02\/\u00a9-Bruno-Morais_Coletivo-Pandilla_Imagens-do-Povo-9917-940x400.jpg"},"content":{"file":"\u00a9-Bruno-Morais_Coletivo-Pandilla_Imagens-do-Povo-9917-620x264.jpg","width":620,"height":264,"mime_type":"image\/jpeg","source_url":"https:\/\/rioonwatch.org\/wp-content\/uploads\/2015\/02\/\u00a9-Bruno-Morais_Coletivo-Pandilla_Imagens-do-Povo-9917-620x264.jpg"},"spotlight":{"file":"\u00a9-Bruno-Morais_Coletivo-Pandilla_Imagens-do-Povo-9917-580x326.jpg","width":580,"height":326,"mime_type":"image\/jpeg","source_url":"https:\/\/rioonwatch.org\/wp-content\/uploads\/2015\/02\/\u00a9-Bruno-Morais_Coletivo-Pandilla_Imagens-do-Povo-9917-580x326.jpg"},"loop":{"file":"\u00a9-Bruno-Morais_Coletivo-Pandilla_Imagens-do-Povo-9917-174x131.jpg","width":174,"height":131,"mime_type":"image\/jpeg","source_url":"https:\/\/rioonwatch.org\/wp-content\/uploads\/2015\/02\/\u00a9-Bruno-Morais_Coletivo-Pandilla_Imagens-do-Povo-9917-174x131.jpg"},"carousel":{"file":"\u00a9-Bruno-Morais_Coletivo-Pandilla_Imagens-do-Povo-9917-174x98.jpg","width":174,"height":98,"mime_type":"image\/jpeg","source_url":"https:\/\/rioonwatch.org\/wp-content\/uploads\/2015\/02\/\u00a9-Bruno-Morais_Coletivo-Pandilla_Imagens-do-Povo-9917-174x98.jpg"},"cp_large":{"file":"\u00a9-Bruno-Morais_Coletivo-Pandilla_Imagens-do-Povo-9917-300x225.jpg","width":300,"height":225,"mime_type":"image\/jpeg","source_url":"https:\/\/rioonwatch.org\/wp-content\/uploads\/2015\/02\/\u00a9-Bruno-Morais_Coletivo-Pandilla_Imagens-do-Povo-9917-300x225.jpg"},"cp_small":{"file":"\u00a9-Bruno-Morais_Coletivo-Pandilla_Imagens-do-Povo-9917-70x53.jpg","width":70,"height":53,"mime_type":"image\/jpeg","source_url":"https:\/\/rioonwatch.org\/wp-content\/uploads\/2015\/02\/\u00a9-Bruno-Morais_Coletivo-Pandilla_Imagens-do-Povo-9917-70x53.jpg"},"mh-magazine-medium":{"file":"\u00a9-Bruno-Morais_Coletivo-Pandilla_Imagens-do-Povo-9917-326x245.jpg","width":326,"height":245,"mime_type":"image\/jpeg","source_url":"https:\/\/rioonwatch.org\/wp-content\/uploads\/2015\/02\/\u00a9-Bruno-Morais_Coletivo-Pandilla_Imagens-do-Povo-9917-326x245.jpg"},"full":{"file":"\u00a9-Bruno-Morais_Coletivo-Pandilla_Imagens-do-Povo-9917.jpg","width":1000,"height":664,"mime_type":"image\/jpeg","source_url":"https:\/\/rioonwatch.org\/wp-content\/uploads\/2015\/02\/\u00a9-Bruno-Morais_Coletivo-Pandilla_Imagens-do-Povo-9917.jpg"}},"image_meta":{"aperture":"2.8","credit":"Bruno Morais\/Imagens Humanas\/Pan","camera":"NIKON D300","caption":"Ol\u00edmpia e sua filha Ana Lu\u00edsa. Ocupa\u00e7\u00e3o Mama \u00c1frica, Niter\u00f3i, Rio de Janeiro.","created_timestamp":"1332538727","copyright":"Essa fotografia s\u00f3 poder\u00e1 ser usada para fins jornal\u00edsticos, informativos, educativos, art\u00edsticos e em campanhas humanit\u00e1ri","focal_length":"24","iso":"400","shutter_speed":"0.033333333333333","title":"","orientation":"0","keywords":["Am\u00e9rica do Sul","Brasil","Bruno Morais","Niter\u00f3i","Ocupa\u00e7\u00e3o Mama \u00c1frica","Pandilla Fotogr\u00e1fica","S\u00e3o Domingos.","fam\u00edlias","mulheres","m\u00e3es solteiras","orf\u00e3s","urbano"]}},"post":20251,"source_url":"https:\/\/rioonwatch.org\/wp-content\/uploads\/2015\/02\/\u00a9-Bruno-Morais_Coletivo-Pandilla_Imagens-do-Povo-9917.jpg","_links":{"self":[{"href":"https:\/\/rioonwatch.org\/index.php?rest_route=\/wp\/v2\/media\/20270","targetHints":{"allow":["GET"]}}],"collection":[{"href":"https:\/\/rioonwatch.org\/index.php?rest_route=\/wp\/v2\/media"}],"about":[{"href":"https:\/\/rioonwatch.org\/index.php?rest_route=\/wp\/v2\/types\/attachment"}],"author":[{"embeddable":true,"href":"https:\/\/rioonwatch.org\/index.php?rest_route=\/wp\/v2\/users\/57"}],"replies":[{"embeddable":true,"href":"https:\/\/rioonwatch.org\/index.php?rest_route=%2Fwp%2Fv2%2Fcomments&post=20270"}]}}

<p class="attachment"><a href='https://rioonwatch.org/wp-content/uploads/2015/02/©-Bruno-Morais_Coletivo-Pandilla_Imagens-do-Povo-9917.jpg'><img fetchpriority="high" decoding="async" width="300" height="199" src="https://rioonwatch.org/wp-content/uploads/2015/02/©-Bruno-Morais_Coletivo-Pandilla_Imagens-do-Povo-9917-300x199.jpg" class="attachment-medium size-medium" alt="" srcset="https://rioonwatch.org/wp-content/uploads/2015/02/©-Bruno-Morais_Coletivo-Pandilla_Imagens-do-Povo-9917-300x199.jpg 300w, https://rioonwatch.org/wp-content/uploads/2015/02/©-Bruno-Morais_Coletivo-Pandilla_Imagens-do-Povo-9917.jpg 1000w" sizes="(max-width: 300px) 100vw, 300px" /></a></p>
<p>Olímpia e sua filha Ana Luísa. Ocupação Mama África, Niterói, Rio de Janeiro.</p>

<div class="mh-excerpt"><p>Olímpia e sua filha Ana Luísa. Ocupação Mama África, Niterói, Rio de Janeiro.</p>
</div>

Olímpia e sua filha Ana Luísa. Ocupação Mama África, Niterói, Rio de Janeiro.

Essa fotografia só poderá ser usada para fins jornalísticos, informativos, educativos, artísticos e em campanhas humanitári

América do Sul

Niterói

Ocupação Mama África

Pandilla Fotográfica

São Domingos.

famílias

mães solteiras

orfãs
