{"id":24096,"date":"2015-08-26T13:10:54","date_gmt":"2015-08-26T16:10:54","guid":{"rendered":"http:\/\/www.rioonwatch.org\/wp-content\/uploads\/2015\/08\/policiamento_favela-da-mare05.jpg"},"modified":"2015-08-26T14:24:26","modified_gmt":"2015-08-26T17:24:26","slug":"policiamento_favela-da-mare05","status":"inherit","type":"attachment","link":"https:\/\/rioonwatch.org\/?attachment_id=24096","title":{"rendered":"Military Police vans in Mar\u00e9 in May, as the substitution of the occupation by armed forces continues"},"author":51,"featured_media":0,"comment_status":"closed","ping_status":"closed","template":"","meta":{"_monsterinsights_skip_tracking":false,"_monsterinsights_sitenote_active":false,"_monsterinsights_sitenote_note":"","_monsterinsights_sitenote_category":0},"class_list":["post-24096","attachment","type-attachment","status-inherit"],"description":{"rendered":"<p class=\"attachment\"><a href='https:\/\/rioonwatch.org\/wp-content\/uploads\/2015\/08\/policiamento_favela-da-mare05.jpg'><img fetchpriority=\"high\" decoding=\"async\" width=\"620\" height=\"393\" src=\"https:\/\/rioonwatch.org\/wp-content\/uploads\/2015\/08\/policiamento_favela-da-mare05-620x393.jpg\" class=\"attachment-medium size-medium\" alt=\"\" srcset=\"https:\/\/rioonwatch.org\/wp-content\/uploads\/2015\/08\/policiamento_favela-da-mare05-620x393.jpg 620w, https:\/\/rioonwatch.org\/wp-content\/uploads\/2015\/08\/policiamento_favela-da-mare05-992x629.jpg 992w, https:\/\/rioonwatch.org\/wp-content\/uploads\/2015\/08\/policiamento_favela-da-mare05-768x487.jpg 768w, https:\/\/rioonwatch.org\/wp-content\/uploads\/2015\/08\/policiamento_favela-da-mare05-300x190.jpg 300w, https:\/\/rioonwatch.org\/wp-content\/uploads\/2015\/08\/policiamento_favela-da-mare05.jpg 1000w\" sizes=\"(max-width: 620px) 100vw, 620px\" \/><\/a><\/p>\n"},"caption":{"rendered":"<div class=\"mh-excerpt\"><\/div>"},"alt_text":"","media_type":"image","mime_type":"image\/jpeg","media_details":{"width":1000,"height":634,"file":"2015\/08\/policiamento_favela-da-mare05.jpg","sizes":{"medium":{"file":"policiamento_favela-da-mare05-620x393.jpg","width":620,"height":393,"mime_type":"image\/jpeg","source_url":"https:\/\/rioonwatch.org\/wp-content\/uploads\/2015\/08\/policiamento_favela-da-mare05-620x393.jpg"},"large":{"file":"policiamento_favela-da-mare05-992x629.jpg","width":992,"height":629,"mime_type":"image\/jpeg","source_url":"https:\/\/rioonwatch.org\/wp-content\/uploads\/2015\/08\/policiamento_favela-da-mare05-992x629.jpg"},"thumbnail":{"file":"policiamento_favela-da-mare05-620x264.jpg","width":620,"height":264,"mime_type":"image\/jpeg","source_url":"https:\/\/rioonwatch.org\/wp-content\/uploads\/2015\/08\/policiamento_favela-da-mare05-620x264.jpg"},"medium_large":{"file":"policiamento_favela-da-mare05-768x487.jpg","width":768,"height":487,"mime_type":"image\/jpeg","source_url":"https:\/\/rioonwatch.org\/wp-content\/uploads\/2015\/08\/policiamento_favela-da-mare05-768x487.jpg"},"mh-magazine-slider":{"file":"policiamento_favela-da-mare05-620x264.jpg","width":620,"height":264,"mime_type":"image\/jpeg","source_url":"https:\/\/rioonwatch.org\/wp-content\/uploads\/2015\/08\/policiamento_favela-da-mare05-620x264.jpg"},"mh-magazine-content":{"file":"policiamento_favela-da-mare05-620x264.jpg","width":620,"height":264,"mime_type":"image\/jpeg","source_url":"https:\/\/rioonwatch.org\/wp-content\/uploads\/2015\/08\/policiamento_favela-da-mare05-620x264.jpg"},"mh-magazine-large":{"file":"policiamento_favela-da-mare05-678x509.jpg","width":678,"height":509,"mime_type":"image\/jpeg","source_url":"https:\/\/rioonwatch.org\/wp-content\/uploads\/2015\/08\/policiamento_favela-da-mare05-678x509.jpg"},"mh-magazine-medium":{"file":"policiamento_favela-da-mare05-326x245.jpg","width":326,"height":245,"mime_type":"image\/jpeg","source_url":"https:\/\/rioonwatch.org\/wp-content\/uploads\/2015\/08\/policiamento_favela-da-mare05-326x245.jpg"},"mh-magazine-small":{"file":"policiamento_favela-da-mare05-80x60.jpg","width":80,"height":60,"mime_type":"image\/jpeg","source_url":"https:\/\/rioonwatch.org\/wp-content\/uploads\/2015\/08\/policiamento_favela-da-mare05-80x60.jpg"},"mh-magazine-slider_old_1000x438":{"file":"policiamento_favela-da-mare05-1000x438.jpg","width":1000,"height":438,"mime_type":"image\/jpeg","source_url":"https:\/\/rioonwatch.org\/wp-content\/uploads\/2015\/08\/policiamento_favela-da-mare05-1000x438.jpg"},"medium_old_300x190":{"file":"policiamento_favela-da-mare05-300x190.jpg","width":300,"height":190,"mime_type":"image\/jpeg","source_url":"https:\/\/rioonwatch.org\/wp-content\/uploads\/2015\/08\/policiamento_favela-da-mare05-300x190.jpg"},"mh-magazine-content_old_678x381":{"file":"policiamento_favela-da-mare05-678x381.jpg","width":678,"height":381,"mime_type":"image\/jpeg","source_url":"https:\/\/rioonwatch.org\/wp-content\/uploads\/2015\/08\/policiamento_favela-da-mare05-678x381.jpg"},"slider":{"file":"policiamento_favela-da-mare05-940x400.jpg","width":940,"height":400,"mime_type":"image\/jpeg","source_url":"https:\/\/rioonwatch.org\/wp-content\/uploads\/2015\/08\/policiamento_favela-da-mare05-940x400.jpg"},"content":{"file":"policiamento_favela-da-mare05-620x264.jpg","width":620,"height":264,"mime_type":"image\/jpeg","source_url":"https:\/\/rioonwatch.org\/wp-content\/uploads\/2015\/08\/policiamento_favela-da-mare05-620x264.jpg"},"spotlight":{"file":"policiamento_favela-da-mare05-580x326.jpg","width":580,"height":326,"mime_type":"image\/jpeg","source_url":"https:\/\/rioonwatch.org\/wp-content\/uploads\/2015\/08\/policiamento_favela-da-mare05-580x326.jpg"},"loop":{"file":"policiamento_favela-da-mare05-174x131.jpg","width":174,"height":131,"mime_type":"image\/jpeg","source_url":"https:\/\/rioonwatch.org\/wp-content\/uploads\/2015\/08\/policiamento_favela-da-mare05-174x131.jpg"},"carousel":{"file":"policiamento_favela-da-mare05-174x98.jpg","width":174,"height":98,"mime_type":"image\/jpeg","source_url":"https:\/\/rioonwatch.org\/wp-content\/uploads\/2015\/08\/policiamento_favela-da-mare05-174x98.jpg"},"cp_large":{"file":"policiamento_favela-da-mare05-300x225.jpg","width":300,"height":225,"mime_type":"image\/jpeg","source_url":"https:\/\/rioonwatch.org\/wp-content\/uploads\/2015\/08\/policiamento_favela-da-mare05-300x225.jpg"},"cp_small":{"file":"policiamento_favela-da-mare05-70x53.jpg","width":70,"height":53,"mime_type":"image\/jpeg","source_url":"https:\/\/rioonwatch.org\/wp-content\/uploads\/2015\/08\/policiamento_favela-da-mare05-70x53.jpg"},"full":{"file":"policiamento_favela-da-mare05.jpg","width":1000,"height":634,"mime_type":"image\/jpeg","source_url":"https:\/\/rioonwatch.org\/wp-content\/uploads\/2015\/08\/policiamento_favela-da-mare05.jpg"}},"image_meta":{"aperture":"10","credit":"Fernando Fraz\u00e3o\/Ag\u00eancia Brasil","camera":"NIKON D3","caption":"PM inicia a substitui\u00e7\u00e3o da For\u00e7a de Pacifica\u00e7\u00e3o do Ex\u00e9rcito para o patrulhamento das comunidades Nova Holanda, Parque Uni\u00e3o, Rubem Vaz e Nova Mar\u00e9, parte do conjunto de favelas da Mar\u00e9 (Fernando Fraz\u00e3o\/Ag\u00eancia Brasil)","created_timestamp":"1430474747","copyright":"Ag\u00eancia Brasil","focal_length":"34","iso":"200","shutter_speed":"0.004","title":"","orientation":"1","keywords":[]}},"post":24070,"source_url":"https:\/\/rioonwatch.org\/wp-content\/uploads\/2015\/08\/policiamento_favela-da-mare05.jpg","_links":{"self":[{"href":"https:\/\/rioonwatch.org\/index.php?rest_route=\/wp\/v2\/media\/24096","targetHints":{"allow":["GET"]}}],"collection":[{"href":"https:\/\/rioonwatch.org\/index.php?rest_route=\/wp\/v2\/media"}],"about":[{"href":"https:\/\/rioonwatch.org\/index.php?rest_route=\/wp\/v2\/types\/attachment"}],"author":[{"embeddable":true,"href":"https:\/\/rioonwatch.org\/index.php?rest_route=\/wp\/v2\/users\/51"}],"replies":[{"embeddable":true,"href":"https:\/\/rioonwatch.org\/index.php?rest_route=%2Fwp%2Fv2%2Fcomments&post=24096"}]}}

Military Police vans in Maré in May, as the substitution of the occupation by armed forces continues

Fernando Frazão/Agência Brasil

PM inicia a substituição da Força de Pacificação do Exército para o patrulhamento das comunidades Nova Holanda, Parque União, Rubem Vaz e Nova Maré, parte do conjunto de favelas da Maré (Fernando Frazão/Agência Brasil)

Agência Brasil
