{"id":25729,"date":"2015-12-08T09:17:43","date_gmt":"2015-12-08T12:17:43","guid":{"rendered":"http:\/\/www.rioonwatch.org\/wp-content\/uploads\/2015\/12\/Pra\u00e7a-bona.jpg"},"modified":"2015-12-08T09:18:22","modified_gmt":"2015-12-08T12:18:22","slug":"praca-bona","status":"inherit","type":"attachment","link":"https:\/\/rioonwatch.org\/?attachment_id=25729","title":{"rendered":"Pra\u00e7a Mau\u00e0, Museu do Amanh\u00e3. Photo by F\u00e1bio Motta"},"author":90,"featured_media":0,"comment_status":"closed","ping_status":"closed","template":"","meta":{"_monsterinsights_skip_tracking":false,"_monsterinsights_sitenote_active":false,"_monsterinsights_sitenote_note":"","_monsterinsights_sitenote_category":0},"class_list":["post-25729","attachment","type-attachment","status-inherit"],"description":{"rendered":"<p class=\"attachment\"><a href='https:\/\/rioonwatch.org\/wp-content\/uploads\/2015\/12\/Pra\u00e7a-bona.jpg'><img fetchpriority=\"high\" decoding=\"async\" width=\"620\" height=\"272\" src=\"https:\/\/rioonwatch.org\/wp-content\/uploads\/2015\/12\/Pra\u00e7a-bona-620x272.jpg\" class=\"attachment-medium size-medium\" alt=\"\" srcset=\"https:\/\/rioonwatch.org\/wp-content\/uploads\/2015\/12\/Pra\u00e7a-bona-620x272.jpg 620w, https:\/\/rioonwatch.org\/wp-content\/uploads\/2015\/12\/Pra\u00e7a-bona-768x337.jpg 768w, https:\/\/rioonwatch.org\/wp-content\/uploads\/2015\/12\/Pra\u00e7a-bona-300x131.jpg 300w, https:\/\/rioonwatch.org\/wp-content\/uploads\/2015\/12\/Pra\u00e7a-bona.jpg 997w\" sizes=\"(max-width: 620px) 100vw, 620px\" \/><\/a><\/p>\n"},"caption":{"rendered":"<div class=\"mh-excerpt\"><\/div>"},"alt_text":"","media_type":"image","mime_type":"image\/jpeg","media_details":{"width":997,"height":437,"file":"2015\/12\/Pra\u00e7a-bona.jpg","sizes":{"medium":{"file":"Pra\u00e7a-bona-620x272.jpg","width":620,"height":272,"mime_type":"image\/jpeg","source_url":"https:\/\/rioonwatch.org\/wp-content\/uploads\/2015\/12\/Pra\u00e7a-bona-620x272.jpg"},"thumbnail":{"file":"Pra\u00e7a-bona-620x264.jpg","width":620,"height":264,"mime_type":"image\/jpeg","source_url":"https:\/\/rioonwatch.org\/wp-content\/uploads\/2015\/12\/Pra\u00e7a-bona-620x264.jpg"},"medium_large":{"file":"Pra\u00e7a-bona-768x337.jpg","width":768,"height":337,"mime_type":"image\/jpeg","source_url":"https:\/\/rioonwatch.org\/wp-content\/uploads\/2015\/12\/Pra\u00e7a-bona-768x337.jpg"},"mh-magazine-slider":{"file":"Pra\u00e7a-bona-620x264.jpg","width":620,"height":264,"mime_type":"image\/jpeg","source_url":"https:\/\/rioonwatch.org\/wp-content\/uploads\/2015\/12\/Pra\u00e7a-bona-620x264.jpg"},"mh-magazine-content":{"file":"Pra\u00e7a-bona-620x264.jpg","width":620,"height":264,"mime_type":"image\/jpeg","source_url":"https:\/\/rioonwatch.org\/wp-content\/uploads\/2015\/12\/Pra\u00e7a-bona-620x264.jpg"},"mh-magazine-large":{"file":"Pra\u00e7a-bona-678x437.jpg","width":678,"height":437,"mime_type":"image\/jpeg","source_url":"https:\/\/rioonwatch.org\/wp-content\/uploads\/2015\/12\/Pra\u00e7a-bona-678x437.jpg"},"mh-magazine-medium":{"file":"Pra\u00e7a-bona-326x245.jpg","width":326,"height":245,"mime_type":"image\/jpeg","source_url":"https:\/\/rioonwatch.org\/wp-content\/uploads\/2015\/12\/Pra\u00e7a-bona-326x245.jpg"},"mh-magazine-small":{"file":"Pra\u00e7a-bona-80x60.jpg","width":80,"height":60,"mime_type":"image\/jpeg","source_url":"https:\/\/rioonwatch.org\/wp-content\/uploads\/2015\/12\/Pra\u00e7a-bona-80x60.jpg"},"medium_old_300x131":{"file":"Pra\u00e7a-bona-300x131.jpg","width":300,"height":131,"mime_type":"image\/jpeg","source_url":"https:\/\/rioonwatch.org\/wp-content\/uploads\/2015\/12\/Pra\u00e7a-bona-300x131.jpg"},"mh-magazine-content_old_678x381":{"file":"Pra\u00e7a-bona-678x381.jpg","width":678,"height":381,"mime_type":"image\/jpeg","source_url":"https:\/\/rioonwatch.org\/wp-content\/uploads\/2015\/12\/Pra\u00e7a-bona-678x381.jpg"},"slider":{"file":"Pra\u00e7a-bona-940x400.jpg","width":940,"height":400,"mime_type":"image\/jpeg","source_url":"https:\/\/rioonwatch.org\/wp-content\/uploads\/2015\/12\/Pra\u00e7a-bona-940x400.jpg"},"content":{"file":"Pra\u00e7a-bona-620x264.jpg","width":620,"height":264,"mime_type":"image\/jpeg","source_url":"https:\/\/rioonwatch.org\/wp-content\/uploads\/2015\/12\/Pra\u00e7a-bona-620x264.jpg"},"spotlight":{"file":"Pra\u00e7a-bona-580x326.jpg","width":580,"height":326,"mime_type":"image\/jpeg","source_url":"https:\/\/rioonwatch.org\/wp-content\/uploads\/2015\/12\/Pra\u00e7a-bona-580x326.jpg"},"loop":{"file":"Pra\u00e7a-bona-174x131.jpg","width":174,"height":131,"mime_type":"image\/jpeg","source_url":"https:\/\/rioonwatch.org\/wp-content\/uploads\/2015\/12\/Pra\u00e7a-bona-174x131.jpg"},"carousel":{"file":"Pra\u00e7a-bona-174x98.jpg","width":174,"height":98,"mime_type":"image\/jpeg","source_url":"https:\/\/rioonwatch.org\/wp-content\/uploads\/2015\/12\/Pra\u00e7a-bona-174x98.jpg"},"cp_large":{"file":"Pra\u00e7a-bona-300x225.jpg","width":300,"height":225,"mime_type":"image\/jpeg","source_url":"https:\/\/rioonwatch.org\/wp-content\/uploads\/2015\/12\/Pra\u00e7a-bona-300x225.jpg"},"cp_small":{"file":"Pra\u00e7a-bona-70x53.jpg","width":70,"height":53,"mime_type":"image\/jpeg","source_url":"https:\/\/rioonwatch.org\/wp-content\/uploads\/2015\/12\/Pra\u00e7a-bona-70x53.jpg"},"full":{"file":"Pra\u00e7a-bona.jpg","width":997,"height":437,"mime_type":"image\/jpeg","source_url":"https:\/\/rioonwatch.org\/wp-content\/uploads\/2015\/12\/Pra\u00e7a-bona.jpg"}},"image_meta":{"aperture":"3.2","credit":"FABIO MOTTA","camera":"Canon EOS-1D X","caption":"LINS7964 - RJ - 04\/09\/2015 - PRA\u00c7A MAUA\/INAUGURA\u00c7\u00c3O - CIDADES OE - Pra\u00e7a Mau\u00e1, no Rio de Janeiro, que ser\u00e1 inaugurada no pr\u00f3ximo domingo e faz parte das obras de revitaliza\u00e7\u00e3o do Porto Maravilha. Foto: FABIO MOTTA\/ESTAD\u00c3O","created_timestamp":"1441359280","copyright":"","focal_length":"105","iso":"100","shutter_speed":"0.0005","title":"","orientation":"1","keywords":[]}},"post":25724,"source_url":"https:\/\/rioonwatch.org\/wp-content\/uploads\/2015\/12\/Pra\u00e7a-bona.jpg","_links":{"self":[{"href":"https:\/\/rioonwatch.org\/index.php?rest_route=\/wp\/v2\/media\/25729","targetHints":{"allow":["GET"]}}],"collection":[{"href":"https:\/\/rioonwatch.org\/index.php?rest_route=\/wp\/v2\/media"}],"about":[{"href":"https:\/\/rioonwatch.org\/index.php?rest_route=\/wp\/v2\/types\/attachment"}],"author":[{"embeddable":true,"href":"https:\/\/rioonwatch.org\/index.php?rest_route=\/wp\/v2\/users\/90"}],"replies":[{"embeddable":true,"href":"https:\/\/rioonwatch.org\/index.php?rest_route=%2Fwp%2Fv2%2Fcomments&post=25729"}]}}

http://www.rioonwatch.org/wp-content/uploads/2015/12/Praça-bona.jpg

Praça Mauà, Museu do Amanhã. Photo by Fábio Motta

<p class="attachment"><a href='https://rioonwatch.org/wp-content/uploads/2015/12/Praça-bona.jpg'><img fetchpriority="high" decoding="async" width="620" height="272" src="https://rioonwatch.org/wp-content/uploads/2015/12/Praça-bona-620x272.jpg" class="attachment-medium size-medium" alt="" srcset="https://rioonwatch.org/wp-content/uploads/2015/12/Praça-bona-620x272.jpg 620w, https://rioonwatch.org/wp-content/uploads/2015/12/Praça-bona-768x337.jpg 768w, https://rioonwatch.org/wp-content/uploads/2015/12/Praça-bona-300x131.jpg 300w, https://rioonwatch.org/wp-content/uploads/2015/12/Praça-bona.jpg 997w" sizes="(max-width: 620px) 100vw, 620px" /></a></p>

2015/12/Praça-bona.jpg

Praça-bona-620x272.jpg

https://rioonwatch.org/wp-content/uploads/2015/12/Praça-bona-620x272.jpg

Praça-bona-620x264.jpg

https://rioonwatch.org/wp-content/uploads/2015/12/Praça-bona-620x264.jpg

Praça-bona-768x337.jpg

https://rioonwatch.org/wp-content/uploads/2015/12/Praça-bona-768x337.jpg

Praça-bona-678x437.jpg

https://rioonwatch.org/wp-content/uploads/2015/12/Praça-bona-678x437.jpg

Praça-bona-326x245.jpg

https://rioonwatch.org/wp-content/uploads/2015/12/Praça-bona-326x245.jpg

Praça-bona-80x60.jpg

https://rioonwatch.org/wp-content/uploads/2015/12/Praça-bona-80x60.jpg

Praça-bona-300x131.jpg

https://rioonwatch.org/wp-content/uploads/2015/12/Praça-bona-300x131.jpg

Praça-bona-678x381.jpg

https://rioonwatch.org/wp-content/uploads/2015/12/Praça-bona-678x381.jpg

Praça-bona-940x400.jpg

https://rioonwatch.org/wp-content/uploads/2015/12/Praça-bona-940x400.jpg

Praça-bona-580x326.jpg

https://rioonwatch.org/wp-content/uploads/2015/12/Praça-bona-580x326.jpg

Praça-bona-174x131.jpg

https://rioonwatch.org/wp-content/uploads/2015/12/Praça-bona-174x131.jpg

Praça-bona-174x98.jpg

https://rioonwatch.org/wp-content/uploads/2015/12/Praça-bona-174x98.jpg

Praça-bona-300x225.jpg

https://rioonwatch.org/wp-content/uploads/2015/12/Praça-bona-300x225.jpg

Praça-bona-70x53.jpg

https://rioonwatch.org/wp-content/uploads/2015/12/Praça-bona-70x53.jpg

Praça-bona.jpg

https://rioonwatch.org/wp-content/uploads/2015/12/Praça-bona.jpg

LINS7964 - RJ - 04/09/2015 - PRAÇA MAUA/INAUGURAÇÃO - CIDADES OE - Praça Mauá, no Rio de Janeiro, que será inaugurada no próximo domingo e faz parte das obras de revitalização do Porto Maravilha. Foto: FABIO MOTTA/ESTADÃO
