{"id":29043,"date":"2016-05-20T11:32:29","date_gmt":"2016-05-20T14:32:29","guid":{"rendered":"http:\/\/www.rioonwatch.org\/wp-content\/uploads\/2016\/05\/MC_Temer_posse_Foto_Marcello_Casal00405122016.jpg"},"modified":"2016-05-20T11:33:17","modified_gmt":"2016-05-20T14:33:17","slug":"mc_temer_posse_foto_marcello_casal00405122016","status":"inherit","type":"attachment","link":"https:\/\/rioonwatch.org\/?attachment_id=29043","title":{"rendered":"President Michel Temer at the swearing-in ceremony of new ministers. Photo by Marcello Casal Jr\/Ag\u00eancia Brasil"},"author":17,"featured_media":0,"comment_status":"closed","ping_status":"closed","template":"","meta":{"_monsterinsights_skip_tracking":false,"_monsterinsights_sitenote_active":false,"_monsterinsights_sitenote_note":"","_monsterinsights_sitenote_category":0},"class_list":["post-29043","attachment","type-attachment","status-inherit"],"description":{"rendered":"<p class=\"attachment\"><a href='https:\/\/rioonwatch.org\/wp-content\/uploads\/2016\/05\/MC_Temer_posse_Foto_Marcello_Casal00405122016-scaled.jpg'><img fetchpriority=\"high\" decoding=\"async\" width=\"620\" height=\"414\" src=\"https:\/\/rioonwatch.org\/wp-content\/uploads\/2016\/05\/MC_Temer_posse_Foto_Marcello_Casal00405122016-scaled-620x414.jpg\" class=\"attachment-medium size-medium\" alt=\"\" srcset=\"https:\/\/rioonwatch.org\/wp-content\/uploads\/2016\/05\/MC_Temer_posse_Foto_Marcello_Casal00405122016-scaled-620x414.jpg 620w, https:\/\/rioonwatch.org\/wp-content\/uploads\/2016\/05\/MC_Temer_posse_Foto_Marcello_Casal00405122016-scaled-943x629.jpg 943w, https:\/\/rioonwatch.org\/wp-content\/uploads\/2016\/05\/MC_Temer_posse_Foto_Marcello_Casal00405122016-scaled-768x512.jpg 768w, https:\/\/rioonwatch.org\/wp-content\/uploads\/2016\/05\/MC_Temer_posse_Foto_Marcello_Casal00405122016-300x200.jpg 300w, https:\/\/rioonwatch.org\/wp-content\/uploads\/2016\/05\/MC_Temer_posse_Foto_Marcello_Casal00405122016-1024x683.jpg 1024w\" sizes=\"(max-width: 620px) 100vw, 620px\" \/><\/a><\/p>\n"},"caption":{"rendered":"<div class=\"mh-excerpt\"><\/div>"},"alt_text":"","media_type":"image","mime_type":"image\/jpeg","media_details":{"width":2560,"height":1708,"file":"2016\/05\/MC_Temer_posse_Foto_Marcello_Casal00405122016-scaled.jpg","sizes":{"medium":{"file":"MC_Temer_posse_Foto_Marcello_Casal00405122016-scaled-620x414.jpg","width":620,"height":414,"mime_type":"image\/jpeg","source_url":"https:\/\/rioonwatch.org\/wp-content\/uploads\/2016\/05\/MC_Temer_posse_Foto_Marcello_Casal00405122016-scaled-620x414.jpg"},"large":{"file":"MC_Temer_posse_Foto_Marcello_Casal00405122016-scaled-943x629.jpg","width":943,"height":629,"mime_type":"image\/jpeg","source_url":"https:\/\/rioonwatch.org\/wp-content\/uploads\/2016\/05\/MC_Temer_posse_Foto_Marcello_Casal00405122016-scaled-943x629.jpg"},"thumbnail":{"file":"MC_Temer_posse_Foto_Marcello_Casal00405122016-scaled-620x264.jpg","width":620,"height":264,"mime_type":"image\/jpeg","source_url":"https:\/\/rioonwatch.org\/wp-content\/uploads\/2016\/05\/MC_Temer_posse_Foto_Marcello_Casal00405122016-scaled-620x264.jpg"},"medium_large":{"file":"MC_Temer_posse_Foto_Marcello_Casal00405122016-scaled-768x512.jpg","width":768,"height":512,"mime_type":"image\/jpeg","source_url":"https:\/\/rioonwatch.org\/wp-content\/uploads\/2016\/05\/MC_Temer_posse_Foto_Marcello_Casal00405122016-scaled-768x512.jpg"},"1536x1536":{"file":"MC_Temer_posse_Foto_Marcello_Casal00405122016-scaled-1536x1536.jpg","width":1536,"height":1536,"mime_type":"image\/jpeg","source_url":"https:\/\/rioonwatch.org\/wp-content\/uploads\/2016\/05\/MC_Temer_posse_Foto_Marcello_Casal00405122016-scaled-1536x1536.jpg"},"2048x2048":{"file":"MC_Temer_posse_Foto_Marcello_Casal00405122016-scaled-2048x1708.jpg","width":2048,"height":1708,"mime_type":"image\/jpeg","source_url":"https:\/\/rioonwatch.org\/wp-content\/uploads\/2016\/05\/MC_Temer_posse_Foto_Marcello_Casal00405122016-scaled-2048x1708.jpg"},"mh-magazine-slider":{"file":"MC_Temer_posse_Foto_Marcello_Casal00405122016-scaled-620x264.jpg","width":620,"height":264,"mime_type":"image\/jpeg","source_url":"https:\/\/rioonwatch.org\/wp-content\/uploads\/2016\/05\/MC_Temer_posse_Foto_Marcello_Casal00405122016-scaled-620x264.jpg"},"mh-magazine-content":{"file":"MC_Temer_posse_Foto_Marcello_Casal00405122016-scaled-620x264.jpg","width":620,"height":264,"mime_type":"image\/jpeg","source_url":"https:\/\/rioonwatch.org\/wp-content\/uploads\/2016\/05\/MC_Temer_posse_Foto_Marcello_Casal00405122016-scaled-620x264.jpg"},"mh-magazine-large":{"file":"MC_Temer_posse_Foto_Marcello_Casal00405122016-scaled-678x509.jpg","width":678,"height":509,"mime_type":"image\/jpeg","source_url":"https:\/\/rioonwatch.org\/wp-content\/uploads\/2016\/05\/MC_Temer_posse_Foto_Marcello_Casal00405122016-scaled-678x509.jpg"},"mh-magazine-medium":{"file":"MC_Temer_posse_Foto_Marcello_Casal00405122016-scaled-326x245.jpg","width":326,"height":245,"mime_type":"image\/jpeg","source_url":"https:\/\/rioonwatch.org\/wp-content\/uploads\/2016\/05\/MC_Temer_posse_Foto_Marcello_Casal00405122016-scaled-326x245.jpg"},"mh-magazine-small":{"file":"MC_Temer_posse_Foto_Marcello_Casal00405122016-scaled-80x60.jpg","width":80,"height":60,"mime_type":"image\/jpeg","source_url":"https:\/\/rioonwatch.org\/wp-content\/uploads\/2016\/05\/MC_Temer_posse_Foto_Marcello_Casal00405122016-scaled-80x60.jpg"},"mh-magazine-slider_old_1030x438":{"file":"MC_Temer_posse_Foto_Marcello_Casal00405122016-1030x438.jpg","width":1030,"height":438,"mime_type":"image\/jpeg","source_url":"https:\/\/rioonwatch.org\/wp-content\/uploads\/2016\/05\/MC_Temer_posse_Foto_Marcello_Casal00405122016-1030x438.jpg"},"medium_old_300x200":{"file":"MC_Temer_posse_Foto_Marcello_Casal00405122016-300x200.jpg","width":300,"height":200,"mime_type":"image\/jpeg","source_url":"https:\/\/rioonwatch.org\/wp-content\/uploads\/2016\/05\/MC_Temer_posse_Foto_Marcello_Casal00405122016-300x200.jpg"},"large_old_1024x683":{"file":"MC_Temer_posse_Foto_Marcello_Casal00405122016-1024x683.jpg","width":1024,"height":683,"mime_type":"image\/jpeg","source_url":"https:\/\/rioonwatch.org\/wp-content\/uploads\/2016\/05\/MC_Temer_posse_Foto_Marcello_Casal00405122016-1024x683.jpg"},"mh-magazine-content_old_678x381":{"file":"MC_Temer_posse_Foto_Marcello_Casal00405122016-678x381.jpg","width":678,"height":381,"mime_type":"image\/jpeg","source_url":"https:\/\/rioonwatch.org\/wp-content\/uploads\/2016\/05\/MC_Temer_posse_Foto_Marcello_Casal00405122016-678x381.jpg"},"full":{"file":"MC_Temer_posse_Foto_Marcello_Casal00405122016-scaled.jpg","width":2560,"height":1708,"mime_type":"image\/jpeg","source_url":"https:\/\/rioonwatch.org\/wp-content\/uploads\/2016\/05\/MC_Temer_posse_Foto_Marcello_Casal00405122016-scaled.jpg"}},"image_meta":{"aperture":"4","credit":"Marcello Casal Jr\/Ag\u00eancia Brasil","camera":"Canon EOS-1D X","caption":"Bras\u00edlia - O presidente interino Michel Temer durante cerim\u00f4nia de posse aos novos ministros de seu governo, no Pal\u00e1cio do Planalto (Marcello Casal Jr\/Ag\u00eancia Brasil)","created_timestamp":"1463074294","copyright":"EBC-EMPRESA BRASIL DE COMUNICA\u00c7\u00c3O\/Ag\u00eancia Brasil. Uso sob a Licen\u00e7a Creative Commons Atribui\u00e7\u00e3o 3.0 Brasil. CR\u00c9DITO DO FOT\u00d3GRAFO OBRIGAT\u00d3RIO","focal_length":"98","iso":"1600","shutter_speed":"0.00625","title":"","orientation":"1","keywords":[]}},"post":29041,"source_url":"https:\/\/rioonwatch.org\/wp-content\/uploads\/2016\/05\/MC_Temer_posse_Foto_Marcello_Casal00405122016-scaled.jpg","_links":{"self":[{"href":"https:\/\/rioonwatch.org\/index.php?rest_route=\/wp\/v2\/media\/29043","targetHints":{"allow":["GET"]}}],"collection":[{"href":"https:\/\/rioonwatch.org\/index.php?rest_route=\/wp\/v2\/media"}],"about":[{"href":"https:\/\/rioonwatch.org\/index.php?rest_route=\/wp\/v2\/types\/attachment"}],"author":[{"embeddable":true,"href":"https:\/\/rioonwatch.org\/index.php?rest_route=\/wp\/v2\/users\/17"}],"replies":[{"embeddable":true,"href":"https:\/\/rioonwatch.org\/index.php?rest_route=%2Fwp%2Fv2%2Fcomments&post=29043"}]}}

President Michel Temer at the swearing-in ceremony of new ministers. Photo by Marcello Casal Jr/Agência Brasil

Marcello Casal Jr/Agência Brasil

Brasília - O presidente interino Michel Temer durante cerimônia de posse aos novos ministros de seu governo, no Palácio do Planalto (Marcello Casal Jr/Agência Brasil)

EBC-EMPRESA BRASIL DE COMUNICAÇÃO/Agência Brasil. Uso sob a Licença Creative Commons Atribuição 3.0 Brasil. CRÉDITO DO FOTÓGRAFO OBRIGATÓRIO
