{"id":38524,"date":"2017-09-07T11:33:47","date_gmt":"2017-09-07T14:33:47","guid":{"rendered":"http:\/\/www.rioonwatch.org\/wp-content\/uploads\/2017\/09\/Black-Mother-exhibit-at-Instituto-Pretos-Novos.jpg"},"modified":"2017-09-07T11:33:47","modified_gmt":"2017-09-07T14:33:47","slug":"black-mother-exhibit-at-instituto-pretos-novos","status":"inherit","type":"attachment","link":"https:\/\/rioonwatch.org\/?attachment_id=38524","title":{"rendered":"Black Mother exhibit at Instituto Pretos Novos"},"author":51,"featured_media":0,"comment_status":"closed","ping_status":"closed","template":"","meta":{"_monsterinsights_skip_tracking":false,"_monsterinsights_sitenote_active":false,"_monsterinsights_sitenote_note":"","_monsterinsights_sitenote_category":0},"class_list":["post-38524","attachment","type-attachment","status-inherit"],"description":{"rendered":"<p class=\"attachment\"><a href='https:\/\/rioonwatch.org\/wp-content\/uploads\/2017\/09\/Black-Mother-exhibit-at-Instituto-Pretos-Novos.jpg'><img fetchpriority=\"high\" decoding=\"async\" width=\"300\" height=\"200\" src=\"https:\/\/rioonwatch.org\/wp-content\/uploads\/2017\/09\/Black-Mother-exhibit-at-Instituto-Pretos-Novos-300x200.jpg\" class=\"attachment-medium size-medium\" alt=\"\" srcset=\"https:\/\/rioonwatch.org\/wp-content\/uploads\/2017\/09\/Black-Mother-exhibit-at-Instituto-Pretos-Novos-300x200.jpg 300w, https:\/\/rioonwatch.org\/wp-content\/uploads\/2017\/09\/Black-Mother-exhibit-at-Instituto-Pretos-Novos-768x512.jpg 768w, https:\/\/rioonwatch.org\/wp-content\/uploads\/2017\/09\/Black-Mother-exhibit-at-Instituto-Pretos-Novos.jpg 1000w\" sizes=\"(max-width: 300px) 100vw, 300px\" \/><\/a><\/p>\n"},"caption":{"rendered":"<div class=\"mh-excerpt\"><p>Rio de Janeiro &#8211; A exposi\u00e7\u00e3o M\u00e3e Preta \u2013 mem\u00f3ria da escravid\u00e3o, maternidade e feminismo traz interven\u00e7\u00f5es das artistas Isabel L\u00f6fgren e Patricia Gouv\u00eaa, na galeria Pretos Novos. (Reprodu\u00e7\u00e3o\/Fernando Fraz\u00e3o\/Ag\u00eancia Brasil) <a class=\"mh-excerpt-more\" href=\"https:\/\/rioonwatch.org\/?attachment_id=38524\" title=\"Black Mother exhibit at Instituto Pretos Novos\">[&#8230;]<\/a><\/p>\n<\/div>"},"alt_text":"","media_type":"image","mime_type":"image\/jpeg","media_details":{"width":1000,"height":667,"hwstring_small":"height='85' width='128'","file":"2017\/09\/Black-Mother-exhibit-at-Instituto-Pretos-Novos.jpg","sizes":{"thumbnail":{"file":"Black-Mother-exhibit-at-Instituto-Pretos-Novos-620x264.jpg","width":620,"height":264,"mime_type":"image\/jpeg","source_url":"https:\/\/rioonwatch.org\/wp-content\/uploads\/2017\/09\/Black-Mother-exhibit-at-Instituto-Pretos-Novos-620x264.jpg"},"medium":{"file":"Black-Mother-exhibit-at-Instituto-Pretos-Novos-300x200.jpg","width":300,"height":200,"mime_type":"image\/jpeg","source_url":"https:\/\/rioonwatch.org\/wp-content\/uploads\/2017\/09\/Black-Mother-exhibit-at-Instituto-Pretos-Novos-300x200.jpg"},"medium_large":{"file":"Black-Mother-exhibit-at-Instituto-Pretos-Novos-768x512.jpg","width":768,"height":512,"mime_type":"image\/jpeg","source_url":"https:\/\/rioonwatch.org\/wp-content\/uploads\/2017\/09\/Black-Mother-exhibit-at-Instituto-Pretos-Novos-768x512.jpg"},"slider":{"file":"Black-Mother-exhibit-at-Instituto-Pretos-Novos-940x400.jpg","width":940,"height":400,"mime_type":"image\/jpeg","source_url":"https:\/\/rioonwatch.org\/wp-content\/uploads\/2017\/09\/Black-Mother-exhibit-at-Instituto-Pretos-Novos-940x400.jpg"},"content":{"file":"Black-Mother-exhibit-at-Instituto-Pretos-Novos-620x264.jpg","width":620,"height":264,"mime_type":"image\/jpeg","source_url":"https:\/\/rioonwatch.org\/wp-content\/uploads\/2017\/09\/Black-Mother-exhibit-at-Instituto-Pretos-Novos-620x264.jpg"},"spotlight":{"file":"Black-Mother-exhibit-at-Instituto-Pretos-Novos-580x326.jpg","width":580,"height":326,"mime_type":"image\/jpeg","source_url":"https:\/\/rioonwatch.org\/wp-content\/uploads\/2017\/09\/Black-Mother-exhibit-at-Instituto-Pretos-Novos-580x326.jpg"},"loop":{"file":"Black-Mother-exhibit-at-Instituto-Pretos-Novos-174x131.jpg","width":174,"height":131,"mime_type":"image\/jpeg","source_url":"https:\/\/rioonwatch.org\/wp-content\/uploads\/2017\/09\/Black-Mother-exhibit-at-Instituto-Pretos-Novos-174x131.jpg"},"carousel":{"file":"Black-Mother-exhibit-at-Instituto-Pretos-Novos-174x98.jpg","width":174,"height":98,"mime_type":"image\/jpeg","source_url":"https:\/\/rioonwatch.org\/wp-content\/uploads\/2017\/09\/Black-Mother-exhibit-at-Instituto-Pretos-Novos-174x98.jpg"},"cp_large":{"file":"Black-Mother-exhibit-at-Instituto-Pretos-Novos-300x225.jpg","width":300,"height":225,"mime_type":"image\/jpeg","source_url":"https:\/\/rioonwatch.org\/wp-content\/uploads\/2017\/09\/Black-Mother-exhibit-at-Instituto-Pretos-Novos-300x225.jpg"},"cp_small":{"file":"Black-Mother-exhibit-at-Instituto-Pretos-Novos-70x53.jpg","width":70,"height":53,"mime_type":"image\/jpeg","source_url":"https:\/\/rioonwatch.org\/wp-content\/uploads\/2017\/09\/Black-Mother-exhibit-at-Instituto-Pretos-Novos-70x53.jpg"},"mh-magazine-medium":{"file":"Black-Mother-exhibit-at-Instituto-Pretos-Novos-326x245.jpg","width":326,"height":245,"mime_type":"image\/jpeg","source_url":"https:\/\/rioonwatch.org\/wp-content\/uploads\/2017\/09\/Black-Mother-exhibit-at-Instituto-Pretos-Novos-326x245.jpg"},"full":{"file":"Black-Mother-exhibit-at-Instituto-Pretos-Novos.jpg","width":1000,"height":667,"mime_type":"image\/jpeg","source_url":"https:\/\/rioonwatch.org\/wp-content\/uploads\/2017\/09\/Black-Mother-exhibit-at-Instituto-Pretos-Novos.jpg"}},"image_meta":{"aperture":"0","credit":"","camera":"","caption":"Rio de Janeiro - A exposi\u00e7\u00e3o M\u00e3e Preta \u2013 mem\u00f3ria da escravid\u00e3o, maternidade e feminismo traz interven\u00e7\u00f5es das artistas Isabel L\u00f6fgren e Patricia Gouv\u00eaa, na galeria Pretos Novos. (Reprodu\u00e7\u00e3o\/Fernando Fraz\u00e3o\/Ag\u00eancia Brasil)","created_timestamp":"0","copyright":"","focal_length":"0","iso":"0","shutter_speed":"0","title":"","orientation":"1","keywords":[]}},"post":38461,"source_url":"https:\/\/rioonwatch.org\/wp-content\/uploads\/2017\/09\/Black-Mother-exhibit-at-Instituto-Pretos-Novos.jpg","_links":{"self":[{"href":"https:\/\/rioonwatch.org\/index.php?rest_route=\/wp\/v2\/media\/38524","targetHints":{"allow":["GET"]}}],"collection":[{"href":"https:\/\/rioonwatch.org\/index.php?rest_route=\/wp\/v2\/media"}],"about":[{"href":"https:\/\/rioonwatch.org\/index.php?rest_route=\/wp\/v2\/types\/attachment"}],"author":[{"embeddable":true,"href":"https:\/\/rioonwatch.org\/index.php?rest_route=\/wp\/v2\/users\/51"}],"replies":[{"embeddable":true,"href":"https:\/\/rioonwatch.org\/index.php?rest_route=%2Fwp%2Fv2%2Fcomments&post=38524"}]}}

<div class="mh-excerpt"><p>Rio de Janeiro &#8211; A exposição Mãe Preta – memória da escravidão, maternidade e feminismo traz intervenções das artistas Isabel Löfgren e Patricia Gouvêa, na galeria Pretos Novos. (Reprodução/Fernando Frazão/Agência Brasil) <a class="mh-excerpt-more" href="https://rioonwatch.org/?attachment_id=38524" title="Black Mother exhibit at Instituto Pretos Novos">[&#8230;]</a></p>
</div>

Rio de Janeiro - A exposição Mãe Preta – memória da escravidão, maternidade e feminismo traz intervenções das artistas Isabel Löfgren e Patricia Gouvêa, na galeria Pretos Novos. (Reprodução/Fernando Frazão/Agência Brasil)
