{"id":45617,"date":"2018-07-28T00:12:08","date_gmt":"2018-07-28T03:12:08","guid":{"rendered":"http:\/\/www.rioonwatch.org\/wp-content\/uploads\/2018\/07\/Eviction-Radio-Sonda-2015.jpg"},"modified":"2018-07-28T00:12:19","modified_gmt":"2018-07-28T03:12:19","slug":"eviction-radio-sonda-2015","status":"inherit","type":"attachment","link":"https:\/\/rioonwatch.org\/?attachment_id=45617","title":{"rendered":"Eviction Radio Sonda 2015"},"author":78,"featured_media":0,"comment_status":"closed","ping_status":"closed","template":"","meta":{"_monsterinsights_skip_tracking":false,"_monsterinsights_sitenote_active":false,"_monsterinsights_sitenote_note":"","_monsterinsights_sitenote_category":0},"class_list":["post-45617","attachment","type-attachment","status-inherit"],"description":{"rendered":"<p class=\"attachment\"><a href='https:\/\/rioonwatch.org\/wp-content\/uploads\/2018\/07\/Eviction-Radio-Sonda-2015.jpg'><img fetchpriority=\"high\" decoding=\"async\" width=\"300\" height=\"199\" src=\"https:\/\/rioonwatch.org\/wp-content\/uploads\/2018\/07\/Eviction-Radio-Sonda-2015-300x199.jpg\" class=\"attachment-medium size-medium\" alt=\"\" srcset=\"https:\/\/rioonwatch.org\/wp-content\/uploads\/2018\/07\/Eviction-Radio-Sonda-2015-300x199.jpg 300w, https:\/\/rioonwatch.org\/wp-content\/uploads\/2018\/07\/Eviction-Radio-Sonda-2015-768x509.jpg 768w, https:\/\/rioonwatch.org\/wp-content\/uploads\/2018\/07\/Eviction-Radio-Sonda-2015-1024x678.jpg 1024w, https:\/\/rioonwatch.org\/wp-content\/uploads\/2018\/07\/Eviction-Radio-Sonda-2015.jpg 2000w\" sizes=\"(max-width: 300px) 100vw, 300px\" \/><\/a><\/p>\n"},"caption":{"rendered":"<div class=\"mh-excerpt\"><p>Photo: Tania Rego \/ Ag\u00eancia Brasil <a class=\"mh-excerpt-more\" href=\"https:\/\/rioonwatch.org\/?attachment_id=45617\" title=\"Eviction Radio Sonda 2015\">[&#8230;]<\/a><\/p>\n<\/div>"},"alt_text":"","media_type":"image","mime_type":"image\/jpeg","media_details":{"width":2000,"height":1325,"hwstring_small":"height='85' width='128'","file":"2018\/07\/Eviction-Radio-Sonda-2015.jpg","sizes":{"thumbnail":{"file":"Eviction-Radio-Sonda-2015-620x264.jpg","width":620,"height":264,"mime_type":"image\/jpeg","source_url":"https:\/\/rioonwatch.org\/wp-content\/uploads\/2018\/07\/Eviction-Radio-Sonda-2015-620x264.jpg"},"medium":{"file":"Eviction-Radio-Sonda-2015-300x199.jpg","width":300,"height":199,"mime_type":"image\/jpeg","source_url":"https:\/\/rioonwatch.org\/wp-content\/uploads\/2018\/07\/Eviction-Radio-Sonda-2015-300x199.jpg"},"medium_large":{"file":"Eviction-Radio-Sonda-2015-768x509.jpg","width":768,"height":509,"mime_type":"image\/jpeg","source_url":"https:\/\/rioonwatch.org\/wp-content\/uploads\/2018\/07\/Eviction-Radio-Sonda-2015-768x509.jpg"},"large":{"file":"Eviction-Radio-Sonda-2015-1024x678.jpg","width":1024,"height":678,"mime_type":"image\/jpeg","source_url":"https:\/\/rioonwatch.org\/wp-content\/uploads\/2018\/07\/Eviction-Radio-Sonda-2015-1024x678.jpg"},"slider":{"file":"Eviction-Radio-Sonda-2015-940x400.jpg","width":940,"height":400,"mime_type":"image\/jpeg","source_url":"https:\/\/rioonwatch.org\/wp-content\/uploads\/2018\/07\/Eviction-Radio-Sonda-2015-940x400.jpg"},"content":{"file":"Eviction-Radio-Sonda-2015-620x264.jpg","width":620,"height":264,"mime_type":"image\/jpeg","source_url":"https:\/\/rioonwatch.org\/wp-content\/uploads\/2018\/07\/Eviction-Radio-Sonda-2015-620x264.jpg"},"spotlight":{"file":"Eviction-Radio-Sonda-2015-580x326.jpg","width":580,"height":326,"mime_type":"image\/jpeg","source_url":"https:\/\/rioonwatch.org\/wp-content\/uploads\/2018\/07\/Eviction-Radio-Sonda-2015-580x326.jpg"},"loop":{"file":"Eviction-Radio-Sonda-2015-174x131.jpg","width":174,"height":131,"mime_type":"image\/jpeg","source_url":"https:\/\/rioonwatch.org\/wp-content\/uploads\/2018\/07\/Eviction-Radio-Sonda-2015-174x131.jpg"},"carousel":{"file":"Eviction-Radio-Sonda-2015-174x98.jpg","width":174,"height":98,"mime_type":"image\/jpeg","source_url":"https:\/\/rioonwatch.org\/wp-content\/uploads\/2018\/07\/Eviction-Radio-Sonda-2015-174x98.jpg"},"cp_large":{"file":"Eviction-Radio-Sonda-2015-300x225.jpg","width":300,"height":225,"mime_type":"image\/jpeg","source_url":"https:\/\/rioonwatch.org\/wp-content\/uploads\/2018\/07\/Eviction-Radio-Sonda-2015-300x225.jpg"},"cp_small":{"file":"Eviction-Radio-Sonda-2015-70x53.jpg","width":70,"height":53,"mime_type":"image\/jpeg","source_url":"https:\/\/rioonwatch.org\/wp-content\/uploads\/2018\/07\/Eviction-Radio-Sonda-2015-70x53.jpg"},"mh-magazine-medium":{"file":"Eviction-Radio-Sonda-2015-326x245.jpg","width":326,"height":245,"mime_type":"image\/jpeg","source_url":"https:\/\/rioonwatch.org\/wp-content\/uploads\/2018\/07\/Eviction-Radio-Sonda-2015-326x245.jpg"},"full":{"file":"Eviction-Radio-Sonda-2015.jpg","width":2000,"height":1325,"mime_type":"image\/jpeg","source_url":"https:\/\/rioonwatch.org\/wp-content\/uploads\/2018\/07\/Eviction-Radio-Sonda-2015.jpg"}},"image_meta":{"aperture":"6.3","credit":"T\u00e2nia R\u00eago\/Ag\u00eancia Brasil","camera":"NIKON D3","caption":"Moradores da comunidade Radio Sonda, na Ilha do Governador, zona norte da cidade, protestam contra as remo\u00e7\u00f5es que est\u00e3o sendo realizadas ap\u00f3s a\u00e7\u00e3o movida pela aeron\u00e1utica.(T\u00e2nia R\u00eago\/Ag\u00eancia Brasil)","created_timestamp":"1436353114","copyright":"T\u00e2nia R\u00eago\/Ag\u00eancia Brasil","focal_length":"24","iso":"400","shutter_speed":"0.0008","title":"","orientation":"1","keywords":[]}},"post":45561,"source_url":"https:\/\/rioonwatch.org\/wp-content\/uploads\/2018\/07\/Eviction-Radio-Sonda-2015.jpg","_links":{"self":[{"href":"https:\/\/rioonwatch.org\/index.php?rest_route=\/wp\/v2\/media\/45617","targetHints":{"allow":["GET"]}}],"collection":[{"href":"https:\/\/rioonwatch.org\/index.php?rest_route=\/wp\/v2\/media"}],"about":[{"href":"https:\/\/rioonwatch.org\/index.php?rest_route=\/wp\/v2\/types\/attachment"}],"author":[{"embeddable":true,"href":"https:\/\/rioonwatch.org\/index.php?rest_route=\/wp\/v2\/users\/78"}],"replies":[{"embeddable":true,"href":"https:\/\/rioonwatch.org\/index.php?rest_route=%2Fwp%2Fv2%2Fcomments&post=45617"}]}}

<div class="mh-excerpt"><p>Photo: Tania Rego / Agência Brasil <a class="mh-excerpt-more" href="https://rioonwatch.org/?attachment_id=45617" title="Eviction Radio Sonda 2015">[&#8230;]</a></p>
</div>

Tânia Rêgo/Agência Brasil

Moradores da comunidade Radio Sonda, na Ilha do Governador, zona norte da cidade, protestam contra as remoções que estão sendo realizadas após ação movida pela aeronáutica.(Tânia Rêgo/Agência Brasil)
