{"id":50282,"date":"2019-01-01T18:08:25","date_gmt":"2019-01-01T21:08:25","guid":{"rendered":"http:\/\/www.rioonwatch.org\/wp-content\/uploads\/2019\/01\/witzel2_Image-1.jpg"},"modified":"2019-01-01T18:19:14","modified_gmt":"2019-01-01T21:19:14","slug":"witzel2_image-1","status":"inherit","type":"attachment","link":"https:\/\/rioonwatch.org\/?attachment_id=50282","title":{"rendered":"The governor-elect of Rio de Janeiro, Wilson Witzel, speaks to the press after meeting with President Michel Temer, Pal\u00e1cio do Planalto."},"author":156,"featured_media":0,"comment_status":"closed","ping_status":"closed","template":"","meta":{"_monsterinsights_skip_tracking":false,"_monsterinsights_sitenote_active":false,"_monsterinsights_sitenote_note":"","_monsterinsights_sitenote_category":0},"class_list":["post-50282","attachment","type-attachment","status-inherit"],"description":{"rendered":"<p class=\"attachment\"><a href='https:\/\/rioonwatch.org\/wp-content\/uploads\/2019\/01\/witzel2_Image-1.jpg'><img fetchpriority=\"high\" decoding=\"async\" width=\"620\" height=\"414\" src=\"https:\/\/rioonwatch.org\/wp-content\/uploads\/2019\/01\/witzel2_Image-1-620x414.jpg\" class=\"attachment-medium size-medium\" alt=\"The governor-elect of Rio de Janeiro, Wilson Witzel, speaks to the press after meeting with President Michel Temer, Pal\u00e1cio do Planalto.\" srcset=\"https:\/\/rioonwatch.org\/wp-content\/uploads\/2019\/01\/witzel2_Image-1-620x414.jpg 620w, https:\/\/rioonwatch.org\/wp-content\/uploads\/2019\/01\/witzel2_Image-1-300x200.jpg 300w, https:\/\/rioonwatch.org\/wp-content\/uploads\/2019\/01\/witzel2_Image-1.jpg 754w\" sizes=\"(max-width: 620px) 100vw, 620px\" \/><\/a><\/p>\n"},"caption":{"rendered":"<div class=\"mh-excerpt\"><\/div>"},"alt_text":"The governor-elect of Rio de Janeiro, Wilson Witzel, speaks to the press after meeting with President Michel Temer, Pal\u00e1cio do Planalto.","media_type":"image","mime_type":"image\/jpeg","media_details":{"width":754,"height":503,"file":"2019\/01\/witzel2_Image-1.jpg","sizes":{"medium":{"file":"witzel2_Image-1-620x414.jpg","width":620,"height":414,"mime_type":"image\/jpeg","source_url":"https:\/\/rioonwatch.org\/wp-content\/uploads\/2019\/01\/witzel2_Image-1-620x414.jpg"},"thumbnail":{"file":"witzel2_Image-1-620x264.jpg","width":620,"height":264,"mime_type":"image\/jpeg","source_url":"https:\/\/rioonwatch.org\/wp-content\/uploads\/2019\/01\/witzel2_Image-1-620x264.jpg"},"mh-magazine-slider":{"file":"witzel2_Image-1-620x264.jpg","width":620,"height":264,"mime_type":"image\/jpeg","source_url":"https:\/\/rioonwatch.org\/wp-content\/uploads\/2019\/01\/witzel2_Image-1-620x264.jpg"},"mh-magazine-content":{"file":"witzel2_Image-1-620x264.jpg","width":620,"height":264,"mime_type":"image\/jpeg","source_url":"https:\/\/rioonwatch.org\/wp-content\/uploads\/2019\/01\/witzel2_Image-1-620x264.jpg"},"mh-magazine-large":{"file":"witzel2_Image-1-678x503.jpg","width":678,"height":503,"mime_type":"image\/jpeg","source_url":"https:\/\/rioonwatch.org\/wp-content\/uploads\/2019\/01\/witzel2_Image-1-678x503.jpg"},"mh-magazine-medium":{"file":"witzel2_Image-1-326x245.jpg","width":326,"height":245,"mime_type":"image\/jpeg","source_url":"https:\/\/rioonwatch.org\/wp-content\/uploads\/2019\/01\/witzel2_Image-1-326x245.jpg"},"mh-magazine-small":{"file":"witzel2_Image-1-80x60.jpg","width":80,"height":60,"mime_type":"image\/jpeg","source_url":"https:\/\/rioonwatch.org\/wp-content\/uploads\/2019\/01\/witzel2_Image-1-80x60.jpg"},"mh-magazine-slider_old_754x438":{"file":"witzel2_Image-1-754x438.jpg","width":754,"height":438,"mime_type":"image\/jpeg","source_url":"https:\/\/rioonwatch.org\/wp-content\/uploads\/2019\/01\/witzel2_Image-1-754x438.jpg"},"medium_old_300x200":{"file":"witzel2_Image-1-300x200.jpg","width":300,"height":200,"mime_type":"image\/jpeg","source_url":"https:\/\/rioonwatch.org\/wp-content\/uploads\/2019\/01\/witzel2_Image-1-300x200.jpg"},"mh-magazine-content_old_678x381":{"file":"witzel2_Image-1-678x381.jpg","width":678,"height":381,"mime_type":"image\/jpeg","source_url":"https:\/\/rioonwatch.org\/wp-content\/uploads\/2019\/01\/witzel2_Image-1-678x381.jpg"},"slider":{"file":"witzel2_Image-1-754x400.jpg","width":754,"height":400,"mime_type":"image\/jpeg","source_url":"https:\/\/rioonwatch.org\/wp-content\/uploads\/2019\/01\/witzel2_Image-1-754x400.jpg"},"content":{"file":"witzel2_Image-1-620x264.jpg","width":620,"height":264,"mime_type":"image\/jpeg","source_url":"https:\/\/rioonwatch.org\/wp-content\/uploads\/2019\/01\/witzel2_Image-1-620x264.jpg"},"spotlight":{"file":"witzel2_Image-1-580x326.jpg","width":580,"height":326,"mime_type":"image\/jpeg","source_url":"https:\/\/rioonwatch.org\/wp-content\/uploads\/2019\/01\/witzel2_Image-1-580x326.jpg"},"loop":{"file":"witzel2_Image-1-174x131.jpg","width":174,"height":131,"mime_type":"image\/jpeg","source_url":"https:\/\/rioonwatch.org\/wp-content\/uploads\/2019\/01\/witzel2_Image-1-174x131.jpg"},"carousel":{"file":"witzel2_Image-1-174x98.jpg","width":174,"height":98,"mime_type":"image\/jpeg","source_url":"https:\/\/rioonwatch.org\/wp-content\/uploads\/2019\/01\/witzel2_Image-1-174x98.jpg"},"cp_large":{"file":"witzel2_Image-1-300x225.jpg","width":300,"height":225,"mime_type":"image\/jpeg","source_url":"https:\/\/rioonwatch.org\/wp-content\/uploads\/2019\/01\/witzel2_Image-1-300x225.jpg"},"cp_small":{"file":"witzel2_Image-1-70x53.jpg","width":70,"height":53,"mime_type":"image\/jpeg","source_url":"https:\/\/rioonwatch.org\/wp-content\/uploads\/2019\/01\/witzel2_Image-1-70x53.jpg"},"full":{"file":"witzel2_Image-1.jpg","width":754,"height":503,"mime_type":"image\/jpeg","source_url":"https:\/\/rioonwatch.org\/wp-content\/uploads\/2019\/01\/witzel2_Image-1.jpg"}},"image_meta":{"aperture":"3.2","credit":"Wilson Dias\/Ag\u00eancia Brasil","camera":"Canon EOS-1D X","caption":"O governador eleito do Rio de Janeiro, Wilson Witzel, fala \u00e0 imprensa ap\u00f3s reuni\u00e3o com o presidente Michel Temer, Pal\u00e1cio do Planalto.","created_timestamp":"1541608407","copyright":"","focal_length":"200","iso":"3200","shutter_speed":"0.00625","title":"","orientation":"1","keywords":[]}},"post":50280,"source_url":"https:\/\/rioonwatch.org\/wp-content\/uploads\/2019\/01\/witzel2_Image-1.jpg","_links":{"self":[{"href":"https:\/\/rioonwatch.org\/index.php?rest_route=\/wp\/v2\/media\/50282","targetHints":{"allow":["GET"]}}],"collection":[{"href":"https:\/\/rioonwatch.org\/index.php?rest_route=\/wp\/v2\/media"}],"about":[{"href":"https:\/\/rioonwatch.org\/index.php?rest_route=\/wp\/v2\/types\/attachment"}],"author":[{"embeddable":true,"href":"https:\/\/rioonwatch.org\/index.php?rest_route=\/wp\/v2\/users\/156"}],"replies":[{"embeddable":true,"href":"https:\/\/rioonwatch.org\/index.php?rest_route=%2Fwp%2Fv2%2Fcomments&post=50282"}]}}

The governor-elect of Rio de Janeiro, Wilson Witzel, speaks to the press after meeting with President Michel Temer, Palácio do Planalto.

<p class="attachment"><a href='https://rioonwatch.org/wp-content/uploads/2019/01/witzel2_Image-1.jpg'><img fetchpriority="high" decoding="async" width="620" height="414" src="https://rioonwatch.org/wp-content/uploads/2019/01/witzel2_Image-1-620x414.jpg" class="attachment-medium size-medium" alt="The governor-elect of Rio de Janeiro, Wilson Witzel, speaks to the press after meeting with President Michel Temer, Palácio do Planalto." srcset="https://rioonwatch.org/wp-content/uploads/2019/01/witzel2_Image-1-620x414.jpg 620w, https://rioonwatch.org/wp-content/uploads/2019/01/witzel2_Image-1-300x200.jpg 300w, https://rioonwatch.org/wp-content/uploads/2019/01/witzel2_Image-1.jpg 754w" sizes="(max-width: 620px) 100vw, 620px" /></a></p>

Wilson Dias/Agência Brasil

O governador eleito do Rio de Janeiro, Wilson Witzel, fala à imprensa após reunião com o presidente Michel Temer, Palácio do Planalto.
