{"id":50311,"date":"2019-01-02T11:33:08","date_gmt":"2019-01-02T14:33:08","guid":{"rendered":"http:\/\/www.rioonwatch.org\/wp-content\/uploads\/2019\/01\/witzel2.jpg"},"modified":"2019-01-02T11:33:08","modified_gmt":"2019-01-02T14:33:08","slug":"witzel2","status":"inherit","type":"attachment","link":"https:\/\/rioonwatch.org\/?attachment_id=50311","title":{"rendered":"witzel2"},"author":5,"featured_media":0,"comment_status":"closed","ping_status":"closed","template":"","meta":{"_monsterinsights_skip_tracking":false,"_monsterinsights_sitenote_active":false,"_monsterinsights_sitenote_note":"","_monsterinsights_sitenote_category":0},"class_list":["post-50311","attachment","type-attachment","status-inherit"],"description":{"rendered":"<p class=\"attachment\"><a href='https:\/\/rioonwatch.org\/wp-content\/uploads\/2019\/01\/witzel2.jpg'><img fetchpriority=\"high\" decoding=\"async\" width=\"300\" height=\"200\" src=\"https:\/\/rioonwatch.org\/wp-content\/uploads\/2019\/01\/witzel2-300x200.jpg\" class=\"attachment-medium size-medium\" alt=\"\" srcset=\"https:\/\/rioonwatch.org\/wp-content\/uploads\/2019\/01\/witzel2-300x200.jpg 300w, https:\/\/rioonwatch.org\/wp-content\/uploads\/2019\/01\/witzel2.jpg 754w\" sizes=\"(max-width: 300px) 100vw, 300px\" \/><\/a><\/p>\n"},"caption":{"rendered":"<div class=\"mh-excerpt\"><p>O governador eleito do Rio de Janeiro, Wilson Witzel, fala \u00e0 imprensa ap\u00f3s reuni\u00e3o com o presidente Michel Temer, Pal\u00e1cio do Planalto. <a class=\"mh-excerpt-more\" href=\"https:\/\/rioonwatch.org\/?attachment_id=50311\" title=\"witzel2\">[&#8230;]<\/a><\/p>\n<\/div>"},"alt_text":"","media_type":"image","mime_type":"image\/jpeg","media_details":{"width":754,"height":503,"hwstring_small":"height='85' width='128'","file":"2019\/01\/witzel2.jpg","sizes":{"thumbnail":{"file":"witzel2-620x264.jpg","width":620,"height":264,"mime_type":"image\/jpeg","source_url":"https:\/\/rioonwatch.org\/wp-content\/uploads\/2019\/01\/witzel2-620x264.jpg"},"medium":{"file":"witzel2-300x200.jpg","width":300,"height":200,"mime_type":"image\/jpeg","source_url":"https:\/\/rioonwatch.org\/wp-content\/uploads\/2019\/01\/witzel2-300x200.jpg"},"slider":{"file":"witzel2-754x400.jpg","width":754,"height":400,"mime_type":"image\/jpeg","source_url":"https:\/\/rioonwatch.org\/wp-content\/uploads\/2019\/01\/witzel2-754x400.jpg"},"content":{"file":"witzel2-620x264.jpg","width":620,"height":264,"mime_type":"image\/jpeg","source_url":"https:\/\/rioonwatch.org\/wp-content\/uploads\/2019\/01\/witzel2-620x264.jpg"},"spotlight":{"file":"witzel2-580x326.jpg","width":580,"height":326,"mime_type":"image\/jpeg","source_url":"https:\/\/rioonwatch.org\/wp-content\/uploads\/2019\/01\/witzel2-580x326.jpg"},"loop":{"file":"witzel2-174x131.jpg","width":174,"height":131,"mime_type":"image\/jpeg","source_url":"https:\/\/rioonwatch.org\/wp-content\/uploads\/2019\/01\/witzel2-174x131.jpg"},"carousel":{"file":"witzel2-174x98.jpg","width":174,"height":98,"mime_type":"image\/jpeg","source_url":"https:\/\/rioonwatch.org\/wp-content\/uploads\/2019\/01\/witzel2-174x98.jpg"},"cp_large":{"file":"witzel2-300x225.jpg","width":300,"height":225,"mime_type":"image\/jpeg","source_url":"https:\/\/rioonwatch.org\/wp-content\/uploads\/2019\/01\/witzel2-300x225.jpg"},"cp_small":{"file":"witzel2-70x53.jpg","width":70,"height":53,"mime_type":"image\/jpeg","source_url":"https:\/\/rioonwatch.org\/wp-content\/uploads\/2019\/01\/witzel2-70x53.jpg"},"mh-magazine-medium":{"file":"witzel2-326x245.jpg","width":326,"height":245,"mime_type":"image\/jpeg","source_url":"https:\/\/rioonwatch.org\/wp-content\/uploads\/2019\/01\/witzel2-326x245.jpg"},"full":{"file":"witzel2.jpg","width":754,"height":503,"mime_type":"image\/jpeg","source_url":"https:\/\/rioonwatch.org\/wp-content\/uploads\/2019\/01\/witzel2.jpg"}},"image_meta":{"aperture":"3.2","credit":"Wilson Dias\/Ag\u00eancia Brasil","camera":"Canon EOS-1D X","caption":"O governador eleito do Rio de Janeiro, Wilson Witzel, fala \u00e0 imprensa ap\u00f3s reuni\u00e3o com o presidente Michel Temer, Pal\u00e1cio do Planalto.","created_timestamp":"1541608407","copyright":"","focal_length":"200","iso":"3200","shutter_speed":"0.00625","title":"","orientation":"1","keywords":[]}},"post":50280,"source_url":"https:\/\/rioonwatch.org\/wp-content\/uploads\/2019\/01\/witzel2.jpg","_links":{"self":[{"href":"https:\/\/rioonwatch.org\/index.php?rest_route=\/wp\/v2\/media\/50311","targetHints":{"allow":["GET"]}}],"collection":[{"href":"https:\/\/rioonwatch.org\/index.php?rest_route=\/wp\/v2\/media"}],"about":[{"href":"https:\/\/rioonwatch.org\/index.php?rest_route=\/wp\/v2\/types\/attachment"}],"author":[{"embeddable":true,"href":"https:\/\/rioonwatch.org\/index.php?rest_route=\/wp\/v2\/users\/5"}],"replies":[{"embeddable":true,"href":"https:\/\/rioonwatch.org\/index.php?rest_route=%2Fwp%2Fv2%2Fcomments&post=50311"}]}}

<div class="mh-excerpt"><p>O governador eleito do Rio de Janeiro, Wilson Witzel, fala à imprensa após reunião com o presidente Michel Temer, Palácio do Planalto. <a class="mh-excerpt-more" href="https://rioonwatch.org/?attachment_id=50311" title="witzel2">[&#8230;]</a></p>
</div>

Wilson Dias/Agência Brasil

O governador eleito do Rio de Janeiro, Wilson Witzel, fala à imprensa após reunião com o presidente Michel Temer, Palácio do Planalto.
