{"id":53615,"date":"2019-05-31T10:20:47","date_gmt":"2019-05-31T13:20:47","guid":{"rendered":"http:\/\/www.rioonwatch.org\/wp-content\/uploads\/2019\/05\/Mare\u0301-Open-Air-Museum-3.jpg"},"modified":"2019-05-31T10:20:47","modified_gmt":"2019-05-31T13:20:47","slug":"mare-open-air-museum-3","status":"inherit","type":"attachment","link":"https:\/\/rioonwatch.org\/?attachment_id=53615","title":{"rendered":"Mare\u0301 Open-Air Museum 3"},"author":78,"featured_media":0,"comment_status":"closed","ping_status":"closed","template":"","meta":{"_monsterinsights_skip_tracking":false,"_monsterinsights_sitenote_active":false,"_monsterinsights_sitenote_note":"","_monsterinsights_sitenote_category":0},"class_list":["post-53615","attachment","type-attachment","status-inherit"],"description":{"rendered":"<p class=\"attachment\"><a href='https:\/\/rioonwatch.org\/wp-content\/uploads\/2019\/05\/Mare\u0301-Open-Air-Museum-3.jpg'><img fetchpriority=\"high\" decoding=\"async\" width=\"300\" height=\"200\" src=\"https:\/\/rioonwatch.org\/wp-content\/uploads\/2019\/05\/Mare\u0301-Open-Air-Museum-3-300x200.jpg\" class=\"attachment-medium size-medium\" alt=\"\" srcset=\"https:\/\/rioonwatch.org\/wp-content\/uploads\/2019\/05\/Mare\u0301-Open-Air-Museum-3-300x200.jpg 300w, https:\/\/rioonwatch.org\/wp-content\/uploads\/2019\/05\/Mare\u0301-Open-Air-Museum-3-768x512.jpg 768w, https:\/\/rioonwatch.org\/wp-content\/uploads\/2019\/05\/Mare\u0301-Open-Air-Museum-3-1024x683.jpg 1024w, https:\/\/rioonwatch.org\/wp-content\/uploads\/2019\/05\/Mare\u0301-Open-Air-Museum-3.jpg 1500w\" sizes=\"(max-width: 300px) 100vw, 300px\" \/><\/a><\/p>\n"},"caption":{"rendered":"<div class=\"mh-excerpt\"><p>Roda de conversa com o projeto &#8220;Mar\u00e9 a C\u00e9u Aberto&#8221; no Centro de Artes da Mar\u00e9. Foto \u00a9 Douglas Lopes. <a class=\"mh-excerpt-more\" href=\"https:\/\/rioonwatch.org\/?attachment_id=53615\" title=\"Mare\u0301 Open-Air Museum 3\">[&#8230;]<\/a><\/p>\n<\/div>"},"alt_text":"","media_type":"image","mime_type":"image\/jpeg","media_details":{"width":1500,"height":1000,"hwstring_small":"height='85' width='128'","file":"2019\/05\/Mare\u0301-Open-Air-Museum-3.jpg","sizes":{"thumbnail":{"file":"Mare\u0301-Open-Air-Museum-3-620x264.jpg","width":620,"height":264,"mime_type":"image\/jpeg","source_url":"https:\/\/rioonwatch.org\/wp-content\/uploads\/2019\/05\/Mare\u0301-Open-Air-Museum-3-620x264.jpg"},"medium":{"file":"Mare\u0301-Open-Air-Museum-3-300x200.jpg","width":300,"height":200,"mime_type":"image\/jpeg","source_url":"https:\/\/rioonwatch.org\/wp-content\/uploads\/2019\/05\/Mare\u0301-Open-Air-Museum-3-300x200.jpg"},"medium_large":{"file":"Mare\u0301-Open-Air-Museum-3-768x512.jpg","width":768,"height":512,"mime_type":"image\/jpeg","source_url":"https:\/\/rioonwatch.org\/wp-content\/uploads\/2019\/05\/Mare\u0301-Open-Air-Museum-3-768x512.jpg"},"large":{"file":"Mare\u0301-Open-Air-Museum-3-1024x683.jpg","width":1024,"height":683,"mime_type":"image\/jpeg","source_url":"https:\/\/rioonwatch.org\/wp-content\/uploads\/2019\/05\/Mare\u0301-Open-Air-Museum-3-1024x683.jpg"},"slider":{"file":"Mare\u0301-Open-Air-Museum-3-940x400.jpg","width":940,"height":400,"mime_type":"image\/jpeg","source_url":"https:\/\/rioonwatch.org\/wp-content\/uploads\/2019\/05\/Mare\u0301-Open-Air-Museum-3-940x400.jpg"},"content":{"file":"Mare\u0301-Open-Air-Museum-3-620x264.jpg","width":620,"height":264,"mime_type":"image\/jpeg","source_url":"https:\/\/rioonwatch.org\/wp-content\/uploads\/2019\/05\/Mare\u0301-Open-Air-Museum-3-620x264.jpg"},"spotlight":{"file":"Mare\u0301-Open-Air-Museum-3-580x326.jpg","width":580,"height":326,"mime_type":"image\/jpeg","source_url":"https:\/\/rioonwatch.org\/wp-content\/uploads\/2019\/05\/Mare\u0301-Open-Air-Museum-3-580x326.jpg"},"loop":{"file":"Mare\u0301-Open-Air-Museum-3-174x131.jpg","width":174,"height":131,"mime_type":"image\/jpeg","source_url":"https:\/\/rioonwatch.org\/wp-content\/uploads\/2019\/05\/Mare\u0301-Open-Air-Museum-3-174x131.jpg"},"carousel":{"file":"Mare\u0301-Open-Air-Museum-3-174x98.jpg","width":174,"height":98,"mime_type":"image\/jpeg","source_url":"https:\/\/rioonwatch.org\/wp-content\/uploads\/2019\/05\/Mare\u0301-Open-Air-Museum-3-174x98.jpg"},"cp_large":{"file":"Mare\u0301-Open-Air-Museum-3-300x225.jpg","width":300,"height":225,"mime_type":"image\/jpeg","source_url":"https:\/\/rioonwatch.org\/wp-content\/uploads\/2019\/05\/Mare\u0301-Open-Air-Museum-3-300x225.jpg"},"cp_small":{"file":"Mare\u0301-Open-Air-Museum-3-70x53.jpg","width":70,"height":53,"mime_type":"image\/jpeg","source_url":"https:\/\/rioonwatch.org\/wp-content\/uploads\/2019\/05\/Mare\u0301-Open-Air-Museum-3-70x53.jpg"},"mh-magazine-medium":{"file":"Mare\u0301-Open-Air-Museum-3-326x245.jpg","width":326,"height":245,"mime_type":"image\/jpeg","source_url":"https:\/\/rioonwatch.org\/wp-content\/uploads\/2019\/05\/Mare\u0301-Open-Air-Museum-3-326x245.jpg"},"full":{"file":"Mare\u0301-Open-Air-Museum-3.jpg","width":1500,"height":1000,"mime_type":"image\/jpeg","source_url":"https:\/\/rioonwatch.org\/wp-content\/uploads\/2019\/05\/Mare\u0301-Open-Air-Museum-3.jpg"}},"image_meta":{"aperture":"4.5","credit":"Douglas Lopes","camera":"Canon EOS 7D","caption":"Roda de conversa com o projeto \"Mar\u00e9 a C\u00e9u Aberto\" no Centro de Artes da Mar\u00e9. Foto \u00a9 Douglas Lopes.","created_timestamp":"1553855064","copyright":"Douglas Lopes : Redes da Mar\u00e9","focal_length":"40","iso":"2500","shutter_speed":"0.008","title":"","orientation":"1","keywords":["2019","Biblioteca","Brasil","Cultura","Douglas Lopes","Educa\u00e7\u00e3o","Favela","Itau Cultural","Mar\u00e9","RJ","Rio de janeiro","arte","complexo","lauta taves","mar\u00e9 a c\u00e9u aberto","territ\u00f3rio"]}},"post":53610,"source_url":"https:\/\/rioonwatch.org\/wp-content\/uploads\/2019\/05\/Mare\u0301-Open-Air-Museum-3.jpg","_links":{"self":[{"href":"https:\/\/rioonwatch.org\/index.php?rest_route=\/wp\/v2\/media\/53615","targetHints":{"allow":["GET"]}}],"collection":[{"href":"https:\/\/rioonwatch.org\/index.php?rest_route=\/wp\/v2\/media"}],"about":[{"href":"https:\/\/rioonwatch.org\/index.php?rest_route=\/wp\/v2\/types\/attachment"}],"author":[{"embeddable":true,"href":"https:\/\/rioonwatch.org\/index.php?rest_route=\/wp\/v2\/users\/78"}],"replies":[{"embeddable":true,"href":"https:\/\/rioonwatch.org\/index.php?rest_route=%2Fwp%2Fv2%2Fcomments&post=53615"}]}}

<div class="mh-excerpt"><p>Roda de conversa com o projeto &#8220;Maré a Céu Aberto&#8221; no Centro de Artes da Maré. Foto © Douglas Lopes. <a class="mh-excerpt-more" href="https://rioonwatch.org/?attachment_id=53615" title="Maré Open-Air Museum 3">[&#8230;]</a></p>
</div>

Roda de conversa com o projeto "Maré a Céu Aberto" no Centro de Artes da Maré. Foto © Douglas Lopes.

Douglas Lopes : Redes da Maré

Educação

Maré

maré a céu aberto

território
