{"id":58458,"date":"2020-03-24T15:29:02","date_gmt":"2020-03-24T18:29:02","guid":{"rendered":"https:\/\/www.rioonwatch.org\/wp-content\/uploads\/2020\/03\/Water-tanks-in-the-Complexo-do-Alem\u00e3o-favelas-in-the-North-Zone-of-Rio.-Photo-Ti\u00ea-Vasconcelos-Voz-das-Comunidades.jpg"},"modified":"2020-03-24T15:29:02","modified_gmt":"2020-03-24T18:29:02","slug":"water-tanks-in-the-complexo-do-alemao-favelas-in-the-north-zone-of-rio-photo-tie-vasconcelos-voz-das-comunidades","status":"inherit","type":"attachment","link":"https:\/\/rioonwatch.org\/?attachment_id=58458","title":{"rendered":"Water tanks in the Complexo do Alem\u00e3o favelas in the North Zone of Rio. Photo &#8211; Ti\u00ea Vasconcelos, Voz das Comunidades"},"author":162,"featured_media":0,"comment_status":"closed","ping_status":"closed","template":"","meta":{"_monsterinsights_skip_tracking":false,"_monsterinsights_sitenote_active":false,"_monsterinsights_sitenote_note":"","_monsterinsights_sitenote_category":0},"class_list":["post-58458","attachment","type-attachment","status-inherit"],"description":{"rendered":"<p class=\"attachment\"><a href='https:\/\/rioonwatch.org\/wp-content\/uploads\/2020\/03\/Water-tanks-in-the-Complexo-do-Alem\u00e3o-favelas-in-the-North-Zone-of-Rio.-Photo-Ti\u00ea-Vasconcelos-Voz-das-Comunidades.jpg'><img fetchpriority=\"high\" decoding=\"async\" width=\"620\" height=\"349\" src=\"https:\/\/rioonwatch.org\/wp-content\/uploads\/2020\/03\/Water-tanks-in-the-Complexo-do-Alem\u00e3o-favelas-in-the-North-Zone-of-Rio.-Photo-Ti\u00ea-Vasconcelos-Voz-das-Comunidades-620x349.jpg\" class=\"attachment-medium size-medium\" alt=\"\" srcset=\"https:\/\/rioonwatch.org\/wp-content\/uploads\/2020\/03\/Water-tanks-in-the-Complexo-do-Alem\u00e3o-favelas-in-the-North-Zone-of-Rio.-Photo-Ti\u00ea-Vasconcelos-Voz-das-Comunidades-620x349.jpg 620w, https:\/\/rioonwatch.org\/wp-content\/uploads\/2020\/03\/Water-tanks-in-the-Complexo-do-Alem\u00e3o-favelas-in-the-North-Zone-of-Rio.-Photo-Ti\u00ea-Vasconcelos-Voz-das-Comunidades-768x432.jpg 768w, https:\/\/rioonwatch.org\/wp-content\/uploads\/2020\/03\/Water-tanks-in-the-Complexo-do-Alem\u00e3o-favelas-in-the-North-Zone-of-Rio.-Photo-Ti\u00ea-Vasconcelos-Voz-das-Comunidades-300x169.jpg 300w, https:\/\/rioonwatch.org\/wp-content\/uploads\/2020\/03\/Water-tanks-in-the-Complexo-do-Alem\u00e3o-favelas-in-the-North-Zone-of-Rio.-Photo-Ti\u00ea-Vasconcelos-Voz-das-Comunidades-678x381.jpg 678w, https:\/\/rioonwatch.org\/wp-content\/uploads\/2020\/03\/Water-tanks-in-the-Complexo-do-Alem\u00e3o-favelas-in-the-North-Zone-of-Rio.-Photo-Ti\u00ea-Vasconcelos-Voz-das-Comunidades-580x326.jpg 580w, https:\/\/rioonwatch.org\/wp-content\/uploads\/2020\/03\/Water-tanks-in-the-Complexo-do-Alem\u00e3o-favelas-in-the-North-Zone-of-Rio.-Photo-Ti\u00ea-Vasconcelos-Voz-das-Comunidades-174x98.jpg 174w, https:\/\/rioonwatch.org\/wp-content\/uploads\/2020\/03\/Water-tanks-in-the-Complexo-do-Alem\u00e3o-favelas-in-the-North-Zone-of-Rio.-Photo-Ti\u00ea-Vasconcelos-Voz-das-Comunidades.jpg 900w\" sizes=\"(max-width: 620px) 100vw, 620px\" \/><\/a><\/p>\n"},"caption":{"rendered":"<div class=\"mh-excerpt\"><\/div>"},"alt_text":"","media_type":"image","mime_type":"image\/jpeg","media_details":{"width":900,"height":506,"file":"2020\/03\/Water-tanks-in-the-Complexo-do-Alem\u00e3o-favelas-in-the-North-Zone-of-Rio.-Photo-Ti\u00ea-Vasconcelos-Voz-das-Comunidades.jpg","sizes":{"medium":{"file":"Water-tanks-in-the-Complexo-do-Alem\u00e3o-favelas-in-the-North-Zone-of-Rio.-Photo-Ti\u00ea-Vasconcelos-Voz-das-Comunidades-620x349.jpg","width":620,"height":349,"mime_type":"image\/jpeg","source_url":"https:\/\/rioonwatch.org\/wp-content\/uploads\/2020\/03\/Water-tanks-in-the-Complexo-do-Alem\u00e3o-favelas-in-the-North-Zone-of-Rio.-Photo-Ti\u00ea-Vasconcelos-Voz-das-Comunidades-620x349.jpg"},"thumbnail":{"file":"Water-tanks-in-the-Complexo-do-Alem\u00e3o-favelas-in-the-North-Zone-of-Rio.-Photo-Ti\u00ea-Vasconcelos-Voz-das-Comunidades-620x264.jpg","width":620,"height":264,"mime_type":"image\/jpeg","source_url":"https:\/\/rioonwatch.org\/wp-content\/uploads\/2020\/03\/Water-tanks-in-the-Complexo-do-Alem\u00e3o-favelas-in-the-North-Zone-of-Rio.-Photo-Ti\u00ea-Vasconcelos-Voz-das-Comunidades-620x264.jpg"},"medium_large":{"file":"Water-tanks-in-the-Complexo-do-Alem\u00e3o-favelas-in-the-North-Zone-of-Rio.-Photo-Ti\u00ea-Vasconcelos-Voz-das-Comunidades-768x432.jpg","width":768,"height":432,"mime_type":"image\/jpeg","source_url":"https:\/\/rioonwatch.org\/wp-content\/uploads\/2020\/03\/Water-tanks-in-the-Complexo-do-Alem\u00e3o-favelas-in-the-North-Zone-of-Rio.-Photo-Ti\u00ea-Vasconcelos-Voz-das-Comunidades-768x432.jpg"},"mh-magazine-slider":{"file":"Water-tanks-in-the-Complexo-do-Alem\u00e3o-favelas-in-the-North-Zone-of-Rio.-Photo-Ti\u00ea-Vasconcelos-Voz-das-Comunidades-620x264.jpg","width":620,"height":264,"mime_type":"image\/jpeg","source_url":"https:\/\/rioonwatch.org\/wp-content\/uploads\/2020\/03\/Water-tanks-in-the-Complexo-do-Alem\u00e3o-favelas-in-the-North-Zone-of-Rio.-Photo-Ti\u00ea-Vasconcelos-Voz-das-Comunidades-620x264.jpg"},"mh-magazine-content":{"file":"Water-tanks-in-the-Complexo-do-Alem\u00e3o-favelas-in-the-North-Zone-of-Rio.-Photo-Ti\u00ea-Vasconcelos-Voz-das-Comunidades-620x264.jpg","width":620,"height":264,"mime_type":"image\/jpeg","source_url":"https:\/\/rioonwatch.org\/wp-content\/uploads\/2020\/03\/Water-tanks-in-the-Complexo-do-Alem\u00e3o-favelas-in-the-North-Zone-of-Rio.-Photo-Ti\u00ea-Vasconcelos-Voz-das-Comunidades-620x264.jpg"},"mh-magazine-large":{"file":"Water-tanks-in-the-Complexo-do-Alem\u00e3o-favelas-in-the-North-Zone-of-Rio.-Photo-Ti\u00ea-Vasconcelos-Voz-das-Comunidades-678x506.jpg","width":678,"height":506,"mime_type":"image\/jpeg","source_url":"https:\/\/rioonwatch.org\/wp-content\/uploads\/2020\/03\/Water-tanks-in-the-Complexo-do-Alem\u00e3o-favelas-in-the-North-Zone-of-Rio.-Photo-Ti\u00ea-Vasconcelos-Voz-das-Comunidades-678x506.jpg"},"mh-magazine-medium":{"file":"Water-tanks-in-the-Complexo-do-Alem\u00e3o-favelas-in-the-North-Zone-of-Rio.-Photo-Ti\u00ea-Vasconcelos-Voz-das-Comunidades-326x245.jpg","width":326,"height":245,"mime_type":"image\/jpeg","source_url":"https:\/\/rioonwatch.org\/wp-content\/uploads\/2020\/03\/Water-tanks-in-the-Complexo-do-Alem\u00e3o-favelas-in-the-North-Zone-of-Rio.-Photo-Ti\u00ea-Vasconcelos-Voz-das-Comunidades-326x245.jpg"},"mh-magazine-small":{"file":"Water-tanks-in-the-Complexo-do-Alem\u00e3o-favelas-in-the-North-Zone-of-Rio.-Photo-Ti\u00ea-Vasconcelos-Voz-das-Comunidades-80x60.jpg","width":80,"height":60,"mime_type":"image\/jpeg","source_url":"https:\/\/rioonwatch.org\/wp-content\/uploads\/2020\/03\/Water-tanks-in-the-Complexo-do-Alem\u00e3o-favelas-in-the-North-Zone-of-Rio.-Photo-Ti\u00ea-Vasconcelos-Voz-das-Comunidades-80x60.jpg"},"mh-magazine-slider_old_900x438":{"file":"Water-tanks-in-the-Complexo-do-Alem\u00e3o-favelas-in-the-North-Zone-of-Rio.-Photo-Ti\u00ea-Vasconcelos-Voz-das-Comunidades-900x438.jpg","width":900,"height":438,"mime_type":"image\/jpeg","source_url":"https:\/\/rioonwatch.org\/wp-content\/uploads\/2020\/03\/Water-tanks-in-the-Complexo-do-Alem\u00e3o-favelas-in-the-North-Zone-of-Rio.-Photo-Ti\u00ea-Vasconcelos-Voz-das-Comunidades-900x438.jpg"},"medium_old_300x169":{"file":"Water-tanks-in-the-Complexo-do-Alem\u00e3o-favelas-in-the-North-Zone-of-Rio.-Photo-Ti\u00ea-Vasconcelos-Voz-das-Comunidades-300x169.jpg","width":300,"height":169,"mime_type":"image\/jpeg","source_url":"https:\/\/rioonwatch.org\/wp-content\/uploads\/2020\/03\/Water-tanks-in-the-Complexo-do-Alem\u00e3o-favelas-in-the-North-Zone-of-Rio.-Photo-Ti\u00ea-Vasconcelos-Voz-das-Comunidades-300x169.jpg"},"mh-magazine-content_old_678x381":{"file":"Water-tanks-in-the-Complexo-do-Alem\u00e3o-favelas-in-the-North-Zone-of-Rio.-Photo-Ti\u00ea-Vasconcelos-Voz-das-Comunidades-678x381.jpg","width":678,"height":381,"mime_type":"image\/jpeg","source_url":"https:\/\/rioonwatch.org\/wp-content\/uploads\/2020\/03\/Water-tanks-in-the-Complexo-do-Alem\u00e3o-favelas-in-the-North-Zone-of-Rio.-Photo-Ti\u00ea-Vasconcelos-Voz-das-Comunidades-678x381.jpg"},"slider":{"file":"Water-tanks-in-the-Complexo-do-Alem\u00e3o-favelas-in-the-North-Zone-of-Rio.-Photo-Ti\u00ea-Vasconcelos-Voz-das-Comunidades-900x400.jpg","width":900,"height":400,"mime_type":"image\/jpeg","source_url":"https:\/\/rioonwatch.org\/wp-content\/uploads\/2020\/03\/Water-tanks-in-the-Complexo-do-Alem\u00e3o-favelas-in-the-North-Zone-of-Rio.-Photo-Ti\u00ea-Vasconcelos-Voz-das-Comunidades-900x400.jpg"},"content":{"file":"Water-tanks-in-the-Complexo-do-Alem\u00e3o-favelas-in-the-North-Zone-of-Rio.-Photo-Ti\u00ea-Vasconcelos-Voz-das-Comunidades-620x264.jpg","width":620,"height":264,"mime_type":"image\/jpeg","source_url":"https:\/\/rioonwatch.org\/wp-content\/uploads\/2020\/03\/Water-tanks-in-the-Complexo-do-Alem\u00e3o-favelas-in-the-North-Zone-of-Rio.-Photo-Ti\u00ea-Vasconcelos-Voz-das-Comunidades-620x264.jpg"},"spotlight":{"file":"Water-tanks-in-the-Complexo-do-Alem\u00e3o-favelas-in-the-North-Zone-of-Rio.-Photo-Ti\u00ea-Vasconcelos-Voz-das-Comunidades-580x326.jpg","width":580,"height":326,"mime_type":"image\/jpeg","source_url":"https:\/\/rioonwatch.org\/wp-content\/uploads\/2020\/03\/Water-tanks-in-the-Complexo-do-Alem\u00e3o-favelas-in-the-North-Zone-of-Rio.-Photo-Ti\u00ea-Vasconcelos-Voz-das-Comunidades-580x326.jpg"},"loop":{"file":"Water-tanks-in-the-Complexo-do-Alem\u00e3o-favelas-in-the-North-Zone-of-Rio.-Photo-Ti\u00ea-Vasconcelos-Voz-das-Comunidades-174x131.jpg","width":174,"height":131,"mime_type":"image\/jpeg","source_url":"https:\/\/rioonwatch.org\/wp-content\/uploads\/2020\/03\/Water-tanks-in-the-Complexo-do-Alem\u00e3o-favelas-in-the-North-Zone-of-Rio.-Photo-Ti\u00ea-Vasconcelos-Voz-das-Comunidades-174x131.jpg"},"carousel":{"file":"Water-tanks-in-the-Complexo-do-Alem\u00e3o-favelas-in-the-North-Zone-of-Rio.-Photo-Ti\u00ea-Vasconcelos-Voz-das-Comunidades-174x98.jpg","width":174,"height":98,"mime_type":"image\/jpeg","source_url":"https:\/\/rioonwatch.org\/wp-content\/uploads\/2020\/03\/Water-tanks-in-the-Complexo-do-Alem\u00e3o-favelas-in-the-North-Zone-of-Rio.-Photo-Ti\u00ea-Vasconcelos-Voz-das-Comunidades-174x98.jpg"},"cp_large":{"file":"Water-tanks-in-the-Complexo-do-Alem\u00e3o-favelas-in-the-North-Zone-of-Rio.-Photo-Ti\u00ea-Vasconcelos-Voz-das-Comunidades-300x225.jpg","width":300,"height":225,"mime_type":"image\/jpeg","source_url":"https:\/\/rioonwatch.org\/wp-content\/uploads\/2020\/03\/Water-tanks-in-the-Complexo-do-Alem\u00e3o-favelas-in-the-North-Zone-of-Rio.-Photo-Ti\u00ea-Vasconcelos-Voz-das-Comunidades-300x225.jpg"},"cp_small":{"file":"Water-tanks-in-the-Complexo-do-Alem\u00e3o-favelas-in-the-North-Zone-of-Rio.-Photo-Ti\u00ea-Vasconcelos-Voz-das-Comunidades-70x53.jpg","width":70,"height":53,"mime_type":"image\/jpeg","source_url":"https:\/\/rioonwatch.org\/wp-content\/uploads\/2020\/03\/Water-tanks-in-the-Complexo-do-Alem\u00e3o-favelas-in-the-North-Zone-of-Rio.-Photo-Ti\u00ea-Vasconcelos-Voz-das-Comunidades-70x53.jpg"},"full":{"file":"Water-tanks-in-the-Complexo-do-Alem\u00e3o-favelas-in-the-North-Zone-of-Rio.-Photo-Ti\u00ea-Vasconcelos-Voz-das-Comunidades.jpg","width":900,"height":506,"mime_type":"image\/jpeg","source_url":"https:\/\/rioonwatch.org\/wp-content\/uploads\/2020\/03\/Water-tanks-in-the-Complexo-do-Alem\u00e3o-favelas-in-the-North-Zone-of-Rio.-Photo-Ti\u00ea-Vasconcelos-Voz-das-Comunidades.jpg"}},"image_meta":{"aperture":"0","credit":"","camera":"","caption":"","created_timestamp":"0","copyright":"","focal_length":"0","iso":"0","shutter_speed":"0","title":"","orientation":"0","keywords":[]}},"post":58422,"source_url":"https:\/\/rioonwatch.org\/wp-content\/uploads\/2020\/03\/Water-tanks-in-the-Complexo-do-Alem\u00e3o-favelas-in-the-North-Zone-of-Rio.-Photo-Ti\u00ea-Vasconcelos-Voz-das-Comunidades.jpg","_links":{"self":[{"href":"https:\/\/rioonwatch.org\/index.php?rest_route=\/wp\/v2\/media\/58458","targetHints":{"allow":["GET"]}}],"collection":[{"href":"https:\/\/rioonwatch.org\/index.php?rest_route=\/wp\/v2\/media"}],"about":[{"href":"https:\/\/rioonwatch.org\/index.php?rest_route=\/wp\/v2\/types\/attachment"}],"author":[{"embeddable":true,"href":"https:\/\/rioonwatch.org\/index.php?rest_route=\/wp\/v2\/users\/162"}],"replies":[{"embeddable":true,"href":"https:\/\/rioonwatch.org\/index.php?rest_route=%2Fwp%2Fv2%2Fcomments&post=58458"}]}}

https://www.rioonwatch.org/wp-content/uploads/2020/03/Water-tanks-in-the-Complexo-do-Alemão-favelas-in-the-North-Zone-of-Rio.-Photo-Tiê-Vasconcelos-Voz-das-Comunidades.jpg

Water tanks in the Complexo do Alemão favelas in the North Zone of Rio. Photo &#8211; Tiê Vasconcelos, Voz das Comunidades

<p class="attachment"><a href='https://rioonwatch.org/wp-content/uploads/2020/03/Water-tanks-in-the-Complexo-do-Alemão-favelas-in-the-North-Zone-of-Rio.-Photo-Tiê-Vasconcelos-Voz-das-Comunidades.jpg'><img fetchpriority="high" decoding="async" width="620" height="349" src="https://rioonwatch.org/wp-content/uploads/2020/03/Water-tanks-in-the-Complexo-do-Alemão-favelas-in-the-North-Zone-of-Rio.-Photo-Tiê-Vasconcelos-Voz-das-Comunidades-620x349.jpg" class="attachment-medium size-medium" alt="" srcset="https://rioonwatch.org/wp-content/uploads/2020/03/Water-tanks-in-the-Complexo-do-Alemão-favelas-in-the-North-Zone-of-Rio.-Photo-Tiê-Vasconcelos-Voz-das-Comunidades-620x349.jpg 620w, https://rioonwatch.org/wp-content/uploads/2020/03/Water-tanks-in-the-Complexo-do-Alemão-favelas-in-the-North-Zone-of-Rio.-Photo-Tiê-Vasconcelos-Voz-das-Comunidades-768x432.jpg 768w, https://rioonwatch.org/wp-content/uploads/2020/03/Water-tanks-in-the-Complexo-do-Alemão-favelas-in-the-North-Zone-of-Rio.-Photo-Tiê-Vasconcelos-Voz-das-Comunidades-300x169.jpg 300w, https://rioonwatch.org/wp-content/uploads/2020/03/Water-tanks-in-the-Complexo-do-Alemão-favelas-in-the-North-Zone-of-Rio.-Photo-Tiê-Vasconcelos-Voz-das-Comunidades-678x381.jpg 678w, https://rioonwatch.org/wp-content/uploads/2020/03/Water-tanks-in-the-Complexo-do-Alemão-favelas-in-the-North-Zone-of-Rio.-Photo-Tiê-Vasconcelos-Voz-das-Comunidades-580x326.jpg 580w, https://rioonwatch.org/wp-content/uploads/2020/03/Water-tanks-in-the-Complexo-do-Alemão-favelas-in-the-North-Zone-of-Rio.-Photo-Tiê-Vasconcelos-Voz-das-Comunidades-174x98.jpg 174w, https://rioonwatch.org/wp-content/uploads/2020/03/Water-tanks-in-the-Complexo-do-Alemão-favelas-in-the-North-Zone-of-Rio.-Photo-Tiê-Vasconcelos-Voz-das-Comunidades.jpg 900w" sizes="(max-width: 620px) 100vw, 620px" /></a></p>

2020/03/Water-tanks-in-the-Complexo-do-Alemão-favelas-in-the-North-Zone-of-Rio.-Photo-Tiê-Vasconcelos-Voz-das-Comunidades.jpg

Water-tanks-in-the-Complexo-do-Alemão-favelas-in-the-North-Zone-of-Rio.-Photo-Tiê-Vasconcelos-Voz-das-Comunidades-620x349.jpg

https://rioonwatch.org/wp-content/uploads/2020/03/Water-tanks-in-the-Complexo-do-Alemão-favelas-in-the-North-Zone-of-Rio.-Photo-Tiê-Vasconcelos-Voz-das-Comunidades-620x349.jpg

Water-tanks-in-the-Complexo-do-Alemão-favelas-in-the-North-Zone-of-Rio.-Photo-Tiê-Vasconcelos-Voz-das-Comunidades-620x264.jpg

https://rioonwatch.org/wp-content/uploads/2020/03/Water-tanks-in-the-Complexo-do-Alemão-favelas-in-the-North-Zone-of-Rio.-Photo-Tiê-Vasconcelos-Voz-das-Comunidades-620x264.jpg

Water-tanks-in-the-Complexo-do-Alemão-favelas-in-the-North-Zone-of-Rio.-Photo-Tiê-Vasconcelos-Voz-das-Comunidades-768x432.jpg

https://rioonwatch.org/wp-content/uploads/2020/03/Water-tanks-in-the-Complexo-do-Alemão-favelas-in-the-North-Zone-of-Rio.-Photo-Tiê-Vasconcelos-Voz-das-Comunidades-768x432.jpg

Water-tanks-in-the-Complexo-do-Alemão-favelas-in-the-North-Zone-of-Rio.-Photo-Tiê-Vasconcelos-Voz-das-Comunidades-678x506.jpg

https://rioonwatch.org/wp-content/uploads/2020/03/Water-tanks-in-the-Complexo-do-Alemão-favelas-in-the-North-Zone-of-Rio.-Photo-Tiê-Vasconcelos-Voz-das-Comunidades-678x506.jpg

Water-tanks-in-the-Complexo-do-Alemão-favelas-in-the-North-Zone-of-Rio.-Photo-Tiê-Vasconcelos-Voz-das-Comunidades-326x245.jpg

https://rioonwatch.org/wp-content/uploads/2020/03/Water-tanks-in-the-Complexo-do-Alemão-favelas-in-the-North-Zone-of-Rio.-Photo-Tiê-Vasconcelos-Voz-das-Comunidades-326x245.jpg

Water-tanks-in-the-Complexo-do-Alemão-favelas-in-the-North-Zone-of-Rio.-Photo-Tiê-Vasconcelos-Voz-das-Comunidades-80x60.jpg

https://rioonwatch.org/wp-content/uploads/2020/03/Water-tanks-in-the-Complexo-do-Alemão-favelas-in-the-North-Zone-of-Rio.-Photo-Tiê-Vasconcelos-Voz-das-Comunidades-80x60.jpg

Water-tanks-in-the-Complexo-do-Alemão-favelas-in-the-North-Zone-of-Rio.-Photo-Tiê-Vasconcelos-Voz-das-Comunidades-900x438.jpg

https://rioonwatch.org/wp-content/uploads/2020/03/Water-tanks-in-the-Complexo-do-Alemão-favelas-in-the-North-Zone-of-Rio.-Photo-Tiê-Vasconcelos-Voz-das-Comunidades-900x438.jpg

Water-tanks-in-the-Complexo-do-Alemão-favelas-in-the-North-Zone-of-Rio.-Photo-Tiê-Vasconcelos-Voz-das-Comunidades-300x169.jpg

https://rioonwatch.org/wp-content/uploads/2020/03/Water-tanks-in-the-Complexo-do-Alemão-favelas-in-the-North-Zone-of-Rio.-Photo-Tiê-Vasconcelos-Voz-das-Comunidades-300x169.jpg

Water-tanks-in-the-Complexo-do-Alemão-favelas-in-the-North-Zone-of-Rio.-Photo-Tiê-Vasconcelos-Voz-das-Comunidades-678x381.jpg

https://rioonwatch.org/wp-content/uploads/2020/03/Water-tanks-in-the-Complexo-do-Alemão-favelas-in-the-North-Zone-of-Rio.-Photo-Tiê-Vasconcelos-Voz-das-Comunidades-678x381.jpg

Water-tanks-in-the-Complexo-do-Alemão-favelas-in-the-North-Zone-of-Rio.-Photo-Tiê-Vasconcelos-Voz-das-Comunidades-900x400.jpg

https://rioonwatch.org/wp-content/uploads/2020/03/Water-tanks-in-the-Complexo-do-Alemão-favelas-in-the-North-Zone-of-Rio.-Photo-Tiê-Vasconcelos-Voz-das-Comunidades-900x400.jpg

Water-tanks-in-the-Complexo-do-Alemão-favelas-in-the-North-Zone-of-Rio.-Photo-Tiê-Vasconcelos-Voz-das-Comunidades-580x326.jpg

https://rioonwatch.org/wp-content/uploads/2020/03/Water-tanks-in-the-Complexo-do-Alemão-favelas-in-the-North-Zone-of-Rio.-Photo-Tiê-Vasconcelos-Voz-das-Comunidades-580x326.jpg

Water-tanks-in-the-Complexo-do-Alemão-favelas-in-the-North-Zone-of-Rio.-Photo-Tiê-Vasconcelos-Voz-das-Comunidades-174x131.jpg

https://rioonwatch.org/wp-content/uploads/2020/03/Water-tanks-in-the-Complexo-do-Alemão-favelas-in-the-North-Zone-of-Rio.-Photo-Tiê-Vasconcelos-Voz-das-Comunidades-174x131.jpg

Water-tanks-in-the-Complexo-do-Alemão-favelas-in-the-North-Zone-of-Rio.-Photo-Tiê-Vasconcelos-Voz-das-Comunidades-174x98.jpg

https://rioonwatch.org/wp-content/uploads/2020/03/Water-tanks-in-the-Complexo-do-Alemão-favelas-in-the-North-Zone-of-Rio.-Photo-Tiê-Vasconcelos-Voz-das-Comunidades-174x98.jpg

Water-tanks-in-the-Complexo-do-Alemão-favelas-in-the-North-Zone-of-Rio.-Photo-Tiê-Vasconcelos-Voz-das-Comunidades-300x225.jpg

https://rioonwatch.org/wp-content/uploads/2020/03/Water-tanks-in-the-Complexo-do-Alemão-favelas-in-the-North-Zone-of-Rio.-Photo-Tiê-Vasconcelos-Voz-das-Comunidades-300x225.jpg

Water-tanks-in-the-Complexo-do-Alemão-favelas-in-the-North-Zone-of-Rio.-Photo-Tiê-Vasconcelos-Voz-das-Comunidades-70x53.jpg

https://rioonwatch.org/wp-content/uploads/2020/03/Water-tanks-in-the-Complexo-do-Alemão-favelas-in-the-North-Zone-of-Rio.-Photo-Tiê-Vasconcelos-Voz-das-Comunidades-70x53.jpg

Water-tanks-in-the-Complexo-do-Alemão-favelas-in-the-North-Zone-of-Rio.-Photo-Tiê-Vasconcelos-Voz-das-Comunidades.jpg

https://rioonwatch.org/wp-content/uploads/2020/03/Water-tanks-in-the-Complexo-do-Alemão-favelas-in-the-North-Zone-of-Rio.-Photo-Tiê-Vasconcelos-Voz-das-Comunidades.jpg
