{"id":63473,"date":"2021-01-05T11:43:35","date_gmt":"2021-01-05T14:43:35","guid":{"rendered":"https:\/\/www.rioonwatch.org\/wp-content\/uploads\/2021\/01\/Protesters-carry-a-banner-with-Marielle-Franco-Street-on-it-in-the-city-of-Santo-Andre-in-the-state-of-Sao-Paulo.-Photo-by-Midia-Ninja..jpg"},"modified":"2021-01-05T11:43:54","modified_gmt":"2021-01-05T14:43:54","slug":"protesters-carry-a-banner-with-marielle-franco-street-on-it-in-the-city-of-santo-andre-in-the-state-of-sao-paulo-photo-by-midia-ninja","status":"inherit","type":"attachment","link":"https:\/\/rioonwatch.org\/?attachment_id=63473","title":{"rendered":"Protesters carry a banner with &#8216;Marielle Franco Street&#8217; on it, in the city of Santo Andr\u00e9, in the state of S\u00e3o Paulo. Photo by: M\u00eddia Ninja."},"author":209,"featured_media":0,"comment_status":"closed","ping_status":"closed","template":"","meta":{"_monsterinsights_skip_tracking":false,"_monsterinsights_sitenote_active":false,"_monsterinsights_sitenote_note":"","_monsterinsights_sitenote_category":0},"class_list":["post-63473","attachment","type-attachment","status-inherit"],"description":{"rendered":"<p class=\"attachment\"><a href='https:\/\/rioonwatch.org\/wp-content\/uploads\/2021\/01\/Protesters-carry-a-banner-with-Marielle-Franco-Street-on-it-in-the-city-of-Santo-Andre-in-the-state-of-Sao-Paulo.-Photo-by-Midia-Ninja..jpg'><img fetchpriority=\"high\" decoding=\"async\" width=\"300\" height=\"300\" src=\"https:\/\/rioonwatch.org\/wp-content\/uploads\/2021\/01\/Protesters-carry-a-banner-with-Marielle-Franco-Street-on-it-in-the-city-of-Santo-Andre-in-the-state-of-Sao-Paulo.-Photo-by-Midia-Ninja.-300x300.jpg\" class=\"attachment-medium size-medium\" alt=\"Protesters carry a banner with &#039;Marielle Franco Street&#039; on it, in the city of Santo Andr\u00e9, in the state of S\u00e3o Paulo. Photo by: M\u00eddia Ninja.\" srcset=\"https:\/\/rioonwatch.org\/wp-content\/uploads\/2021\/01\/Protesters-carry-a-banner-with-Marielle-Franco-Street-on-it-in-the-city-of-Santo-Andre-in-the-state-of-Sao-Paulo.-Photo-by-Midia-Ninja.-300x300.jpg 300w, https:\/\/rioonwatch.org\/wp-content\/uploads\/2021\/01\/Protesters-carry-a-banner-with-Marielle-Franco-Street-on-it-in-the-city-of-Santo-Andre-in-the-state-of-Sao-Paulo.-Photo-by-Midia-Ninja.-768x768.jpg 768w, https:\/\/rioonwatch.org\/wp-content\/uploads\/2021\/01\/Protesters-carry-a-banner-with-Marielle-Franco-Street-on-it-in-the-city-of-Santo-Andre-in-the-state-of-Sao-Paulo.-Photo-by-Midia-Ninja..jpg 960w\" sizes=\"(max-width: 300px) 100vw, 300px\" \/><\/a><\/p>\n"},"caption":{"rendered":"<div class=\"mh-excerpt\"><\/div>"},"alt_text":"Protesters carry a banner with 'Marielle Franco Street' on it, in the city of Santo Andr\u00e9, in the state of S\u00e3o Paulo. Photo by: M\u00eddia Ninja.","media_type":"image","mime_type":"image\/jpeg","media_details":{"width":960,"height":960,"hwstring_small":"height='96' width='96'","file":"2021\/01\/Protesters-carry-a-banner-with-Marielle-Franco-Street-on-it-in-the-city-of-Santo-Andre-in-the-state-of-Sao-Paulo.-Photo-by-Midia-Ninja..jpg","sizes":{"medium":{"file":"Protesters-carry-a-banner-with-Marielle-Franco-Street-on-it-in-the-city-of-Santo-Andre-in-the-state-of-Sao-Paulo.-Photo-by-Midia-Ninja.-300x300.jpg","width":300,"height":300,"mime_type":"image\/jpeg","source_url":"https:\/\/rioonwatch.org\/wp-content\/uploads\/2021\/01\/Protesters-carry-a-banner-with-Marielle-Franco-Street-on-it-in-the-city-of-Santo-Andre-in-the-state-of-Sao-Paulo.-Photo-by-Midia-Ninja.-300x300.jpg"},"thumbnail":{"file":"Protesters-carry-a-banner-with-Marielle-Franco-Street-on-it-in-the-city-of-Santo-Andre-in-the-state-of-Sao-Paulo.-Photo-by-Midia-Ninja.-620x264.jpg","width":620,"height":264,"mime_type":"image\/jpeg","source_url":"https:\/\/rioonwatch.org\/wp-content\/uploads\/2021\/01\/Protesters-carry-a-banner-with-Marielle-Franco-Street-on-it-in-the-city-of-Santo-Andre-in-the-state-of-Sao-Paulo.-Photo-by-Midia-Ninja.-620x264.jpg"},"medium_large":{"file":"Protesters-carry-a-banner-with-Marielle-Franco-Street-on-it-in-the-city-of-Santo-Andre-in-the-state-of-Sao-Paulo.-Photo-by-Midia-Ninja.-768x768.jpg","width":768,"height":768,"mime_type":"image\/jpeg","source_url":"https:\/\/rioonwatch.org\/wp-content\/uploads\/2021\/01\/Protesters-carry-a-banner-with-Marielle-Franco-Street-on-it-in-the-city-of-Santo-Andre-in-the-state-of-Sao-Paulo.-Photo-by-Midia-Ninja.-768x768.jpg"},"slider":{"file":"Protesters-carry-a-banner-with-Marielle-Franco-Street-on-it-in-the-city-of-Santo-Andre-in-the-state-of-Sao-Paulo.-Photo-by-Midia-Ninja.-940x400.jpg","width":940,"height":400,"mime_type":"image\/jpeg","source_url":"https:\/\/rioonwatch.org\/wp-content\/uploads\/2021\/01\/Protesters-carry-a-banner-with-Marielle-Franco-Street-on-it-in-the-city-of-Santo-Andre-in-the-state-of-Sao-Paulo.-Photo-by-Midia-Ninja.-940x400.jpg"},"content":{"file":"Protesters-carry-a-banner-with-Marielle-Franco-Street-on-it-in-the-city-of-Santo-Andre-in-the-state-of-Sao-Paulo.-Photo-by-Midia-Ninja.-620x264.jpg","width":620,"height":264,"mime_type":"image\/jpeg","source_url":"https:\/\/rioonwatch.org\/wp-content\/uploads\/2021\/01\/Protesters-carry-a-banner-with-Marielle-Franco-Street-on-it-in-the-city-of-Santo-Andre-in-the-state-of-Sao-Paulo.-Photo-by-Midia-Ninja.-620x264.jpg"},"spotlight":{"file":"Protesters-carry-a-banner-with-Marielle-Franco-Street-on-it-in-the-city-of-Santo-Andre-in-the-state-of-Sao-Paulo.-Photo-by-Midia-Ninja.-580x326.jpg","width":580,"height":326,"mime_type":"image\/jpeg","source_url":"https:\/\/rioonwatch.org\/wp-content\/uploads\/2021\/01\/Protesters-carry-a-banner-with-Marielle-Franco-Street-on-it-in-the-city-of-Santo-Andre-in-the-state-of-Sao-Paulo.-Photo-by-Midia-Ninja.-580x326.jpg"},"loop":{"file":"Protesters-carry-a-banner-with-Marielle-Franco-Street-on-it-in-the-city-of-Santo-Andre-in-the-state-of-Sao-Paulo.-Photo-by-Midia-Ninja.-174x131.jpg","width":174,"height":131,"mime_type":"image\/jpeg","source_url":"https:\/\/rioonwatch.org\/wp-content\/uploads\/2021\/01\/Protesters-carry-a-banner-with-Marielle-Franco-Street-on-it-in-the-city-of-Santo-Andre-in-the-state-of-Sao-Paulo.-Photo-by-Midia-Ninja.-174x131.jpg"},"carousel":{"file":"Protesters-carry-a-banner-with-Marielle-Franco-Street-on-it-in-the-city-of-Santo-Andre-in-the-state-of-Sao-Paulo.-Photo-by-Midia-Ninja.-174x98.jpg","width":174,"height":98,"mime_type":"image\/jpeg","source_url":"https:\/\/rioonwatch.org\/wp-content\/uploads\/2021\/01\/Protesters-carry-a-banner-with-Marielle-Franco-Street-on-it-in-the-city-of-Santo-Andre-in-the-state-of-Sao-Paulo.-Photo-by-Midia-Ninja.-174x98.jpg"},"cp_large":{"file":"Protesters-carry-a-banner-with-Marielle-Franco-Street-on-it-in-the-city-of-Santo-Andre-in-the-state-of-Sao-Paulo.-Photo-by-Midia-Ninja.-300x225.jpg","width":300,"height":225,"mime_type":"image\/jpeg","source_url":"https:\/\/rioonwatch.org\/wp-content\/uploads\/2021\/01\/Protesters-carry-a-banner-with-Marielle-Franco-Street-on-it-in-the-city-of-Santo-Andre-in-the-state-of-Sao-Paulo.-Photo-by-Midia-Ninja.-300x225.jpg"},"cp_small":{"file":"Protesters-carry-a-banner-with-Marielle-Franco-Street-on-it-in-the-city-of-Santo-Andre-in-the-state-of-Sao-Paulo.-Photo-by-Midia-Ninja.-70x53.jpg","width":70,"height":53,"mime_type":"image\/jpeg","source_url":"https:\/\/rioonwatch.org\/wp-content\/uploads\/2021\/01\/Protesters-carry-a-banner-with-Marielle-Franco-Street-on-it-in-the-city-of-Santo-Andre-in-the-state-of-Sao-Paulo.-Photo-by-Midia-Ninja.-70x53.jpg"},"mh-magazine-medium":{"file":"Protesters-carry-a-banner-with-Marielle-Franco-Street-on-it-in-the-city-of-Santo-Andre-in-the-state-of-Sao-Paulo.-Photo-by-Midia-Ninja.-326x245.jpg","width":326,"height":245,"mime_type":"image\/jpeg","source_url":"https:\/\/rioonwatch.org\/wp-content\/uploads\/2021\/01\/Protesters-carry-a-banner-with-Marielle-Franco-Street-on-it-in-the-city-of-Santo-Andre-in-the-state-of-Sao-Paulo.-Photo-by-Midia-Ninja.-326x245.jpg"},"full":{"file":"Protesters-carry-a-banner-with-Marielle-Franco-Street-on-it-in-the-city-of-Santo-Andre-in-the-state-of-Sao-Paulo.-Photo-by-Midia-Ninja..jpg","width":960,"height":960,"mime_type":"image\/jpeg","source_url":"https:\/\/rioonwatch.org\/wp-content\/uploads\/2021\/01\/Protesters-carry-a-banner-with-Marielle-Franco-Street-on-it-in-the-city-of-Santo-Andre-in-the-state-of-Sao-Paulo.-Photo-by-Midia-Ninja..jpg"}},"image_meta":{"aperture":"0","credit":"","camera":"","caption":"","created_timestamp":"0","copyright":"","focal_length":"0","iso":"0","shutter_speed":"0","title":"","orientation":"0","keywords":[]}},"post":63454,"source_url":"https:\/\/rioonwatch.org\/wp-content\/uploads\/2021\/01\/Protesters-carry-a-banner-with-Marielle-Franco-Street-on-it-in-the-city-of-Santo-Andre-in-the-state-of-Sao-Paulo.-Photo-by-Midia-Ninja..jpg","_links":{"self":[{"href":"https:\/\/rioonwatch.org\/index.php?rest_route=\/wp\/v2\/media\/63473","targetHints":{"allow":["GET"]}}],"collection":[{"href":"https:\/\/rioonwatch.org\/index.php?rest_route=\/wp\/v2\/media"}],"about":[{"href":"https:\/\/rioonwatch.org\/index.php?rest_route=\/wp\/v2\/types\/attachment"}],"author":[{"embeddable":true,"href":"https:\/\/rioonwatch.org\/index.php?rest_route=\/wp\/v2\/users\/209"}],"replies":[{"embeddable":true,"href":"https:\/\/rioonwatch.org\/index.php?rest_route=%2Fwp%2Fv2%2Fcomments&post=63473"}]}}

Protesters carry a banner with &#8216;Marielle Franco Street&#8217; on it, in the city of Santo André, in the state of São Paulo. Photo by: Mídia Ninja.

<p class="attachment"><a href='https://rioonwatch.org/wp-content/uploads/2021/01/Protesters-carry-a-banner-with-Marielle-Franco-Street-on-it-in-the-city-of-Santo-Andre-in-the-state-of-Sao-Paulo.-Photo-by-Midia-Ninja..jpg'><img fetchpriority="high" decoding="async" width="300" height="300" src="https://rioonwatch.org/wp-content/uploads/2021/01/Protesters-carry-a-banner-with-Marielle-Franco-Street-on-it-in-the-city-of-Santo-Andre-in-the-state-of-Sao-Paulo.-Photo-by-Midia-Ninja.-300x300.jpg" class="attachment-medium size-medium" alt="Protesters carry a banner with &#039;Marielle Franco Street&#039; on it, in the city of Santo André, in the state of São Paulo. Photo by: Mídia Ninja." srcset="https://rioonwatch.org/wp-content/uploads/2021/01/Protesters-carry-a-banner-with-Marielle-Franco-Street-on-it-in-the-city-of-Santo-Andre-in-the-state-of-Sao-Paulo.-Photo-by-Midia-Ninja.-300x300.jpg 300w, https://rioonwatch.org/wp-content/uploads/2021/01/Protesters-carry-a-banner-with-Marielle-Franco-Street-on-it-in-the-city-of-Santo-Andre-in-the-state-of-Sao-Paulo.-Photo-by-Midia-Ninja.-768x768.jpg 768w, https://rioonwatch.org/wp-content/uploads/2021/01/Protesters-carry-a-banner-with-Marielle-Franco-Street-on-it-in-the-city-of-Santo-Andre-in-the-state-of-Sao-Paulo.-Photo-by-Midia-Ninja..jpg 960w" sizes="(max-width: 300px) 100vw, 300px" /></a></p>

Protesters carry a banner with 'Marielle Franco Street' on it, in the city of Santo André, in the state of São Paulo. Photo by: Mídia Ninja.
