{"id":63940,"date":"2021-01-29T11:30:34","date_gmt":"2021-01-29T14:30:34","guid":{"rendered":"https:\/\/www.rioonwatch.org\/wp-content\/uploads\/2021\/01\/Isaias-trajano-admite-Ja-tive-atitudes-racistas-e-uma-coisa-que-vem-da-minha-geracao-com-piadas-racistas-e-frases-racistas.-Foto-de-Acervo-pessoal-de-Isaias-Trajano.jpeg"},"modified":"2021-01-29T11:30:34","modified_gmt":"2021-01-29T14:30:34","slug":"isaias-trajano-admite-ja-tive-atitudes-racistas-e-uma-coisa-que-vem-da-minha-geracao-com-piadas-racistas-e-frases-racistas-foto-de-acervo-pessoal-de-isaias-trajano","status":"inherit","type":"attachment","link":"https:\/\/rioonwatch.org\/?attachment_id=63940","title":{"rendered":"Isaias-trajano-admite-J\u00e1-tive-atitudes-racistas-\u00e9-uma-coisa-que-vem-da-minha-gera\u00e7\u00e3o-com-piadas-racistas-e-frases-racistas.-Foto-de-Acervo-pessoal-de-Isa\u00edas-Trajano"},"author":208,"featured_media":0,"comment_status":"closed","ping_status":"closed","template":"","meta":{"_monsterinsights_skip_tracking":false,"_monsterinsights_sitenote_active":false,"_monsterinsights_sitenote_note":"","_monsterinsights_sitenote_category":0},"class_list":["post-63940","attachment","type-attachment","status-inherit"],"description":{"rendered":"<p class=\"attachment\"><a href='https:\/\/rioonwatch.org\/wp-content\/uploads\/2021\/01\/Isaias-trajano-admite-Ja-tive-atitudes-racistas-e-uma-coisa-que-vem-da-minha-geracao-com-piadas-racistas-e-frases-racistas.-Foto-de-Acervo-pessoal-de-Isaias-Trajano.jpeg'><img fetchpriority=\"high\" decoding=\"async\" width=\"300\" height=\"214\" src=\"https:\/\/rioonwatch.org\/wp-content\/uploads\/2021\/01\/Isaias-trajano-admite-Ja-tive-atitudes-racistas-e-uma-coisa-que-vem-da-minha-geracao-com-piadas-racistas-e-frases-racistas.-Foto-de-Acervo-pessoal-de-Isaias-Trajano-300x214.jpeg\" class=\"attachment-medium size-medium\" alt=\"\" srcset=\"https:\/\/rioonwatch.org\/wp-content\/uploads\/2021\/01\/Isaias-trajano-admite-Ja-tive-atitudes-racistas-e-uma-coisa-que-vem-da-minha-geracao-com-piadas-racistas-e-frases-racistas.-Foto-de-Acervo-pessoal-de-Isaias-Trajano-300x214.jpeg 300w, https:\/\/rioonwatch.org\/wp-content\/uploads\/2021\/01\/Isaias-trajano-admite-Ja-tive-atitudes-racistas-e-uma-coisa-que-vem-da-minha-geracao-com-piadas-racistas-e-frases-racistas.-Foto-de-Acervo-pessoal-de-Isaias-Trajano-768x548.jpeg 768w, https:\/\/rioonwatch.org\/wp-content\/uploads\/2021\/01\/Isaias-trajano-admite-Ja-tive-atitudes-racistas-e-uma-coisa-que-vem-da-minha-geracao-com-piadas-racistas-e-frases-racistas.-Foto-de-Acervo-pessoal-de-Isaias-Trajano.jpeg 951w\" sizes=\"(max-width: 300px) 100vw, 300px\" \/><\/a><\/p>\n"},"caption":{"rendered":"<div class=\"mh-excerpt\"><\/div>"},"alt_text":"","media_type":"image","mime_type":"image\/jpeg","media_details":{"width":951,"height":679,"hwstring_small":"height='91' width='128'","file":"2021\/01\/Isaias-trajano-admite-Ja-tive-atitudes-racistas-e-uma-coisa-que-vem-da-minha-geracao-com-piadas-racistas-e-frases-racistas.-Foto-de-Acervo-pessoal-de-Isaias-Trajano.jpeg","sizes":{"medium":{"file":"Isaias-trajano-admite-Ja-tive-atitudes-racistas-e-uma-coisa-que-vem-da-minha-geracao-com-piadas-racistas-e-frases-racistas.-Foto-de-Acervo-pessoal-de-Isaias-Trajano-300x214.jpeg","width":300,"height":214,"mime_type":"image\/jpeg","source_url":"https:\/\/rioonwatch.org\/wp-content\/uploads\/2021\/01\/Isaias-trajano-admite-Ja-tive-atitudes-racistas-e-uma-coisa-que-vem-da-minha-geracao-com-piadas-racistas-e-frases-racistas.-Foto-de-Acervo-pessoal-de-Isaias-Trajano-300x214.jpeg"},"thumbnail":{"file":"Isaias-trajano-admite-Ja-tive-atitudes-racistas-e-uma-coisa-que-vem-da-minha-geracao-com-piadas-racistas-e-frases-racistas.-Foto-de-Acervo-pessoal-de-Isaias-Trajano-620x264.jpeg","width":620,"height":264,"mime_type":"image\/jpeg","source_url":"https:\/\/rioonwatch.org\/wp-content\/uploads\/2021\/01\/Isaias-trajano-admite-Ja-tive-atitudes-racistas-e-uma-coisa-que-vem-da-minha-geracao-com-piadas-racistas-e-frases-racistas.-Foto-de-Acervo-pessoal-de-Isaias-Trajano-620x264.jpeg"},"medium_large":{"file":"Isaias-trajano-admite-Ja-tive-atitudes-racistas-e-uma-coisa-que-vem-da-minha-geracao-com-piadas-racistas-e-frases-racistas.-Foto-de-Acervo-pessoal-de-Isaias-Trajano-768x548.jpeg","width":768,"height":548,"mime_type":"image\/jpeg","source_url":"https:\/\/rioonwatch.org\/wp-content\/uploads\/2021\/01\/Isaias-trajano-admite-Ja-tive-atitudes-racistas-e-uma-coisa-que-vem-da-minha-geracao-com-piadas-racistas-e-frases-racistas.-Foto-de-Acervo-pessoal-de-Isaias-Trajano-768x548.jpeg"},"slider":{"file":"Isaias-trajano-admite-Ja-tive-atitudes-racistas-e-uma-coisa-que-vem-da-minha-geracao-com-piadas-racistas-e-frases-racistas.-Foto-de-Acervo-pessoal-de-Isaias-Trajano-940x400.jpeg","width":940,"height":400,"mime_type":"image\/jpeg","source_url":"https:\/\/rioonwatch.org\/wp-content\/uploads\/2021\/01\/Isaias-trajano-admite-Ja-tive-atitudes-racistas-e-uma-coisa-que-vem-da-minha-geracao-com-piadas-racistas-e-frases-racistas.-Foto-de-Acervo-pessoal-de-Isaias-Trajano-940x400.jpeg"},"content":{"file":"Isaias-trajano-admite-Ja-tive-atitudes-racistas-e-uma-coisa-que-vem-da-minha-geracao-com-piadas-racistas-e-frases-racistas.-Foto-de-Acervo-pessoal-de-Isaias-Trajano-620x264.jpeg","width":620,"height":264,"mime_type":"image\/jpeg","source_url":"https:\/\/rioonwatch.org\/wp-content\/uploads\/2021\/01\/Isaias-trajano-admite-Ja-tive-atitudes-racistas-e-uma-coisa-que-vem-da-minha-geracao-com-piadas-racistas-e-frases-racistas.-Foto-de-Acervo-pessoal-de-Isaias-Trajano-620x264.jpeg"},"spotlight":{"file":"Isaias-trajano-admite-Ja-tive-atitudes-racistas-e-uma-coisa-que-vem-da-minha-geracao-com-piadas-racistas-e-frases-racistas.-Foto-de-Acervo-pessoal-de-Isaias-Trajano-580x326.jpeg","width":580,"height":326,"mime_type":"image\/jpeg","source_url":"https:\/\/rioonwatch.org\/wp-content\/uploads\/2021\/01\/Isaias-trajano-admite-Ja-tive-atitudes-racistas-e-uma-coisa-que-vem-da-minha-geracao-com-piadas-racistas-e-frases-racistas.-Foto-de-Acervo-pessoal-de-Isaias-Trajano-580x326.jpeg"},"loop":{"file":"Isaias-trajano-admite-Ja-tive-atitudes-racistas-e-uma-coisa-que-vem-da-minha-geracao-com-piadas-racistas-e-frases-racistas.-Foto-de-Acervo-pessoal-de-Isaias-Trajano-174x131.jpeg","width":174,"height":131,"mime_type":"image\/jpeg","source_url":"https:\/\/rioonwatch.org\/wp-content\/uploads\/2021\/01\/Isaias-trajano-admite-Ja-tive-atitudes-racistas-e-uma-coisa-que-vem-da-minha-geracao-com-piadas-racistas-e-frases-racistas.-Foto-de-Acervo-pessoal-de-Isaias-Trajano-174x131.jpeg"},"carousel":{"file":"Isaias-trajano-admite-Ja-tive-atitudes-racistas-e-uma-coisa-que-vem-da-minha-geracao-com-piadas-racistas-e-frases-racistas.-Foto-de-Acervo-pessoal-de-Isaias-Trajano-174x98.jpeg","width":174,"height":98,"mime_type":"image\/jpeg","source_url":"https:\/\/rioonwatch.org\/wp-content\/uploads\/2021\/01\/Isaias-trajano-admite-Ja-tive-atitudes-racistas-e-uma-coisa-que-vem-da-minha-geracao-com-piadas-racistas-e-frases-racistas.-Foto-de-Acervo-pessoal-de-Isaias-Trajano-174x98.jpeg"},"cp_large":{"file":"Isaias-trajano-admite-Ja-tive-atitudes-racistas-e-uma-coisa-que-vem-da-minha-geracao-com-piadas-racistas-e-frases-racistas.-Foto-de-Acervo-pessoal-de-Isaias-Trajano-300x225.jpeg","width":300,"height":225,"mime_type":"image\/jpeg","source_url":"https:\/\/rioonwatch.org\/wp-content\/uploads\/2021\/01\/Isaias-trajano-admite-Ja-tive-atitudes-racistas-e-uma-coisa-que-vem-da-minha-geracao-com-piadas-racistas-e-frases-racistas.-Foto-de-Acervo-pessoal-de-Isaias-Trajano-300x225.jpeg"},"cp_small":{"file":"Isaias-trajano-admite-Ja-tive-atitudes-racistas-e-uma-coisa-que-vem-da-minha-geracao-com-piadas-racistas-e-frases-racistas.-Foto-de-Acervo-pessoal-de-Isaias-Trajano-70x53.jpeg","width":70,"height":53,"mime_type":"image\/jpeg","source_url":"https:\/\/rioonwatch.org\/wp-content\/uploads\/2021\/01\/Isaias-trajano-admite-Ja-tive-atitudes-racistas-e-uma-coisa-que-vem-da-minha-geracao-com-piadas-racistas-e-frases-racistas.-Foto-de-Acervo-pessoal-de-Isaias-Trajano-70x53.jpeg"},"mh-magazine-medium":{"file":"Isaias-trajano-admite-Ja-tive-atitudes-racistas-e-uma-coisa-que-vem-da-minha-geracao-com-piadas-racistas-e-frases-racistas.-Foto-de-Acervo-pessoal-de-Isaias-Trajano-326x245.jpeg","width":326,"height":245,"mime_type":"image\/jpeg","source_url":"https:\/\/rioonwatch.org\/wp-content\/uploads\/2021\/01\/Isaias-trajano-admite-Ja-tive-atitudes-racistas-e-uma-coisa-que-vem-da-minha-geracao-com-piadas-racistas-e-frases-racistas.-Foto-de-Acervo-pessoal-de-Isaias-Trajano-326x245.jpeg"},"full":{"file":"Isaias-trajano-admite-Ja-tive-atitudes-racistas-e-uma-coisa-que-vem-da-minha-geracao-com-piadas-racistas-e-frases-racistas.-Foto-de-Acervo-pessoal-de-Isaias-Trajano.jpeg","width":951,"height":679,"mime_type":"image\/jpeg","source_url":"https:\/\/rioonwatch.org\/wp-content\/uploads\/2021\/01\/Isaias-trajano-admite-Ja-tive-atitudes-racistas-e-uma-coisa-que-vem-da-minha-geracao-com-piadas-racistas-e-frases-racistas.-Foto-de-Acervo-pessoal-de-Isaias-Trajano.jpeg"}},"image_meta":{"aperture":"0","credit":"","camera":"","caption":"","created_timestamp":"1611928366","copyright":"","focal_length":"0","iso":"0","shutter_speed":"0","title":"","orientation":"0","keywords":[]}},"post":63779,"source_url":"https:\/\/rioonwatch.org\/wp-content\/uploads\/2021\/01\/Isaias-trajano-admite-Ja-tive-atitudes-racistas-e-uma-coisa-que-vem-da-minha-geracao-com-piadas-racistas-e-frases-racistas.-Foto-de-Acervo-pessoal-de-Isaias-Trajano.jpeg","_links":{"self":[{"href":"https:\/\/rioonwatch.org\/index.php?rest_route=\/wp\/v2\/media\/63940","targetHints":{"allow":["GET"]}}],"collection":[{"href":"https:\/\/rioonwatch.org\/index.php?rest_route=\/wp\/v2\/media"}],"about":[{"href":"https:\/\/rioonwatch.org\/index.php?rest_route=\/wp\/v2\/types\/attachment"}],"author":[{"embeddable":true,"href":"https:\/\/rioonwatch.org\/index.php?rest_route=\/wp\/v2\/users\/208"}],"replies":[{"embeddable":true,"href":"https:\/\/rioonwatch.org\/index.php?rest_route=%2Fwp%2Fv2%2Fcomments&post=63940"}]}}

Isaias-trajano-admite-Já-tive-atitudes-racistas-é-uma-coisa-que-vem-da-minha-geração-com-piadas-racistas-e-frases-racistas.-Foto-de-Acervo-pessoal-de-Isaías-Trajano
