{"id":69433,"date":"2022-02-18T16:59:00","date_gmt":"2022-02-18T19:59:00","guid":{"rendered":"https:\/\/rioonwatch.org\/wp-content\/uploads\/2022\/02\/Former-president-Dilma-Rousseff-PT-former-Rio-state-governors-Sergio-Cabral-PMDB-RJ-e-Pezao-PMDB-RJ-in-Complexo-do-Alemaos-cable-car.-Photo-by-Ricardo-Stuckert.jpg"},"modified":"2022-02-18T16:59:20","modified_gmt":"2022-02-18T19:59:20","slug":"former-president-dilma-rousseff-pt-former-rio-state-governors-sergio-cabral-pmdb-rj-e-pezao-pmdb-rj-in-complexo-do-alemaos-cable-car-photo-by-ricardo-stuckert","status":"inherit","type":"attachment","link":"https:\/\/rioonwatch.org\/?attachment_id=69433","title":{"rendered":"Former president Dilma Rousseff (PT), former Rio state governors S\u00e9rgio Cabral (PMDB-RJ) e Pez\u00e3o (PMDB-RJ) in Complexo do Alem\u00e3o&#8217;s cable car. Photo by: Ricardo Stuckert"},"author":209,"featured_media":0,"comment_status":"closed","ping_status":"closed","template":"","meta":{"_monsterinsights_skip_tracking":false,"_monsterinsights_sitenote_active":false,"_monsterinsights_sitenote_note":"","_monsterinsights_sitenote_category":0},"class_list":["post-69433","attachment","type-attachment","status-inherit"],"description":{"rendered":"<p class=\"attachment\"><a href='https:\/\/rioonwatch.org\/wp-content\/uploads\/2022\/02\/Former-president-Dilma-Rousseff-PT-former-Rio-state-governors-Sergio-Cabral-PMDB-RJ-e-Pezao-PMDB-RJ-in-Complexo-do-Alemaos-cable-car.-Photo-by-Ricardo-Stuckert.jpg'><img fetchpriority=\"high\" decoding=\"async\" width=\"620\" height=\"413\" src=\"https:\/\/rioonwatch.org\/wp-content\/uploads\/2022\/02\/Former-president-Dilma-Rousseff-PT-former-Rio-state-governors-Sergio-Cabral-PMDB-RJ-e-Pezao-PMDB-RJ-in-Complexo-do-Alemaos-cable-car.-Photo-by-Ricardo-Stuckert.jpg\" class=\"attachment-medium size-medium\" alt=\"Former president Dilma Rousseff (PT), former Rio state governors S\u00e9rgio Cabral (PMDB-RJ) e Pez\u00e3o (PMDB-RJ) in Complexo do Alem\u00e3o&#039;s cable car. Photo by: Ricardo Stuckert\" \/><\/a><\/p>\n"},"caption":{"rendered":"<div class=\"mh-excerpt\"><p>Former president Dilma Rousseff (PT), former Rio state governors S\u00e9rgio Cabral (PMDB-RJ) e Pez\u00e3o (PMDB-RJ) in Complexo do Alem\u00e3o&#8217;s cable car. Photo by: Ricardo Stuckert <a class=\"mh-excerpt-more\" href=\"https:\/\/rioonwatch.org\/?attachment_id=69433\" title=\"Former president Dilma Rousseff (PT), former Rio state governors S\u00e9rgio Cabral (PMDB-RJ) e Pez\u00e3o (PMDB-RJ) in Complexo do Alem\u00e3o&#8217;s cable car. Photo by: Ricardo Stuckert\">[&#8230;]<\/a><\/p>\n<\/div>"},"alt_text":"Former president Dilma Rousseff (PT), former Rio state governors S\u00e9rgio Cabral (PMDB-RJ) e Pez\u00e3o (PMDB-RJ) in Complexo do Alem\u00e3o's cable car. Photo by: Ricardo Stuckert","media_type":"image","mime_type":"image\/jpeg","media_details":{"width":620,"height":413,"file":"2022\/02\/Former-president-Dilma-Rousseff-PT-former-Rio-state-governors-Sergio-Cabral-PMDB-RJ-e-Pezao-PMDB-RJ-in-Complexo-do-Alemaos-cable-car.-Photo-by-Ricardo-Stuckert.jpg","sizes":{"thumbnail":{"file":"Former-president-Dilma-Rousseff-PT-former-Rio-state-governors-Sergio-Cabral-PMDB-RJ-e-Pezao-PMDB-RJ-in-Complexo-do-Alemaos-cable-car.-Photo-by-Ricardo-Stuckert-620x264.jpg","width":620,"height":264,"mime_type":"image\/jpeg","source_url":"https:\/\/rioonwatch.org\/wp-content\/uploads\/2022\/02\/Former-president-Dilma-Rousseff-PT-former-Rio-state-governors-Sergio-Cabral-PMDB-RJ-e-Pezao-PMDB-RJ-in-Complexo-do-Alemaos-cable-car.-Photo-by-Ricardo-Stuckert-620x264.jpg"},"mh-magazine-content":{"file":"Former-president-Dilma-Rousseff-PT-former-Rio-state-governors-Sergio-Cabral-PMDB-RJ-e-Pezao-PMDB-RJ-in-Complexo-do-Alemaos-cable-car.-Photo-by-Ricardo-Stuckert-620x264.jpg","width":620,"height":264,"mime_type":"image\/jpeg","source_url":"https:\/\/rioonwatch.org\/wp-content\/uploads\/2022\/02\/Former-president-Dilma-Rousseff-PT-former-Rio-state-governors-Sergio-Cabral-PMDB-RJ-e-Pezao-PMDB-RJ-in-Complexo-do-Alemaos-cable-car.-Photo-by-Ricardo-Stuckert-620x264.jpg"},"mh-magazine-medium":{"file":"Former-president-Dilma-Rousseff-PT-former-Rio-state-governors-Sergio-Cabral-PMDB-RJ-e-Pezao-PMDB-RJ-in-Complexo-do-Alemaos-cable-car.-Photo-by-Ricardo-Stuckert-326x245.jpg","width":326,"height":245,"mime_type":"image\/jpeg","source_url":"https:\/\/rioonwatch.org\/wp-content\/uploads\/2022\/02\/Former-president-Dilma-Rousseff-PT-former-Rio-state-governors-Sergio-Cabral-PMDB-RJ-e-Pezao-PMDB-RJ-in-Complexo-do-Alemaos-cable-car.-Photo-by-Ricardo-Stuckert-326x245.jpg"},"mh-magazine-small":{"file":"Former-president-Dilma-Rousseff-PT-former-Rio-state-governors-Sergio-Cabral-PMDB-RJ-e-Pezao-PMDB-RJ-in-Complexo-do-Alemaos-cable-car.-Photo-by-Ricardo-Stuckert-80x60.jpg","width":80,"height":60,"mime_type":"image\/jpeg","source_url":"https:\/\/rioonwatch.org\/wp-content\/uploads\/2022\/02\/Former-president-Dilma-Rousseff-PT-former-Rio-state-governors-Sergio-Cabral-PMDB-RJ-e-Pezao-PMDB-RJ-in-Complexo-do-Alemaos-cable-car.-Photo-by-Ricardo-Stuckert-80x60.jpg"},"full":{"file":"Former-president-Dilma-Rousseff-PT-former-Rio-state-governors-Sergio-Cabral-PMDB-RJ-e-Pezao-PMDB-RJ-in-Complexo-do-Alemaos-cable-car.-Photo-by-Ricardo-Stuckert.jpg","width":620,"height":413,"mime_type":"image\/jpeg","source_url":"https:\/\/rioonwatch.org\/wp-content\/uploads\/2022\/02\/Former-president-Dilma-Rousseff-PT-former-Rio-state-governors-Sergio-Cabral-PMDB-RJ-e-Pezao-PMDB-RJ-in-Complexo-do-Alemaos-cable-car.-Photo-by-Ricardo-Stuckert.jpg"}},"image_meta":{"aperture":"0","credit":"","camera":"","caption":"","created_timestamp":"0","copyright":"","focal_length":"0","iso":"0","shutter_speed":"0","title":"","orientation":"0","keywords":[]}},"post":69423,"source_url":"https:\/\/rioonwatch.org\/wp-content\/uploads\/2022\/02\/Former-president-Dilma-Rousseff-PT-former-Rio-state-governors-Sergio-Cabral-PMDB-RJ-e-Pezao-PMDB-RJ-in-Complexo-do-Alemaos-cable-car.-Photo-by-Ricardo-Stuckert.jpg","_links":{"self":[{"href":"https:\/\/rioonwatch.org\/index.php?rest_route=\/wp\/v2\/media\/69433","targetHints":{"allow":["GET"]}}],"collection":[{"href":"https:\/\/rioonwatch.org\/index.php?rest_route=\/wp\/v2\/media"}],"about":[{"href":"https:\/\/rioonwatch.org\/index.php?rest_route=\/wp\/v2\/types\/attachment"}],"author":[{"embeddable":true,"href":"https:\/\/rioonwatch.org\/index.php?rest_route=\/wp\/v2\/users\/209"}],"replies":[{"embeddable":true,"href":"https:\/\/rioonwatch.org\/index.php?rest_route=%2Fwp%2Fv2%2Fcomments&post=69433"}]}}

Former president Dilma Rousseff (PT), former Rio state governors Sérgio Cabral (PMDB-RJ) e Pezão (PMDB-RJ) in Complexo do Alemão&#8217;s cable car. Photo by: Ricardo Stuckert

<p class="attachment"><a href='https://rioonwatch.org/wp-content/uploads/2022/02/Former-president-Dilma-Rousseff-PT-former-Rio-state-governors-Sergio-Cabral-PMDB-RJ-e-Pezao-PMDB-RJ-in-Complexo-do-Alemaos-cable-car.-Photo-by-Ricardo-Stuckert.jpg'><img fetchpriority="high" decoding="async" width="620" height="413" src="https://rioonwatch.org/wp-content/uploads/2022/02/Former-president-Dilma-Rousseff-PT-former-Rio-state-governors-Sergio-Cabral-PMDB-RJ-e-Pezao-PMDB-RJ-in-Complexo-do-Alemaos-cable-car.-Photo-by-Ricardo-Stuckert.jpg" class="attachment-medium size-medium" alt="Former president Dilma Rousseff (PT), former Rio state governors Sérgio Cabral (PMDB-RJ) e Pezão (PMDB-RJ) in Complexo do Alemão&#039;s cable car. Photo by: Ricardo Stuckert" /></a></p>

<div class="mh-excerpt"><p>Former president Dilma Rousseff (PT), former Rio state governors Sérgio Cabral (PMDB-RJ) e Pezão (PMDB-RJ) in Complexo do Alemão&#8217;s cable car. Photo by: Ricardo Stuckert <a class="mh-excerpt-more" href="https://rioonwatch.org/?attachment_id=69433" title="Former president Dilma Rousseff (PT), former Rio state governors Sérgio Cabral (PMDB-RJ) e Pezão (PMDB-RJ) in Complexo do Alemão&#8217;s cable car. Photo by: Ricardo Stuckert">[&#8230;]</a></p>
</div>

Former president Dilma Rousseff (PT), former Rio state governors Sérgio Cabral (PMDB-RJ) e Pezão (PMDB-RJ) in Complexo do Alemão's cable car. Photo by: Ricardo Stuckert
