{"id":70211,"date":"2022-04-26T16:11:45","date_gmt":"2022-04-26T19:11:45","guid":{"rendered":"https:\/\/rioonwatch.org\/wp-content\/uploads\/2022\/04\/mudancas-climaticas-3.jpeg"},"modified":"2022-04-26T16:11:45","modified_gmt":"2022-04-26T19:11:45","slug":"mudancas-climaticas-3","status":"inherit","type":"attachment","link":"https:\/\/rioonwatch.org\/?attachment_id=70211","title":{"rendered":"mudancas-climaticas-3"},"author":245,"featured_media":0,"comment_status":"closed","ping_status":"closed","template":"","meta":{"_monsterinsights_skip_tracking":false,"_monsterinsights_sitenote_active":false,"_monsterinsights_sitenote_note":"","_monsterinsights_sitenote_category":0},"class_list":["post-70211","attachment","type-attachment","status-inherit"],"description":{"rendered":"<p class=\"attachment\"><a href='https:\/\/rioonwatch.org\/wp-content\/uploads\/2022\/04\/mudancas-climaticas-3.jpeg'><img fetchpriority=\"high\" decoding=\"async\" width=\"620\" height=\"371\" src=\"https:\/\/rioonwatch.org\/wp-content\/uploads\/2022\/04\/mudancas-climaticas-3-620x371.jpeg\" class=\"attachment-medium size-medium\" alt=\"\" srcset=\"https:\/\/rioonwatch.org\/wp-content\/uploads\/2022\/04\/mudancas-climaticas-3-620x371.jpeg 620w, https:\/\/rioonwatch.org\/wp-content\/uploads\/2022\/04\/mudancas-climaticas-3-1051x629.jpeg 1051w, https:\/\/rioonwatch.org\/wp-content\/uploads\/2022\/04\/mudancas-climaticas-3-768x459.jpeg 768w, https:\/\/rioonwatch.org\/wp-content\/uploads\/2022\/04\/mudancas-climaticas-3.jpeg 1170w\" sizes=\"(max-width: 620px) 100vw, 620px\" \/><\/a><\/p>\n"},"caption":{"rendered":"<div class=\"mh-excerpt\"><p>Bairro Castel\u00e2nea em Petr\u00f3polis, ap\u00f3s fortes chuvas  que atingiram a regi\u00e3o Serrana do Rio <a class=\"mh-excerpt-more\" href=\"https:\/\/rioonwatch.org\/?attachment_id=70211\" title=\"mudancas-climaticas-3\">[&#8230;]<\/a><\/p>\n<\/div>"},"alt_text":"","media_type":"image","mime_type":"image\/jpeg","media_details":{"width":1170,"height":700,"file":"2022\/04\/mudancas-climaticas-3.jpeg","sizes":{"medium":{"file":"mudancas-climaticas-3-620x371.jpeg","width":620,"height":371,"mime_type":"image\/jpeg","source_url":"https:\/\/rioonwatch.org\/wp-content\/uploads\/2022\/04\/mudancas-climaticas-3-620x371.jpeg"},"large":{"file":"mudancas-climaticas-3-1051x629.jpeg","width":1051,"height":629,"mime_type":"image\/jpeg","source_url":"https:\/\/rioonwatch.org\/wp-content\/uploads\/2022\/04\/mudancas-climaticas-3-1051x629.jpeg"},"thumbnail":{"file":"mudancas-climaticas-3-620x264.jpeg","width":620,"height":264,"mime_type":"image\/jpeg","source_url":"https:\/\/rioonwatch.org\/wp-content\/uploads\/2022\/04\/mudancas-climaticas-3-620x264.jpeg"},"medium_large":{"file":"mudancas-climaticas-3-768x459.jpeg","width":768,"height":459,"mime_type":"image\/jpeg","source_url":"https:\/\/rioonwatch.org\/wp-content\/uploads\/2022\/04\/mudancas-climaticas-3-768x459.jpeg"},"mh-magazine-slider":{"file":"mudancas-climaticas-3-1030x438.jpeg","width":1030,"height":438,"mime_type":"image\/jpeg","source_url":"https:\/\/rioonwatch.org\/wp-content\/uploads\/2022\/04\/mudancas-climaticas-3-1030x438.jpeg"},"mh-magazine-content":{"file":"mudancas-climaticas-3-620x264.jpeg","width":620,"height":264,"mime_type":"image\/jpeg","source_url":"https:\/\/rioonwatch.org\/wp-content\/uploads\/2022\/04\/mudancas-climaticas-3-620x264.jpeg"},"mh-magazine-large":{"file":"mudancas-climaticas-3-678x509.jpeg","width":678,"height":509,"mime_type":"image\/jpeg","source_url":"https:\/\/rioonwatch.org\/wp-content\/uploads\/2022\/04\/mudancas-climaticas-3-678x509.jpeg"},"mh-magazine-medium":{"file":"mudancas-climaticas-3-326x245.jpeg","width":326,"height":245,"mime_type":"image\/jpeg","source_url":"https:\/\/rioonwatch.org\/wp-content\/uploads\/2022\/04\/mudancas-climaticas-3-326x245.jpeg"},"mh-magazine-small":{"file":"mudancas-climaticas-3-80x60.jpeg","width":80,"height":60,"mime_type":"image\/jpeg","source_url":"https:\/\/rioonwatch.org\/wp-content\/uploads\/2022\/04\/mudancas-climaticas-3-80x60.jpeg"},"full":{"file":"mudancas-climaticas-3.jpeg","width":1170,"height":700,"mime_type":"image\/jpeg","source_url":"https:\/\/rioonwatch.org\/wp-content\/uploads\/2022\/04\/mudancas-climaticas-3.jpeg"}},"image_meta":{"aperture":"7.1","credit":"T\u00e2nia R\u00eago\/Ag\u00eancia Brasil","camera":"Canon EOS 7D Mark II","caption":"Bairro Castel\u00e2nea em Petr\u00f3polis, ap\u00f3s fortes chuvas  que atingiram a regi\u00e3o Serrana do Rio","created_timestamp":"1644966822","copyright":"Ag\u00eancia Brasil\/EBC","focal_length":"16","iso":"400","shutter_speed":"0.0015625","title":"","orientation":"1","keywords":[]}},"post":70177,"source_url":"https:\/\/rioonwatch.org\/wp-content\/uploads\/2022\/04\/mudancas-climaticas-3.jpeg","_links":{"self":[{"href":"https:\/\/rioonwatch.org\/index.php?rest_route=\/wp\/v2\/media\/70211","targetHints":{"allow":["GET"]}}],"collection":[{"href":"https:\/\/rioonwatch.org\/index.php?rest_route=\/wp\/v2\/media"}],"about":[{"href":"https:\/\/rioonwatch.org\/index.php?rest_route=\/wp\/v2\/types\/attachment"}],"author":[{"embeddable":true,"href":"https:\/\/rioonwatch.org\/index.php?rest_route=\/wp\/v2\/users\/245"}],"replies":[{"embeddable":true,"href":"https:\/\/rioonwatch.org\/index.php?rest_route=%2Fwp%2Fv2%2Fcomments&post=70211"}]}}

<div class="mh-excerpt"><p>Bairro Castelânea em Petrópolis, após fortes chuvas  que atingiram a região Serrana do Rio <a class="mh-excerpt-more" href="https://rioonwatch.org/?attachment_id=70211" title="mudancas-climaticas-3">[&#8230;]</a></p>
</div>

Tânia Rêgo/Agência Brasil

Bairro Castelânea em Petrópolis, após fortes chuvas  que atingiram a região Serrana do Rio

Agência Brasil/EBC
