{"id":7598,"date":"2013-03-12T10:07:59","date_gmt":"2013-03-12T13:07:59","guid":{"rendered":"http:\/\/rioonwatch.org\/wp-content\/uploads\/2013\/03\/ocupacao-quilombo1.jpg"},"modified":"2013-03-12T10:07:59","modified_gmt":"2013-03-12T13:07:59","slug":"quilombo-das-guerreiras","status":"inherit","type":"attachment","link":"https:\/\/rioonwatch.org\/?attachment_id=7598","title":{"rendered":"Quilombo das Guerreiras"},"author":17,"featured_media":0,"comment_status":"closed","ping_status":"closed","template":"","meta":{"_monsterinsights_skip_tracking":false,"_monsterinsights_sitenote_active":false,"_monsterinsights_sitenote_note":"","_monsterinsights_sitenote_category":0},"class_list":["post-7598","attachment","type-attachment","status-inherit"],"description":{"rendered":"<p class=\"attachment\"><a href='https:\/\/rioonwatch.org\/wp-content\/uploads\/2013\/03\/ocupacao-quilombo1.jpg'><img fetchpriority=\"high\" decoding=\"async\" width=\"300\" height=\"200\" src=\"https:\/\/rioonwatch.org\/wp-content\/uploads\/2013\/03\/ocupacao-quilombo1-300x200.jpg\" class=\"attachment-medium size-medium\" alt=\"\" srcset=\"https:\/\/rioonwatch.org\/wp-content\/uploads\/2013\/03\/ocupacao-quilombo1-300x200.jpg 300w, https:\/\/rioonwatch.org\/wp-content\/uploads\/2013\/03\/ocupacao-quilombo1.jpg 640w\" sizes=\"(max-width: 300px) 100vw, 300px\" \/><\/a><\/p>\n"},"caption":{"rendered":"<div class=\"mh-excerpt\"><\/div>"},"alt_text":"","media_type":"image","mime_type":"image\/jpeg","media_details":{"width":640,"height":427,"hwstring_small":"height='85' width='128'","file":"2013\/03\/ocupacao-quilombo1.jpg","sizes":{"thumbnail":{"file":"ocupacao-quilombo1-620x264.jpg","width":620,"height":264,"mime_type":"image\/jpeg","source_url":"https:\/\/rioonwatch.org\/wp-content\/uploads\/2013\/03\/ocupacao-quilombo1-620x264.jpg"},"medium":{"file":"ocupacao-quilombo1-300x200.jpg","width":300,"height":200,"mime_type":"image\/jpeg","source_url":"https:\/\/rioonwatch.org\/wp-content\/uploads\/2013\/03\/ocupacao-quilombo1-300x200.jpg"},"slider":{"file":"ocupacao-quilombo1-640x400.jpg","width":640,"height":400,"mime_type":"image\/jpeg","source_url":"https:\/\/rioonwatch.org\/wp-content\/uploads\/2013\/03\/ocupacao-quilombo1-640x400.jpg"},"content":{"file":"ocupacao-quilombo1-620x264.jpg","width":620,"height":264,"mime_type":"image\/jpeg","source_url":"https:\/\/rioonwatch.org\/wp-content\/uploads\/2013\/03\/ocupacao-quilombo1-620x264.jpg"},"spotlight":{"file":"ocupacao-quilombo1-580x326.jpg","width":580,"height":326,"mime_type":"image\/jpeg","source_url":"https:\/\/rioonwatch.org\/wp-content\/uploads\/2013\/03\/ocupacao-quilombo1-580x326.jpg"},"loop":{"file":"ocupacao-quilombo1-174x131.jpg","width":174,"height":131,"mime_type":"image\/jpeg","source_url":"https:\/\/rioonwatch.org\/wp-content\/uploads\/2013\/03\/ocupacao-quilombo1-174x131.jpg"},"carousel":{"file":"ocupacao-quilombo1-174x98.jpg","width":174,"height":98,"mime_type":"image\/jpeg","source_url":"https:\/\/rioonwatch.org\/wp-content\/uploads\/2013\/03\/ocupacao-quilombo1-174x98.jpg"},"cp_large":{"file":"ocupacao-quilombo1-300x225.jpg","width":300,"height":225,"mime_type":"image\/jpeg","source_url":"https:\/\/rioonwatch.org\/wp-content\/uploads\/2013\/03\/ocupacao-quilombo1-300x225.jpg"},"cp_small":{"file":"ocupacao-quilombo1-70x53.jpg","width":70,"height":53,"mime_type":"image\/jpeg","source_url":"https:\/\/rioonwatch.org\/wp-content\/uploads\/2013\/03\/ocupacao-quilombo1-70x53.jpg"},"mh-magazine-medium":{"file":"ocupacao-quilombo1-326x245.jpg","width":326,"height":245,"mime_type":"image\/jpeg","source_url":"https:\/\/rioonwatch.org\/wp-content\/uploads\/2013\/03\/ocupacao-quilombo1-326x245.jpg"},"full":{"file":"ocupacao-quilombo1.jpg","width":640,"height":427,"mime_type":"image\/jpeg","source_url":"https:\/\/rioonwatch.org\/wp-content\/uploads\/2013\/03\/ocupacao-quilombo1.jpg"}},"image_meta":{"aperture":"0","credit":"L\u00e9o Lima\/Imagens do Povo","camera":"","caption":"Ocupa\u00e7\u00e3o Quilombo das Guerreiras, ser\u00e1 removida depois de 6 anos de luta e resistencia. Rio de Janeiro, Brasil","created_timestamp":"1362787200","copyright":"Esta imagem so podera ser utilizada com a autoriza\u00e7\u00e3o da autor L\u00e9o Lima.","focal_length":"0","iso":"0","shutter_speed":"0","title":"Quilombo das Guerreiras","orientation":"0","keywords":[]}},"post":7543,"source_url":"https:\/\/rioonwatch.org\/wp-content\/uploads\/2013\/03\/ocupacao-quilombo1.jpg","_links":{"self":[{"href":"https:\/\/rioonwatch.org\/index.php?rest_route=\/wp\/v2\/media\/7598","targetHints":{"allow":["GET"]}}],"collection":[{"href":"https:\/\/rioonwatch.org\/index.php?rest_route=\/wp\/v2\/media"}],"about":[{"href":"https:\/\/rioonwatch.org\/index.php?rest_route=\/wp\/v2\/types\/attachment"}],"author":[{"embeddable":true,"href":"https:\/\/rioonwatch.org\/index.php?rest_route=\/wp\/v2\/users\/17"}],"replies":[{"embeddable":true,"href":"https:\/\/rioonwatch.org\/index.php?rest_route=%2Fwp%2Fv2%2Fcomments&post=7598"}]}}

Léo Lima/Imagens do Povo

Ocupação Quilombo das Guerreiras, será removida depois de 6 anos de luta e resistencia. Rio de Janeiro, Brasil

Esta imagem so podera ser utilizada com a autorização da autor Léo Lima.
