{"id":7789,"date":"2013-03-15T16:38:16","date_gmt":"2013-03-15T19:38:16","guid":{"rendered":"http:\/\/rioonwatch.org\/wp-content\/uploads\/2013\/03\/Eliane-Redes-da-Mar\u00e9.jpg"},"modified":"2013-03-15T16:38:16","modified_gmt":"2013-03-15T19:38:16","slug":"primeira-acao-da-campanha-somos-da-mare-e-temos-direitos-a-campanha-e-uma-iniciativa-inedita-da-redes-da-mare-da-anistia-internacional-e-do-observatorio-de-favelas-e-tem-como-objetivo-garantir-os-3","status":"inherit","type":"attachment","link":"https:\/\/rioonwatch.org\/?attachment_id=7789","title":{"rendered":"Eliane Sousa Silva, Director of Redes da Mar\u00e9 at a &#8220;We Are from Mar\u00e9 and We Have Rights&#8217; event"},"author":17,"featured_media":0,"comment_status":"closed","ping_status":"closed","template":"","meta":{"_monsterinsights_skip_tracking":false,"_monsterinsights_sitenote_active":false,"_monsterinsights_sitenote_note":"","_monsterinsights_sitenote_category":0},"class_list":["post-7789","attachment","type-attachment","status-inherit"],"description":{"rendered":"<p class=\"attachment\"><a href='https:\/\/rioonwatch.org\/wp-content\/uploads\/2013\/03\/Eliane-Redes-da-Mar\u00e9.jpg'><img fetchpriority=\"high\" decoding=\"async\" width=\"300\" height=\"200\" src=\"https:\/\/rioonwatch.org\/wp-content\/uploads\/2013\/03\/Eliane-Redes-da-Mar\u00e9-300x200.jpg\" class=\"attachment-medium size-medium\" alt=\"Eliane Sousa Silva, Director of Redes da Mar\u00e9 at a &quot;We Are from Mar\u00e9 and We Have Rights&#039; event\" srcset=\"https:\/\/rioonwatch.org\/wp-content\/uploads\/2013\/03\/Eliane-Redes-da-Mar\u00e9-300x200.jpg 300w, https:\/\/rioonwatch.org\/wp-content\/uploads\/2013\/03\/Eliane-Redes-da-Mar\u00e9.jpg 448w\" sizes=\"(max-width: 300px) 100vw, 300px\" \/><\/a><\/p>\n"},"caption":{"rendered":"<div class=\"mh-excerpt\"><\/div>"},"alt_text":"Eliane Sousa Silva, Director of Redes da Mar\u00e9 at a \"We Are from Mar\u00e9 and We Have Rights' event","media_type":"image","mime_type":"image\/jpeg","media_details":{"width":448,"height":299,"hwstring_small":"height='85' width='128'","file":"2013\/03\/Eliane-Redes-da-Mar\u00e9.jpg","sizes":{"thumbnail":{"file":"Eliane-Redes-da-Mar\u00e9-448x264.jpg","width":448,"height":264,"mime_type":"image\/jpeg","source_url":"https:\/\/rioonwatch.org\/wp-content\/uploads\/2013\/03\/Eliane-Redes-da-Mar\u00e9-448x264.jpg"},"medium":{"file":"Eliane-Redes-da-Mar\u00e9-300x200.jpg","width":300,"height":200,"mime_type":"image\/jpeg","source_url":"https:\/\/rioonwatch.org\/wp-content\/uploads\/2013\/03\/Eliane-Redes-da-Mar\u00e9-300x200.jpg"},"content":{"file":"Eliane-Redes-da-Mar\u00e9-448x264.jpg","width":448,"height":264,"mime_type":"image\/jpeg","source_url":"https:\/\/rioonwatch.org\/wp-content\/uploads\/2013\/03\/Eliane-Redes-da-Mar\u00e9-448x264.jpg"},"loop":{"file":"Eliane-Redes-da-Mar\u00e9-174x131.jpg","width":174,"height":131,"mime_type":"image\/jpeg","source_url":"https:\/\/rioonwatch.org\/wp-content\/uploads\/2013\/03\/Eliane-Redes-da-Mar\u00e9-174x131.jpg"},"carousel":{"file":"Eliane-Redes-da-Mar\u00e9-174x98.jpg","width":174,"height":98,"mime_type":"image\/jpeg","source_url":"https:\/\/rioonwatch.org\/wp-content\/uploads\/2013\/03\/Eliane-Redes-da-Mar\u00e9-174x98.jpg"},"cp_large":{"file":"Eliane-Redes-da-Mar\u00e9-300x225.jpg","width":300,"height":225,"mime_type":"image\/jpeg","source_url":"https:\/\/rioonwatch.org\/wp-content\/uploads\/2013\/03\/Eliane-Redes-da-Mar\u00e9-300x225.jpg"},"cp_small":{"file":"Eliane-Redes-da-Mar\u00e9-70x53.jpg","width":70,"height":53,"mime_type":"image\/jpeg","source_url":"https:\/\/rioonwatch.org\/wp-content\/uploads\/2013\/03\/Eliane-Redes-da-Mar\u00e9-70x53.jpg"},"mh-magazine-medium":{"file":"Eliane-Redes-da-Mar\u00e9-326x245.jpg","width":326,"height":245,"mime_type":"image\/jpeg","source_url":"https:\/\/rioonwatch.org\/wp-content\/uploads\/2013\/03\/Eliane-Redes-da-Mar\u00e9-326x245.jpg"},"full":{"file":"Eliane-Redes-da-Mar\u00e9.jpg","width":448,"height":299,"mime_type":"image\/jpeg","source_url":"https:\/\/rioonwatch.org\/wp-content\/uploads\/2013\/03\/Eliane-Redes-da-Mar\u00e9.jpg"}},"image_meta":{"aperture":"8","credit":"","camera":"Canon EOS 7D","caption":"Primeira a\u00e7\u00e3o da Campanha \u201cSomos da Mar\u00e9 e temos direitos\u201d .A campanha \u00e9 uma iniciativa in\u00e9dita da Redes da Mar\u00e9, da Anistia Internacional e do Observat\u00f3rio de Favelas  e tem como objetivo garantir os direitos dos moradores da comunidade \u00e0 seguran\u00e7a e prevenir contra abusos e a\u00e7\u00f5es desrespeitosas por parte das for\u00e7as policiais","created_timestamp":"1352192879","copyright":"Direito reservado. Proibido uso desta imagem sem o consentimento do autor: Elis\u00e2ngela Leite (Lei 9610 de 98). Contactar: mariaellis.pb@gmail.com","focal_length":"17","iso":"100","shutter_speed":"0.005","title":"","orientation":"1","keywords":[]}},"post":7766,"source_url":"https:\/\/rioonwatch.org\/wp-content\/uploads\/2013\/03\/Eliane-Redes-da-Mar\u00e9.jpg","_links":{"self":[{"href":"https:\/\/rioonwatch.org\/index.php?rest_route=\/wp\/v2\/media\/7789","targetHints":{"allow":["GET"]}}],"collection":[{"href":"https:\/\/rioonwatch.org\/index.php?rest_route=\/wp\/v2\/media"}],"about":[{"href":"https:\/\/rioonwatch.org\/index.php?rest_route=\/wp\/v2\/types\/attachment"}],"author":[{"embeddable":true,"href":"https:\/\/rioonwatch.org\/index.php?rest_route=\/wp\/v2\/users\/17"}],"replies":[{"embeddable":true,"href":"https:\/\/rioonwatch.org\/index.php?rest_route=%2Fwp%2Fv2%2Fcomments&post=7789"}]}}

http://rioonwatch.org/wp-content/uploads/2013/03/Eliane-Redes-da-Maré.jpg

Eliane Sousa Silva, Director of Redes da Maré at a &#8220;We Are from Maré and We Have Rights&#8217; event

<p class="attachment"><a href='https://rioonwatch.org/wp-content/uploads/2013/03/Eliane-Redes-da-Maré.jpg'><img fetchpriority="high" decoding="async" width="300" height="200" src="https://rioonwatch.org/wp-content/uploads/2013/03/Eliane-Redes-da-Maré-300x200.jpg" class="attachment-medium size-medium" alt="Eliane Sousa Silva, Director of Redes da Maré at a &quot;We Are from Maré and We Have Rights&#039; event" srcset="https://rioonwatch.org/wp-content/uploads/2013/03/Eliane-Redes-da-Maré-300x200.jpg 300w, https://rioonwatch.org/wp-content/uploads/2013/03/Eliane-Redes-da-Maré.jpg 448w" sizes="(max-width: 300px) 100vw, 300px" /></a></p>

Eliane Sousa Silva, Director of Redes da Maré at a "We Are from Maré and We Have Rights' event

2013/03/Eliane-Redes-da-Maré.jpg

Eliane-Redes-da-Maré-448x264.jpg

https://rioonwatch.org/wp-content/uploads/2013/03/Eliane-Redes-da-Maré-448x264.jpg

Eliane-Redes-da-Maré-300x200.jpg

https://rioonwatch.org/wp-content/uploads/2013/03/Eliane-Redes-da-Maré-300x200.jpg

Eliane-Redes-da-Maré-174x131.jpg

https://rioonwatch.org/wp-content/uploads/2013/03/Eliane-Redes-da-Maré-174x131.jpg

Eliane-Redes-da-Maré-174x98.jpg

https://rioonwatch.org/wp-content/uploads/2013/03/Eliane-Redes-da-Maré-174x98.jpg

Eliane-Redes-da-Maré-300x225.jpg

https://rioonwatch.org/wp-content/uploads/2013/03/Eliane-Redes-da-Maré-300x225.jpg

Eliane-Redes-da-Maré-70x53.jpg

https://rioonwatch.org/wp-content/uploads/2013/03/Eliane-Redes-da-Maré-70x53.jpg

Eliane-Redes-da-Maré-326x245.jpg

https://rioonwatch.org/wp-content/uploads/2013/03/Eliane-Redes-da-Maré-326x245.jpg

Eliane-Redes-da-Maré.jpg

https://rioonwatch.org/wp-content/uploads/2013/03/Eliane-Redes-da-Maré.jpg

Primeira ação da Campanha “Somos da Maré e temos direitos” .A campanha é uma iniciativa inédita da Redes da Maré, da Anistia Internacional e do Observatório de Favelas  e tem como objetivo garantir os direitos dos moradores da comunidade à segurança e prevenir contra abusos e ações desrespeitosas por parte das forças policiais

Direito reservado. Proibido uso desta imagem sem o consentimento do autor: Elisângela Leite (Lei 9610 de 98). Contactar: mariaellis.pb@gmail.com
